2026/08/03 08:31:01 [error] 1853352#1853352: *42329 open() "/usr/share/nginx/html/file9.php" failed (2: No such file or directory), client: 104.23.217.140, server: vt.onega.id, request: "GET /file9.php HTTP/1.1", host: "vt.floo.id"
2026/08/03 08:31:02 [error] 1853352#1853352: *42329 open() "/usr/share/nginx/html/css.php" failed (2: No such file or directory), client: 104.23.217.140, server: vt.onega.id, request: "GET /css.php HTTP/1.1", host: "vt.floo.id"
2026/08/03 08:31:02 [error] 1853352#1853352: *42329 open() "/usr/share/nginx/html/js.php" failed (2: No such file or directory), client: 104.23.217.140, server: vt.onega.id, request: "GET /js.php HTTP/1.1", host: "vt.floo.id"
2026/08/03 08:31:02 [error] 1853352#1853352: *42329 open() "/usr/share/nginx/html/lock360.php" failed (2: No such file or directory), client: 104.23.217.140, server: vt.onega.id, request: "GET /lock360.php HTTP/1.1", host: "vt.floo.id"
2026/08/03 08:31:03 [error] 1853352#1853352: *42329 open() "/usr/share/nginx/html/v.php" failed (2: No such file or directory), client: 104.23.217.140, server: vt.onega.id, request: "GET /v.php HTTP/1.1", host: "vt.floo.id"
2026/08/03 08:31:03 [error] 1853352#1853352: *42329 open() "/usr/share/nginx/html/pucci.php" failed (2: No such file or directory), client: 104.23.217.140, server: vt.onega.id, request: "GET /pucci.php HTTP/1.1", host: "vt.floo.id"
2026/08/03 08:31:04 [error] 1853352#1853352: *42329 open() "/usr/share/nginx/html/file4.php" failed (2: No such file or directory), client: 104.23.217.140, server: vt.onega.id, request: "GET /file4.php HTTP/1.1", host: "vt.floo.id"
2026/08/03 08:31:04 [error] 1853352#1853352: *42329 open() "/usr/share/nginx/html/222.php" failed (2: No such file or directory), client: 104.23.217.140, server: vt.onega.id, request: "GET /222.php HTTP/1.1", host: "vt.floo.id"
2026/08/03 08:31:05 [error] 1853352#1853352: *42329 open() "/usr/share/nginx/html/shellalfa.php" failed (2: No such file or directory), client: 104.23.217.140, server: vt.onega.id, request: "GET /shellalfa.php HTTP/1.1", host: "vt.floo.id"
2026/08/03 08:31:05 [error] 1853352#1853352: *42329 open() "/usr/share/nginx/html/aaa.php" failed (2: No such file or directory), client: 104.23.217.140, server: vt.onega.id, request: "GET /aaa.php HTTP/1.1", host: "vt.floo.id"
2026/08/03 08:31:05 [error] 1853352#1853352: *42329 open() "/usr/share/nginx/html/abcd.php" failed (2: No such file or directory), client: 104.23.217.140, server: vt.onega.id, request: "GET /abcd.php HTTP/1.1", host: "vt.floo.id"
2026/08/03 08:31:06 [error] 1853352#1853352: *42329 open() "/usr/share/nginx/html/about.php" failed (2: No such file or directory), client: 104.23.217.140, server: vt.onega.id, request: "GET /about.php HTTP/1.1", host: "vt.floo.id"
2026/08/03 08:31:06 [error] 1853352#1853352: *42329 open() "/usr/share/nginx/html/wsd.php" failed (2: No such file or directory), client: 104.23.217.140, server: vt.onega.id, request: "GET /wsd.php HTTP/1.1", host: "vt.floo.id"
2026/08/03 08:31:07 [error] 1853352#1853352: *42329 open() "/usr/share/nginx/html/ab.php" failed (2: No such file or directory), client: 104.23.217.140, server: vt.onega.id, request: "GET /ab.php HTTP/1.1", host: "vt.floo.id"
2026/08/03 08:31:07 [error] 1853352#1853352: *42329 open() "/usr/share/nginx/html/gt.php" failed (2: No such file or directory), client: 104.23.217.140, server: vt.onega.id, request: "GET /gt.php HTTP/1.1", host: "vt.floo.id"
2026/08/03 08:31:08 [error] 1853352#1853352: *42329 open() "/usr/share/nginx/html/taff.php" failed (2: No such file or directory), client: 104.23.217.140, server: vt.onega.id, request: "GET /taff.php HTTP/1.1", host: "vt.floo.id"
2026/08/03 08:31:08 [error] 1853352#1853352: *42329 open() "/usr/share/nginx/html/ee.php" failed (2: No such file or directory), client: 104.23.217.140, server: vt.onega.id, request: "GET /ee.php HTTP/1.1", host: "vt.floo.id"
2026/08/03 08:31:08 [error] 1853352#1853352: *42329 open() "/usr/share/nginx/html/max.php" failed (2: No such file or directory), client: 104.23.217.140, server: vt.onega.id, request: "GET /max.php HTTP/1.1", host: "vt.floo.id"
2026/08/03 08:31:09 [error] 1853352#1853352: *42329 open() "/usr/share/nginx/html/aa.php" failed (2: No such file or directory), client: 104.23.217.140, server: vt.onega.id, request: "GET /aa.php HTTP/1.1", host: "vt.floo.id"
2026/08/03 08:31:09 [error] 1853352#1853352: *42329 open() "/usr/share/nginx/html/system_log.php" failed (2: No such file or directory), client: 104.23.217.140, server: vt.onega.id, request: "GET /system_log.php HTTP/1.1", host: "vt.floo.id"
2026/08/03 08:31:10 [error] 1853352#1853352: *42329 open() "/usr/share/nginx/html/201.php" failed (2: No such file or directory), client: 104.23.217.140, server: vt.onega.id, request: "GET /201.php HTTP/1.1", host: "vt.floo.id"
2026/08/03 08:31:10 [error] 1853352#1853352: *42329 open() "/usr/share/nginx/html/100.php" failed (2: No such file or directory), client: 104.23.217.140, server: vt.onega.id, request: "GET /100.php HTTP/1.1", host: "vt.floo.id"
2026/08/03 08:31:11 [error] 1853352#1853352: *42329 open() "/usr/share/nginx/html/wp-blink.php" failed (2: No such file or directory), client: 104.23.217.140, server: vt.onega.id, request: "GET /wp-blink.php HTTP/1.1", host: "vt.floo.id"
2026/08/03 08:31:11 [error] 1853352#1853352: *42329 open() "/usr/share/nginx/html/images.php" failed (2: No such file or directory), client: 104.23.217.140, server: vt.onega.id, request: "GET /images.php HTTP/1.1", host: "vt.floo.id"
2026/08/03 08:31:12 [error] 1853352#1853352: *42329 open() "/usr/share/nginx/html/rrr.php" failed (2: No such file or directory), client: 104.23.217.140, server: vt.onega.id, request: "GET /rrr.php HTTP/1.1", host: "vt.floo.id"
2026/08/03 08:31:12 [error] 1853352#1853352: *42329 open() "/usr/share/nginx/html/mail.php" failed (2: No such file or directory), client: 104.23.217.140, server: vt.onega.id, request: "GET /mail.php HTTP/1.1", host: "vt.floo.id"
2026/08/03 08:31:13 [error] 1853352#1853352: *42329 open() "/usr/share/nginx/html/chosen.php" failed (2: No such file or directory), client: 104.23.217.140, server: vt.onega.id, request: "GET /chosen.php HTTP/1.1", host: "vt.floo.id"
2026/08/03 08:31:13 [error] 1853352#1853352: *42329 open() "/usr/share/nginx/html/doti.php" failed (2: No such file or directory), client: 104.23.217.140, server: vt.onega.id, request: "GET /doti.php HTTP/1.1", host: "vt.floo.id"
2026/08/03 08:31:14 [error] 1853352#1853352: *42329 open() "/usr/share/nginx/html/x0.php" failed (2: No such file or directory), client: 104.23.217.140, server: vt.onega.id, request: "GET /x0.php HTTP/1.1", host: "vt.floo.id"
2026/08/03 08:31:14 [error] 1853352#1853352: *42329 open() "/usr/share/nginx/html/bless.php" failed (2: No such file or directory), client: 104.23.217.140, server: vt.onega.id, request: "GET /bless.php HTTP/1.1", host: "vt.floo.id"
2026/08/03 08:31:14 [error] 1853352#1853352: *42329 open() "/usr/share/nginx/html/cgi-bin/index.php" failed (2: No such file or directory), client: 104.23.217.140, server: vt.onega.id, request: "GET /cgi-bin/index.php HTTP/1.1", host: "vt.floo.id"
2026/08/03 08:31:15 [error] 1853352#1853352: *42329 open() "/usr/share/nginx/html/size.php" failed (2: No such file or directory), client: 104.23.217.140, server: vt.onega.id, request: "GET /size.php HTTP/1.1", host: "vt.floo.id"
2026/08/03 08:31:15 [error] 1853352#1853352: *42329 open() "/usr/share/nginx/html/lala.php" failed (2: No such file or directory), client: 104.23.217.140, server: vt.onega.id, request: "GET /lala.php HTTP/1.1", host: "vt.floo.id"
2026/08/03 08:31:16 [error] 1853352#1853352: *42329 open() "/usr/share/nginx/html/file1.php" failed (2: No such file or directory), client: 104.23.217.140, server: vt.onega.id, request: "GET /file1.php HTTP/1.1", host: "vt.floo.id"
2026/08/03 08:43:30 [error] 1853352#1853352: *42463 upstream sent too big header while reading response header from upstream, client: 103.129.69.178, server: pdps.onega.id, request: "POST /login HTTP/1.1", upstream: "fastcgi://unix:/var/run/php/php7.4-fpm.sock:", host: "pdps.onega.id", referrer: "https://pdps.onega.id/login"
2026/08/03 08:43:35 [error] 1853352#1853352: *42463 upstream sent too big header while reading response header from upstream, client: 103.129.69.178, server: pdps.onega.id, request: "POST /login HTTP/1.1", upstream: "fastcgi://unix:/var/run/php/php7.4-fpm.sock:", host: "pdps.onega.id", referrer: "https://pdps.onega.id/login"
2026/08/03 08:43:39 [error] 1853352#1853352: *42463 upstream sent too big header while reading response header from upstream, client: 103.129.69.178, server: pdps.onega.id, request: "POST /login HTTP/1.1", upstream: "fastcgi://unix:/var/run/php/php7.4-fpm.sock:", host: "pdps.onega.id", referrer: "https://pdps.onega.id/login"
2026/08/03 08:43:52 [error] 1853352#1853352: *42463 upstream sent too big header while reading response header from upstream, client: 103.129.69.178, server: pdps.onega.id, request: "POST /login HTTP/1.1", upstream: "fastcgi://unix:/var/run/php/php7.4-fpm.sock:", host: "pdps.onega.id", referrer: "https://pdps.onega.id/login"
2026/08/03 08:44:00 [error] 1853352#1853352: *42463 upstream sent too big header while reading response header from upstream, client: 103.129.69.178, server: pdps.onega.id, request: "POST /login HTTP/1.1", upstream: "fastcgi://unix:/var/run/php/php7.4-fpm.sock:", host: "pdps.onega.id", referrer: "https://pdps.onega.id/login"
2026/08/03 08:44:03 [error] 1853352#1853352: *42482 upstream sent too big header while reading response header from upstream, client: 103.129.69.178, server: pdps.onega.id, request: "POST /login HTTP/1.1", upstream: "fastcgi://unix:/var/run/php/php7.4-fpm.sock:", host: "pdps.onega.id", referrer: "https://pdps.onega.id/login"
2026/08/03 08:44:08 [error] 1853352#1853352: *42482 upstream sent too big header while reading response header from upstream, client: 103.129.69.178, server: pdps.onega.id, request: "POST /login HTTP/1.1", upstream: "fastcgi://unix:/var/run/php/php7.4-fpm.sock:", host: "pdps.onega.id", referrer: "https://pdps.onega.id/login"
2026/08/03 08:44:33 [error] 1853352#1853352: *42463 upstream sent too big header while reading response header from upstream, client: 103.129.69.178, server: pdps.onega.id, request: "POST /login HTTP/1.1", upstream: "fastcgi://unix:/var/run/php/php7.4-fpm.sock:", host: "pdps.onega.id", referrer: "https://pdps.onega.id/login"
2026/08/03 08:46:01 [error] 1853352#1853352: *42597 FastCGI sent in stderr: "Primary script unknown" while reading response header from upstream, client: 172.69.17.172, server: app.floo.id, request: "GET /wp-content/plugins/admin.php HTTP/1.1", upstream: "fastcgi://unix:/var/run/php/php7.4-fpm.sock:", host: "app.floo.id"
2026/08/03 08:46:02 [error] 1853352#1853352: *42600 FastCGI sent in stderr: "Primary script unknown" while reading response header from upstream, client: 172.69.17.5, server: app.floo.id, request: "GET /adminfuns.php HTTP/1.1", upstream: "fastcgi://unix:/var/run/php/php7.4-fpm.sock:", host: "app.floo.id"
2026/08/03 08:46:02 [error] 1853352#1853352: *42600 FastCGI sent in stderr: "Primary script unknown" while reading response header from upstream, client: 172.69.17.5, server: app.floo.id, request: "GET /admin.php HTTP/1.1", upstream: "fastcgi://unix:/var/run/php/php7.4-fpm.sock:", host: "app.floo.id"
2026/08/03 08:46:02 [error] 1853352#1853352: *42600 FastCGI sent in stderr: "Primary script unknown" while reading response header from upstream, client: 172.69.17.5, server: app.floo.id, request: "GET /php8.php HTTP/1.1", upstream: "fastcgi://unix:/var/run/php/php7.4-fpm.sock:", host: "app.floo.id"
2026/08/03 08:46:03 [error] 1853352#1853352: *42600 FastCGI sent in stderr: "Primary script unknown" while reading response header from upstream, client: 172.69.17.5, server: app.floo.id, request: "GET /wp-includes/interactivity-api/index.php HTTP/1.1", upstream: "fastcgi://unix:/var/run/php/php7.4-fpm.sock:", host: "app.floo.id"
2026/08/03 08:46:04 [error] 1853352#1853352: *42600 FastCGI sent in stderr: "Primary script unknown" while reading response header from upstream, client: 172.69.17.5, server: app.floo.id, request: "GET /wp-mail.php HTTP/1.1", upstream: "fastcgi://unix:/var/run/php/php7.4-fpm.sock:", host: "app.floo.id"
2026/08/03 08:46:04 [error] 1853352#1853352: *42600 FastCGI sent in stderr: "Primary script unknown" while reading response header from upstream, client: 172.69.17.5, server: app.floo.id, request: "GET /a7.php HTTP/1.1", upstream: "fastcgi://unix:/var/run/php/php7.4-fpm.sock:", host: "app.floo.id"
2026/08/03 08:46:05 [error] 1853352#1853352: *42600 FastCGI sent in stderr: "Primary script unknown" while reading response header from upstream, client: 172.69.17.5, server: app.floo.id, request: "GET /php.php HTTP/1.1", upstream: "fastcgi://unix:/var/run/php/php7.4-fpm.sock:", host: "app.floo.id"
2026/08/03 08:46:05 [error] 1853352#1853352: *42597 FastCGI sent in stderr: "Primary script unknown" while reading response header from upstream, client: 172.69.17.172, server: app.floo.id, request: "GET /8.php HTTP/1.1", upstream: "fastcgi://unix:/var/run/php/php7.4-fpm.sock:", host: "app.floo.id"
2026/08/03 08:46:06 [error] 1853352#1853352: *42597 FastCGI sent in stderr: "Primary script unknown" while reading response header from upstream, client: 172.69.17.172, server: app.floo.id, request: "GET /num.php HTTP/1.1", upstream: "fastcgi://unix:/var/run/php/php7.4-fpm.sock:", host: "app.floo.id"
2026/08/03 08:46:07 [error] 1853352#1853352: *42597 FastCGI sent in stderr: "Primary script unknown" while reading response header from upstream, client: 172.69.17.172, server: app.floo.id, request: "GET /mini.php HTTP/1.1", upstream: "fastcgi://unix:/var/run/php/php7.4-fpm.sock:", host: "app.floo.id"
2026/08/03 08:46:07 [error] 1853352#1853352: *42597 FastCGI sent in stderr: "Primary script unknown" while reading response header from upstream, client: 172.69.17.172, server: app.floo.id, request: "GET /goods.php HTTP/1.1", upstream: "fastcgi://unix:/var/run/php/php7.4-fpm.sock:", host: "app.floo.id"
2026/08/03 08:46:07 [error] 1853352#1853352: *42597 FastCGI sent in stderr: "Primary script unknown" while reading response header from upstream, client: 172.69.17.172, server: app.floo.id, request: "GET /222.php HTTP/1.1", upstream: "fastcgi://unix:/var/run/php/php7.4-fpm.sock:", host: "app.floo.id"
2026/08/03 08:46:08 [error] 1853352#1853352: *42597 FastCGI sent in stderr: "Primary script unknown" while reading response header from upstream, client: 172.69.17.172, server: app.floo.id, request: "GET /.dj/index.php HTTP/1.1", upstream: "fastcgi://unix:/var/run/php/php7.4-fpm.sock:", host: "app.floo.id"
2026/08/03 08:46:08 [error] 1853352#1853352: *42597 FastCGI sent in stderr: "Primary script unknown" while reading response header from upstream, client: 172.69.17.172, server: app.floo.id, request: "GET /bthil.php HTTP/1.1", upstream: "fastcgi://unix:/var/run/php/php7.4-fpm.sock:", host: "app.floo.id"
2026/08/03 08:46:09 [error] 1853352#1853352: *42597 FastCGI sent in stderr: "Primary script unknown" while reading response header from upstream, client: 172.69.17.172, server: app.floo.id, request: "GET /a1.php HTTP/1.1", upstream: "fastcgi://unix:/var/run/php/php7.4-fpm.sock:", host: "app.floo.id"
2026/08/03 08:46:10 [error] 1853352#1853352: *42597 FastCGI sent in stderr: "Primary script unknown" while reading response header from upstream, client: 172.69.17.172, server: app.floo.id, request: "GET /wp-signin.php HTTP/1.1", upstream: "fastcgi://unix:/var/run/php/php7.4-fpm.sock:", host: "app.floo.id"
2026/08/03 08:46:10 [error] 1853352#1853352: *42597 FastCGI sent in stderr: "Primary script unknown" while reading response header from upstream, client: 172.69.17.172, server: app.floo.id, request: "GET /archive.php HTTP/1.1", upstream: "fastcgi://unix:/var/run/php/php7.4-fpm.sock:", host: "app.floo.id"
2026/08/03 08:46:10 [error] 1853352#1853352: *42597 FastCGI sent in stderr: "Primary script unknown" while reading response header from upstream, client: 172.69.17.172, server: app.floo.id, request: "GET /lu4.php HTTP/1.1", upstream: "fastcgi://unix:/var/run/php/php7.4-fpm.sock:", host: "app.floo.id"
2026/08/03 08:46:12 [error] 1853352#1853352: *42597 FastCGI sent in stderr: "Primary script unknown" while reading response header from upstream, client: 172.69.17.172, server: app.floo.id, request: "GET /wp-content/packed.php HTTP/1.1", upstream: "fastcgi://unix:/var/run/php/php7.4-fpm.sock:", host: "app.floo.id"
2026/08/03 08:46:12 [error] 1853352#1853352: *42597 FastCGI sent in stderr: "Primary script unknown" while reading response header from upstream, client: 172.69.17.172, server: app.floo.id, request: "GET /edit.php HTTP/1.1", upstream: "fastcgi://unix:/var/run/php/php7.4-fpm.sock:", host: "app.floo.id"
2026/08/03 08:46:12 [error] 1853352#1853352: *42597 FastCGI sent in stderr: "Primary script unknown" while reading response header from upstream, client: 172.69.17.172, server: app.floo.id, request: "GET /default.php HTTP/1.1", upstream: "fastcgi://unix:/var/run/php/php7.4-fpm.sock:", host: "app.floo.id"
2026/08/03 08:46:12 [error] 1853352#1853352: *42597 FastCGI sent in stderr: "Primary script unknown" while reading response header from upstream, client: 172.69.17.172, server: app.floo.id, request: "GET /bless.php HTTP/1.1", upstream: "fastcgi://unix:/var/run/php/php7.4-fpm.sock:", host: "app.floo.id"
2026/08/03 08:46:13 [error] 1853352#1853352: *42597 FastCGI sent in stderr: "Primary script unknown" while reading response header from upstream, client: 172.69.17.172, server: app.floo.id, request: "GET /wp-includes/assets/index.php HTTP/1.1", upstream: "fastcgi://unix:/var/run/php/php7.4-fpm.sock:", host: "app.floo.id"
2026/08/03 08:46:13 [error] 1853352#1853352: *42597 FastCGI sent in stderr: "Primary script unknown" while reading response header from upstream, client: 172.69.17.172, server: app.floo.id, request: "GET /wp-config-sample.php HTTP/1.1", upstream: "fastcgi://unix:/var/run/php/php7.4-fpm.sock:", host: "app.floo.id"
2026/08/03 08:46:13 [error] 1853352#1853352: *42597 FastCGI sent in stderr: "Primary script unknown" while reading response header from upstream, client: 172.69.17.172, server: app.floo.id, request: "GET /gecko-new.php HTTP/1.1", upstream: "fastcgi://unix:/var/run/php/php7.4-fpm.sock:", host: "app.floo.id"
2026/08/03 08:46:13 [error] 1853352#1853352: *42597 FastCGI sent in stderr: "Primary script unknown" while reading response header from upstream, client: 172.69.17.172, server: app.floo.id, request: "GET /num.php HTTP/1.1", upstream: "fastcgi://unix:/var/run/php/php7.4-fpm.sock:", host: "app.floo.id"
2026/08/03 08:46:15 [error] 1853352#1853352: *42597 FastCGI sent in stderr: "Primary script unknown" while reading response header from upstream, client: 172.69.17.172, server: app.floo.id, request: "GET /wp-content/plugins/admin.php HTTP/1.1", upstream: "fastcgi://unix:/var/run/php/php7.4-fpm.sock:", host: "app.floo.id"
2026/08/03 08:46:16 [error] 1853352#1853352: *42597 FastCGI sent in stderr: "Primary script unknown" while reading response header from upstream, client: 172.69.17.172, server: app.floo.id, request: "GET /cache.php HTTP/1.1", upstream: "fastcgi://unix:/var/run/php/php7.4-fpm.sock:", host: "app.floo.id"
2026/08/03 08:46:18 [error] 1853352#1853352: *42597 FastCGI sent in stderr: "Primary script unknown" while reading response header from upstream, client: 172.69.17.172, server: app.floo.id, request: "GET /ws81.php HTTP/1.1", upstream: "fastcgi://unix:/var/run/php/php7.4-fpm.sock:", host: "app.floo.id"
2026/08/03 08:46:18 [error] 1853352#1853352: *42597 FastCGI sent in stderr: "Primary script unknown" while reading response header from upstream, client: 172.69.17.172, server: app.floo.id, request: "GET /xx.php HTTP/1.1", upstream: "fastcgi://unix:/var/run/php/php7.4-fpm.sock:", host: "app.floo.id"
2026/08/03 08:46:18 [error] 1853352#1853352: *42597 FastCGI sent in stderr: "Primary script unknown" while reading response header from upstream, client: 172.69.17.172, server: app.floo.id, request: "GET /function/function.php HTTP/1.1", upstream: "fastcgi://unix:/var/run/php/php7.4-fpm.sock:", host: "app.floo.id"
2026/08/03 08:46:18 [error] 1853352#1853352: *42597 FastCGI sent in stderr: "Primary script unknown" while reading response header from upstream, client: 172.69.17.172, server: app.floo.id, request: "GET /aa.php HTTP/1.1", upstream: "fastcgi://unix:/var/run/php/php7.4-fpm.sock:", host: "app.floo.id"
2026/08/03 08:46:19 [error] 1853352#1853352: *42597 FastCGI sent in stderr: "Primary script unknown" while reading response header from upstream, client: 172.69.17.172, server: app.floo.id, request: "GET /abcd.php HTTP/1.1", upstream: "fastcgi://unix:/var/run/php/php7.4-fpm.sock:", host: "app.floo.id"
2026/08/03 08:46:19 [error] 1853352#1853352: *42597 FastCGI sent in stderr: "Primary script unknown" while reading response header from upstream, client: 172.69.17.172, server: app.floo.id, request: "GET /edit-tags.php HTTP/1.1", upstream: "fastcgi://unix:/var/run/php/php7.4-fpm.sock:", host: "app.floo.id"
2026/08/03 08:46:19 [error] 1853352#1853352: *42597 FastCGI sent in stderr: "Primary script unknown" while reading response header from upstream, client: 172.69.17.172, server: app.floo.id, request: "GET /wp-includes/fonts/index.php HTTP/1.1", upstream: "fastcgi://unix:/var/run/php/php7.4-fpm.sock:", host: "app.floo.id"
2026/08/03 08:46:19 [error] 1853352#1853352: *42597 FastCGI sent in stderr: "Primary script unknown" while reading response header from upstream, client: 172.69.17.172, server: app.floo.id, request: "GET /w.php HTTP/1.1", upstream: "fastcgi://unix:/var/run/php/php7.4-fpm.sock:", host: "app.floo.id"
2026/08/03 08:46:20 [error] 1853352#1853352: *42597 FastCGI sent in stderr: "Primary script unknown" while reading response header from upstream, client: 172.69.17.172, server: app.floo.id, request: "GET /vc.php HTTP/1.1", upstream: "fastcgi://unix:/var/run/php/php7.4-fpm.sock:", host: "app.floo.id"
2026/08/03 08:46:20 [error] 1853352#1853352: *42597 FastCGI sent in stderr: "Primary script unknown" while reading response header from upstream, client: 172.69.17.172, server: app.floo.id, request: "GET /php8.php HTTP/1.1", upstream: "fastcgi://unix:/var/run/php/php7.4-fpm.sock:", host: "app.floo.id"
2026/08/03 08:46:20 [error] 1853352#1853352: *42597 FastCGI sent in stderr: "Primary script unknown" while reading response header from upstream, client: 172.69.17.172, server: app.floo.id, request: "GET /zoom1.php HTTP/1.1", upstream: "fastcgi://unix:/var/run/php/php7.4-fpm.sock:", host: "app.floo.id"
2026/08/03 08:46:21 [error] 1853352#1853352: *42597 FastCGI sent in stderr: "Primary script unknown" while reading response header from upstream, client: 172.69.17.172, server: app.floo.id, request: "GET /admin/function.php HTTP/1.1", upstream: "fastcgi://unix:/var/run/php/php7.4-fpm.sock:", host: "app.floo.id"
2026/08/03 09:08:07 [error] 1853352#1853352: *42917 FastCGI sent in stderr: "Primary script unknown" while reading response header from upstream, client: 20.215.189.213, server: demo.onega.id, request: "GET /wp-content/plugins/hellopress/wp_filemanager.php HTTP/1.1", upstream: "fastcgi://unix:/var/run/php/php7.4-fpm.sock:", host: "demo.onega.id"
2026/08/03 09:08:07 [error] 1853352#1853352: *42917 FastCGI sent in stderr: "Primary script unknown" while reading response header from upstream, client: 20.215.189.213, server: demo.onega.id, request: "GET /this_is_a_new_hello_world.php HTTP/1.1", upstream: "fastcgi://unix:/var/run/php/php7.4-fpm.sock:", host: "demo.onega.id"
2026/08/03 09:08:08 [error] 1853352#1853352: *42917 FastCGI sent in stderr: "Primary script unknown" while reading response header from upstream, client: 20.215.189.213, server: demo.onega.id, request: "GET /wp-content/uploads/panel.php HTTP/1.1", upstream: "fastcgi://unix:/var/run/php/php7.4-fpm.sock:", host: "demo.onega.id"
2026/08/03 09:08:09 [error] 1853352#1853352: *42917 FastCGI sent in stderr: "Primary script unknown" while reading response header from upstream, client: 20.215.189.213, server: demo.onega.id, request: "GET /unity.php HTTP/1.1", upstream: "fastcgi://unix:/var/run/php/php7.4-fpm.sock:", host: "demo.onega.id"
2026/08/03 09:08:09 [error] 1853352#1853352: *42917 FastCGI sent in stderr: "Primary script unknown" while reading response header from upstream, client: 20.215.189.213, server: demo.onega.id, request: "GET /wp-content/min.php HTTP/1.1", upstream: "fastcgi://unix:/var/run/php/php7.4-fpm.sock:", host: "demo.onega.id"
2026/08/03 09:08:09 [error] 1853352#1853352: *42917 FastCGI sent in stderr: "Primary script unknown" while reading response header from upstream, client: 20.215.189.213, server: demo.onega.id, request: "GET /obfuscate.php HTTP/1.1", upstream: "fastcgi://unix:/var/run/php/php7.4-fpm.sock:", host: "demo.onega.id"
2026/08/03 09:08:10 [error] 1853352#1853352: *42917 FastCGI sent in stderr: "Primary script unknown" while reading response header from upstream, client: 20.215.189.213, server: demo.onega.id, request: "GET /ls.php HTTP/1.1", upstream: "fastcgi://unix:/var/run/php/php7.4-fpm.sock:", host: "demo.onega.id"
2026/08/03 09:08:10 [error] 1853352#1853352: *42917 FastCGI sent in stderr: "Primary script unknown" while reading response header from upstream, client: 20.215.189.213, server: demo.onega.id, request: "GET /file11.php HTTP/1.1", upstream: "fastcgi://unix:/var/run/php/php7.4-fpm.sock:", host: "demo.onega.id"
2026/08/03 09:08:11 [error] 1853352#1853352: *42917 FastCGI sent in stderr: "Primary script unknown" while reading response header from upstream, client: 20.215.189.213, server: demo.onega.id, request: "GET /wander.php HTTP/1.1", upstream: "fastcgi://unix:/var/run/php/php7.4-fpm.sock:", host: "demo.onega.id"
2026/08/03 09:08:11 [error] 1853352#1853352: *42917 FastCGI sent in stderr: "Primary script unknown" while reading response header from upstream, client: 20.215.189.213, server: demo.onega.id, request: "GET /dex.php HTTP/1.1", upstream: "fastcgi://unix:/var/run/php/php7.4-fpm.sock:", host: "demo.onega.id"
2026/08/03 09:08:12 [error] 1853352#1853352: *42945 FastCGI sent in stderr: "Primary script unknown" while reading response header from upstream, client: 20.79.29.209, server: pdps.onega.id, request: "GET /wp-content/plugins/hellopress/wp_filemanager.php HTTP/1.1", upstream: "fastcgi://unix:/var/run/php/php7.4-fpm.sock:", host: "pdps.onega.id"
2026/08/03 09:08:12 [error] 1853352#1853352: *42945 FastCGI sent in stderr: "Primary script unknown" while reading response header from upstream, client: 20.79.29.209, server: pdps.onega.id, request: "GET /this_is_a_new_hello_world.php HTTP/1.1", upstream: "fastcgi://unix:/var/run/php/php7.4-fpm.sock:", host: "pdps.onega.id"
2026/08/03 09:08:12 [error] 1853352#1853352: *42945 FastCGI sent in stderr: "Primary script unknown" while reading response header from upstream, client: 20.79.29.209, server: pdps.onega.id, request: "GET /wp-content/uploads/panel.php HTTP/1.1", upstream: "fastcgi://unix:/var/run/php/php7.4-fpm.sock:", host: "pdps.onega.id"
2026/08/03 09:08:13 [error] 1853352#1853352: *42917 FastCGI sent in stderr: "Primary script unknown" while reading response header from upstream, client: 20.215.189.213, server: demo.onega.id, request: "GET /diidi.php HTTP/1.1", upstream: "fastcgi://unix:/var/run/php/php7.4-fpm.sock:", host: "demo.onega.id"
2026/08/03 09:08:13 [error] 1853352#1853352: *42945 FastCGI sent in stderr: "Primary script unknown" while reading response header from upstream, client: 20.79.29.209, server: pdps.onega.id, request: "GET /unity.php HTTP/1.1", upstream: "fastcgi://unix:/var/run/php/php7.4-fpm.sock:", host: "pdps.onega.id"
2026/08/03 09:08:13 [error] 1853352#1853352: *42917 FastCGI sent in stderr: "Primary script unknown" while reading response header from upstream, client: 20.215.189.213, server: demo.onega.id, request: "GET /wp-admin/zoko.php HTTP/1.1", upstream: "fastcgi://unix:/var/run/php/php7.4-fpm.sock:", host: "demo.onega.id"
2026/08/03 09:08:13 [error] 1853352#1853352: *42945 FastCGI sent in stderr: "Primary script unknown" while reading response header from upstream, client: 20.79.29.209, server: pdps.onega.id, request: "GET /wp-content/min.php HTTP/1.1", upstream: "fastcgi://unix:/var/run/php/php7.4-fpm.sock:", host: "pdps.onega.id"
2026/08/03 09:08:14 [error] 1853352#1853352: *42917 FastCGI sent in stderr: "Primary script unknown" while reading response header from upstream, client: 20.215.189.213, server: demo.onega.id, request: "GET /jj.php HTTP/1.1", upstream: "fastcgi://unix:/var/run/php/php7.4-fpm.sock:", host: "demo.onega.id"
2026/08/03 09:08:14 [error] 1853352#1853352: *42945 FastCGI sent in stderr: "Primary script unknown" while reading response header from upstream, client: 20.79.29.209, server: pdps.onega.id, request: "GET /obfuscate.php HTTP/1.1", upstream: "fastcgi://unix:/var/run/php/php7.4-fpm.sock:", host: "pdps.onega.id"
2026/08/03 09:08:14 [error] 1853352#1853352: *42945 FastCGI sent in stderr: "Primary script unknown" while reading response header from upstream, client: 20.79.29.209, server: pdps.onega.id, request: "GET /ls.php HTTP/1.1", upstream: "fastcgi://unix:/var/run/php/php7.4-fpm.sock:", host: "pdps.onega.id"
2026/08/03 09:08:14 [error] 1853352#1853352: *42917 FastCGI sent in stderr: "Primary script unknown" while reading response header from upstream, client: 20.215.189.213, server: demo.onega.id, request: "GET /pbmqm.php HTTP/1.1", upstream: "fastcgi://unix:/var/run/php/php7.4-fpm.sock:", host: "demo.onega.id"
2026/08/03 09:08:14 [error] 1853352#1853352: *42945 FastCGI sent in stderr: "Primary script unknown" while reading response header from upstream, client: 20.79.29.209, server: pdps.onega.id, request: "GET /file11.php HTTP/1.1", upstream: "fastcgi://unix:/var/run/php/php7.4-fpm.sock:", host: "pdps.onega.id"
2026/08/03 09:08:14 [error] 1853352#1853352: *42917 FastCGI sent in stderr: "Primary script unknown" while reading response header from upstream, client: 20.215.189.213, server: demo.onega.id, request: "GET /v5.php HTTP/1.1", upstream: "fastcgi://unix:/var/run/php/php7.4-fpm.sock:", host: "demo.onega.id"
2026/08/03 09:08:15 [error] 1853352#1853352: *42945 FastCGI sent in stderr: "Primary script unknown" while reading response header from upstream, client: 20.79.29.209, server: pdps.onega.id, request: "GET /wander.php HTTP/1.1", upstream: "fastcgi://unix:/var/run/php/php7.4-fpm.sock:", host: "pdps.onega.id"
2026/08/03 09:08:15 [error] 1853352#1853352: *42917 FastCGI sent in stderr: "Primary script unknown" while reading response header from upstream, client: 20.215.189.213, server: demo.onega.id, request: "GET /ruru.php HTTP/1.1", upstream: "fastcgi://unix:/var/run/php/php7.4-fpm.sock:", host: "demo.onega.id"
2026/08/03 09:08:15 [error] 1853352#1853352: *42945 FastCGI sent in stderr: "Primary script unknown" while reading response header from upstream, client: 20.79.29.209, server: pdps.onega.id, request: "GET /dex.php HTTP/1.1", upstream: "fastcgi://unix:/var/run/php/php7.4-fpm.sock:", host: "pdps.onega.id"
2026/08/03 09:08:15 [error] 1853352#1853352: *42917 FastCGI sent in stderr: "Primary script unknown" while reading response header from upstream, client: 20.215.189.213, server: demo.onega.id, request: "GET /ohct.php HTTP/1.1", upstream: "fastcgi://unix:/var/run/php/php7.4-fpm.sock:", host: "demo.onega.id"
2026/08/03 09:08:16 [error] 1853352#1853352: *42917 FastCGI sent in stderr: "Primary script unknown" while reading response header from upstream, client: 20.215.189.213, server: demo.onega.id, request: "GET /yanz.php HTTP/1.1", upstream: "fastcgi://unix:/var/run/php/php7.4-fpm.sock:", host: "demo.onega.id"
2026/08/03 09:08:16 [error] 1853352#1853352: *42945 FastCGI sent in stderr: "Primary script unknown" while reading response header from upstream, client: 20.79.29.209, server: pdps.onega.id, request: "GET /diidi.php HTTP/1.1", upstream: "fastcgi://unix:/var/run/php/php7.4-fpm.sock:", host: "pdps.onega.id"
2026/08/03 09:08:16 [error] 1853352#1853352: *42917 FastCGI sent in stderr: "Primary script unknown" while reading response header from upstream, client: 20.215.189.213, server: demo.onega.id, request: "GET /min.php HTTP/1.1", upstream: "fastcgi://unix:/var/run/php/php7.4-fpm.sock:", host: "demo.onega.id"
2026/08/03 09:08:16 [error] 1853352#1853352: *42945 FastCGI sent in stderr: "Primary script unknown" while reading response header from upstream, client: 20.79.29.209, server: pdps.onega.id, request: "GET /wp-admin/zoko.php HTTP/1.1", upstream: "fastcgi://unix:/var/run/php/php7.4-fpm.sock:", host: "pdps.onega.id"
2026/08/03 09:08:16 [error] 1853352#1853352: *42917 FastCGI sent in stderr: "Primary script unknown" while reading response header from upstream, client: 20.215.189.213, server: demo.onega.id, request: "GET /btx25.php HTTP/1.1", upstream: "fastcgi://unix:/var/run/php/php7.4-fpm.sock:", host: "demo.onega.id"
2026/08/03 09:08:17 [error] 1853352#1853352: *42945 FastCGI sent in stderr: "Primary script unknown" while reading response header from upstream, client: 20.79.29.209, server: pdps.onega.id, request: "GET /jj.php HTTP/1.1", upstream: "fastcgi://unix:/var/run/php/php7.4-fpm.sock:", host: "pdps.onega.id"
2026/08/03 09:08:17 [error] 1853352#1853352: *42917 FastCGI sent in stderr: "Primary script unknown" while reading response header from upstream, client: 20.215.189.213, server: demo.onega.id, request: "GET /buds1.php HTTP/1.1", upstream: "fastcgi://unix:/var/run/php/php7.4-fpm.sock:", host: "demo.onega.id"
2026/08/03 09:08:17 [error] 1853352#1853352: *42945 FastCGI sent in stderr: "Primary script unknown" while reading response header from upstream, client: 20.79.29.209, server: pdps.onega.id, request: "GET /pbmqm.php HTTP/1.1", upstream: "fastcgi://unix:/var/run/php/php7.4-fpm.sock:", host: "pdps.onega.id"
2026/08/03 09:08:17 [error] 1853352#1853352: *42917 FastCGI sent in stderr: "Primary script unknown" while reading response header from upstream, client: 20.215.189.213, server: demo.onega.id, request: "GET /filesss.php HTTP/1.1", upstream: "fastcgi://unix:/var/run/php/php7.4-fpm.sock:", host: "demo.onega.id"
2026/08/03 09:08:17 [error] 1853352#1853352: *42945 FastCGI sent in stderr: "Primary script unknown" while reading response header from upstream, client: 20.79.29.209, server: pdps.onega.id, request: "GET /v5.php HTTP/1.1", upstream: "fastcgi://unix:/var/run/php/php7.4-fpm.sock:", host: "pdps.onega.id"
2026/08/03 09:08:18 [error] 1853352#1853352: *42917 FastCGI sent in stderr: "Primary script unknown" while reading response header from upstream, client: 20.215.189.213, server: demo.onega.id, request: "GET /1n3e5n8u.php HTTP/1.1", upstream: "fastcgi://unix:/var/run/php/php7.4-fpm.sock:", host: "demo.onega.id"
2026/08/03 09:08:18 [error] 1853352#1853352: *42945 FastCGI sent in stderr: "Primary script unknown" while reading response header from upstream, client: 20.79.29.209, server: pdps.onega.id, request: "GET /ruru.php HTTP/1.1", upstream: "fastcgi://unix:/var/run/php/php7.4-fpm.sock:", host: "pdps.onega.id"
2026/08/03 09:08:18 [error] 1853352#1853352: *42917 FastCGI sent in stderr: "Primary script unknown" while reading response header from upstream, client: 20.215.189.213, server: demo.onega.id, request: "GET /kon.php HTTP/1.1", upstream: "fastcgi://unix:/var/run/php/php7.4-fpm.sock:", host: "demo.onega.id"
2026/08/03 09:08:18 [error] 1853352#1853352: *42945 FastCGI sent in stderr: "Primary script unknown" while reading response header from upstream, client: 20.79.29.209, server: pdps.onega.id, request: "GET /ohct.php HTTP/1.1", upstream: "fastcgi://unix:/var/run/php/php7.4-fpm.sock:", host: "pdps.onega.id"
2026/08/03 09:08:18 [error] 1853352#1853352: *42917 FastCGI sent in stderr: "Primary script unknown" while reading response header from upstream, client: 20.215.189.213, server: demo.onega.id, request: "GET /cc13.php HTTP/1.1", upstream: "fastcgi://unix:/var/run/php/php7.4-fpm.sock:", host: "demo.onega.id"
2026/08/03 09:08:18 [error] 1853352#1853352: *42945 FastCGI sent in stderr: "Primary script unknown" while reading response header from upstream, client: 20.79.29.209, server: pdps.onega.id, request: "GET /yanz.php HTTP/1.1", upstream: "fastcgi://unix:/var/run/php/php7.4-fpm.sock:", host: "pdps.onega.id"
2026/08/03 09:08:19 [error] 1853352#1853352: *42917 FastCGI sent in stderr: "Primary script unknown" while reading response header from upstream, client: 20.215.189.213, server: demo.onega.id, request: "GET /wp-wlx.php HTTP/1.1", upstream: "fastcgi://unix:/var/run/php/php7.4-fpm.sock:", host: "demo.onega.id"
2026/08/03 09:08:19 [error] 1853352#1853352: *42945 FastCGI sent in stderr: "Primary script unknown" while reading response header from upstream, client: 20.79.29.209, server: pdps.onega.id, request: "GET /min.php HTTP/1.1", upstream: "fastcgi://unix:/var/run/php/php7.4-fpm.sock:", host: "pdps.onega.id"
2026/08/03 09:08:19 [error] 1853352#1853352: *42945 FastCGI sent in stderr: "Primary script unknown" while reading response header from upstream, client: 20.79.29.209, server: pdps.onega.id, request: "GET /btx25.php HTTP/1.1", upstream: "fastcgi://unix:/var/run/php/php7.4-fpm.sock:", host: "pdps.onega.id"
2026/08/03 09:08:19 [error] 1853352#1853352: *42917 FastCGI sent in stderr: "Primary script unknown" while reading response header from upstream, client: 20.215.189.213, server: demo.onega.id, request: "GET /bless18.php HTTP/1.1", upstream: "fastcgi://unix:/var/run/php/php7.4-fpm.sock:", host: "demo.onega.id"
2026/08/03 09:08:19 [error] 1853352#1853352: *42945 FastCGI sent in stderr: "Primary script unknown" while reading response header from upstream, client: 20.79.29.209, server: pdps.onega.id, request: "GET /buds1.php HTTP/1.1", upstream: "fastcgi://unix:/var/run/php/php7.4-fpm.sock:", host: "pdps.onega.id"
2026/08/03 09:08:20 [error] 1853352#1853352: *42945 FastCGI sent in stderr: "Primary script unknown" while reading response header from upstream, client: 20.79.29.209, server: pdps.onega.id, request: "GET /filesss.php HTTP/1.1", upstream: "fastcgi://unix:/var/run/php/php7.4-fpm.sock:", host: "pdps.onega.id"
2026/08/03 09:08:20 [error] 1853352#1853352: *42917 FastCGI sent in stderr: "Primary script unknown" while reading response header from upstream, client: 20.215.189.213, server: demo.onega.id, request: "GET //nurseling.php HTTP/1.1", upstream: "fastcgi://unix:/var/run/php/php7.4-fpm.sock:", host: "demo.onega.id"
2026/08/03 09:08:20 [error] 1853352#1853352: *42945 FastCGI sent in stderr: "Primary script unknown" while reading response header from upstream, client: 20.79.29.209, server: pdps.onega.id, request: "GET /1n3e5n8u.php HTTP/1.1", upstream: "fastcgi://unix:/var/run/php/php7.4-fpm.sock:", host: "pdps.onega.id"
2026/08/03 09:08:20 [error] 1853352#1853352: *42917 FastCGI sent in stderr: "Primary script unknown" while reading response header from upstream, client: 20.215.189.213, server: demo.onega.id, request: "GET /dvjul.php HTTP/1.1", upstream: "fastcgi://unix:/var/run/php/php7.4-fpm.sock:", host: "demo.onega.id"
2026/08/03 09:08:21 [error] 1853352#1853352: *42945 FastCGI sent in stderr: "Primary script unknown" while reading response header from upstream, client: 20.79.29.209, server: pdps.onega.id, request: "GET /kon.php HTTP/1.1", upstream: "fastcgi://unix:/var/run/php/php7.4-fpm.sock:", host: "pdps.onega.id"
2026/08/03 09:08:21 [error] 1853352#1853352: *42917 FastCGI sent in stderr: "Primary script unknown" while reading response header from upstream, client: 20.215.189.213, server: demo.onega.id, request: "GET /sql.php HTTP/1.1", upstream: "fastcgi://unix:/var/run/php/php7.4-fpm.sock:", host: "demo.onega.id"
2026/08/03 09:08:21 [error] 1853352#1853352: *42945 FastCGI sent in stderr: "Primary script unknown" while reading response header from upstream, client: 20.79.29.209, server: pdps.onega.id, request: "GET /cc13.php HTTP/1.1", upstream: "fastcgi://unix:/var/run/php/php7.4-fpm.sock:", host: "pdps.onega.id"
2026/08/03 09:08:21 [error] 1853352#1853352: *42917 FastCGI sent in stderr: "Primary script unknown" while reading response header from upstream, client: 20.215.189.213, server: demo.onega.id, request: "GET /drykl.php HTTP/1.1", upstream: "fastcgi://unix:/var/run/php/php7.4-fpm.sock:", host: "demo.onega.id"
2026/08/03 09:08:21 [error] 1853352#1853352: *42945 FastCGI sent in stderr: "Primary script unknown" while reading response header from upstream, client: 20.79.29.209, server: pdps.onega.id, request: "GET /wp-wlx.php HTTP/1.1", upstream: "fastcgi://unix:/var/run/php/php7.4-fpm.sock:", host: "pdps.onega.id"
2026/08/03 09:08:22 [error] 1853352#1853352: *42945 FastCGI sent in stderr: "Primary script unknown" while reading response header from upstream, client: 20.79.29.209, server: pdps.onega.id, request: "GET /bless18.php HTTP/1.1", upstream: "fastcgi://unix:/var/run/php/php7.4-fpm.sock:", host: "pdps.onega.id"
2026/08/03 09:08:22 [error] 1853352#1853352: *42917 FastCGI sent in stderr: "Primary script unknown" while reading response header from upstream, client: 20.215.189.213, server: demo.onega.id, request: "GET /wp-omao.php HTTP/1.1", upstream: "fastcgi://unix:/var/run/php/php7.4-fpm.sock:", host: "demo.onega.id"
2026/08/03 09:08:22 [error] 1853352#1853352: *42945 FastCGI sent in stderr: "Primary script unknown" while reading response header from upstream, client: 20.79.29.209, server: pdps.onega.id, request: "GET //nurseling.php HTTP/1.1", upstream: "fastcgi://unix:/var/run/php/php7.4-fpm.sock:", host: "pdps.onega.id"
2026/08/03 09:08:22 [error] 1853352#1853352: *42917 FastCGI sent in stderr: "Primary script unknown" while reading response header from upstream, client: 20.215.189.213, server: demo.onega.id, request: "GET /SS72_kKKjT.php HTTP/1.1", upstream: "fastcgi://unix:/var/run/php/php7.4-fpm.sock:", host: "demo.onega.id"
2026/08/03 09:08:22 [error] 1853352#1853352: *42945 FastCGI sent in stderr: "Primary script unknown" while reading response header from upstream, client: 20.79.29.209, server: pdps.onega.id, request: "GET /dvjul.php HTTP/1.1", upstream: "fastcgi://unix:/var/run/php/php7.4-fpm.sock:", host: "pdps.onega.id"
2026/08/03 09:08:22 [error] 1853352#1853352: *42917 FastCGI sent in stderr: "Primary script unknown" while reading response header from upstream, client: 20.215.189.213, server: demo.onega.id, request: "GET /xstelth.php HTTP/1.1", upstream: "fastcgi://unix:/var/run/php/php7.4-fpm.sock:", host: "demo.onega.id"
2026/08/03 09:08:23 [error] 1853352#1853352: *42945 FastCGI sent in stderr: "Primary script unknown" while reading response header from upstream, client: 20.79.29.209, server: pdps.onega.id, request: "GET /sql.php HTTP/1.1", upstream: "fastcgi://unix:/var/run/php/php7.4-fpm.sock:", host: "pdps.onega.id"
2026/08/03 09:08:23 [error] 1853352#1853352: *42917 FastCGI sent in stderr: "Primary script unknown" while reading response header from upstream, client: 20.215.189.213, server: demo.onega.id, request: "GET /txets.php HTTP/1.1", upstream: "fastcgi://unix:/var/run/php/php7.4-fpm.sock:", host: "demo.onega.id"
2026/08/03 09:08:23 [error] 1853352#1853352: *42945 FastCGI sent in stderr: "Primary script unknown" while reading response header from upstream, client: 20.79.29.209, server: pdps.onega.id, request: "GET /drykl.php HTTP/1.1", upstream: "fastcgi://unix:/var/run/php/php7.4-fpm.sock:", host: "pdps.onega.id"
2026/08/03 09:08:23 [error] 1853352#1853352: *42917 FastCGI sent in stderr: "Primary script unknown" while reading response header from upstream, client: 20.215.189.213, server: demo.onega.id, request: "GET /w2025.php HTTP/1.1", upstream: "fastcgi://unix:/var/run/php/php7.4-fpm.sock:", host: "demo.onega.id"
2026/08/03 09:08:23 [error] 1853352#1853352: *42945 FastCGI sent in stderr: "Primary script unknown" while reading response header from upstream, client: 20.79.29.209, server: pdps.onega.id, request: "GET /wp-omao.php HTTP/1.1", upstream: "fastcgi://unix:/var/run/php/php7.4-fpm.sock:", host: "pdps.onega.id"
2026/08/03 09:08:24 [error] 1853352#1853352: *42917 FastCGI sent in stderr: "Primary script unknown" while reading response header from upstream, client: 20.215.189.213, server: demo.onega.id, request: "GET /sitemap.php HTTP/1.1", upstream: "fastcgi://unix:/var/run/php/php7.4-fpm.sock:", host: "demo.onega.id"
2026/08/03 09:08:24 [error] 1853352#1853352: *42945 FastCGI sent in stderr: "Primary script unknown" while reading response header from upstream, client: 20.79.29.209, server: pdps.onega.id, request: "GET /SS72_kKKjT.php HTTP/1.1", upstream: "fastcgi://unix:/var/run/php/php7.4-fpm.sock:", host: "pdps.onega.id"
2026/08/03 09:08:24 [error] 1853352#1853352: *42945 FastCGI sent in stderr: "Primary script unknown" while reading response header from upstream, client: 20.79.29.209, server: pdps.onega.id, request: "GET /xstelth.php HTTP/1.1", upstream: "fastcgi://unix:/var/run/php/php7.4-fpm.sock:", host: "pdps.onega.id"
2026/08/03 09:08:24 [error] 1853352#1853352: *42917 FastCGI sent in stderr: "Primary script unknown" while reading response header from upstream, client: 20.215.189.213, server: demo.onega.id, request: "GET //w3lls.php HTTP/1.1", upstream: "fastcgi://unix:/var/run/php/php7.4-fpm.sock:", host: "demo.onega.id"
2026/08/03 09:08:24 [error] 1853352#1853352: *42945 FastCGI sent in stderr: "Primary script unknown" while reading response header from upstream, client: 20.79.29.209, server: pdps.onega.id, request: "GET /txets.php HTTP/1.1", upstream: "fastcgi://unix:/var/run/php/php7.4-fpm.sock:", host: "pdps.onega.id"
2026/08/03 09:08:25 [error] 1853352#1853352: *42917 FastCGI sent in stderr: "Primary script unknown" while reading response header from upstream, client: 20.215.189.213, server: demo.onega.id, request: "GET /satan.php HTTP/1.1", upstream: "fastcgi://unix:/var/run/php/php7.4-fpm.sock:", host: "demo.onega.id"
2026/08/03 09:08:25 [error] 1853352#1853352: *42945 FastCGI sent in stderr: "Primary script unknown" while reading response header from upstream, client: 20.79.29.209, server: pdps.onega.id, request: "GET /w2025.php HTTP/1.1", upstream: "fastcgi://unix:/var/run/php/php7.4-fpm.sock:", host: "pdps.onega.id"
2026/08/03 09:08:25 [error] 1853352#1853352: *42917 FastCGI sent in stderr: "Primary script unknown" while reading response header from upstream, client: 20.215.189.213, server: demo.onega.id, request: "GET /w3llstore.php HTTP/1.1", upstream: "fastcgi://unix:/var/run/php/php7.4-fpm.sock:", host: "demo.onega.id"
2026/08/03 09:08:25 [error] 1853352#1853352: *42945 FastCGI sent in stderr: "Primary script unknown" while reading response header from upstream, client: 20.79.29.209, server: pdps.onega.id, request: "GET /sitemap.php HTTP/1.1", upstream: "fastcgi://unix:/var/run/php/php7.4-fpm.sock:", host: "pdps.onega.id"
2026/08/03 09:08:26 [error] 1853352#1853352: *42945 FastCGI sent in stderr: "Primary script unknown" while reading response header from upstream, client: 20.79.29.209, server: pdps.onega.id, request: "GET //w3lls.php HTTP/1.1", upstream: "fastcgi://unix:/var/run/php/php7.4-fpm.sock:", host: "pdps.onega.id"
2026/08/03 09:08:26 [error] 1853352#1853352: *42917 FastCGI sent in stderr: "Primary script unknown" while reading response header from upstream, client: 20.215.189.213, server: demo.onega.id, request: "GET /file3.php HTTP/1.1", upstream: "fastcgi://unix:/var/run/php/php7.4-fpm.sock:", host: "demo.onega.id"
2026/08/03 09:08:26 [error] 1853352#1853352: *42945 FastCGI sent in stderr: "Primary script unknown" while reading response header from upstream, client: 20.79.29.209, server: pdps.onega.id, request: "GET /satan.php HTTP/1.1", upstream: "fastcgi://unix:/var/run/php/php7.4-fpm.sock:", host: "pdps.onega.id"
2026/08/03 09:08:26 [error] 1853352#1853352: *42917 FastCGI sent in stderr: "Primary script unknown" while reading response header from upstream, client: 20.215.189.213, server: demo.onega.id, request: "GET /dx.php HTTP/1.1", upstream: "fastcgi://unix:/var/run/php/php7.4-fpm.sock:", host: "demo.onega.id"
2026/08/03 09:08:26 [error] 1853352#1853352: *42945 FastCGI sent in stderr: "Primary script unknown" while reading response header from upstream, client: 20.79.29.209, server: pdps.onega.id, request: "GET /w3llstore.php HTTP/1.1", upstream: "fastcgi://unix:/var/run/php/php7.4-fpm.sock:", host: "pdps.onega.id"
2026/08/03 09:08:27 [error] 1853352#1853352: *42917 FastCGI sent in stderr: "Primary script unknown" while reading response header from upstream, client: 20.215.189.213, server: demo.onega.id, request: "GET /mnpiyfeish.php HTTP/1.1", upstream: "fastcgi://unix:/var/run/php/php7.4-fpm.sock:", host: "demo.onega.id"
2026/08/03 09:08:27 [error] 1853352#1853352: *42945 FastCGI sent in stderr: "Primary script unknown" while reading response header from upstream, client: 20.79.29.209, server: pdps.onega.id, request: "GET /file3.php HTTP/1.1", upstream: "fastcgi://unix:/var/run/php/php7.4-fpm.sock:", host: "pdps.onega.id"
2026/08/03 09:08:27 [error] 1853352#1853352: *42917 FastCGI sent in stderr: "Primary script unknown" while reading response header from upstream, client: 20.215.189.213, server: demo.onega.id, request: "GET /bumxewlsll.php HTTP/1.1", upstream: "fastcgi://unix:/var/run/php/php7.4-fpm.sock:", host: "demo.onega.id"
2026/08/03 09:08:27 [error] 1853352#1853352: *42945 FastCGI sent in stderr: "Primary script unknown" while reading response header from upstream, client: 20.79.29.209, server: pdps.onega.id, request: "GET /dx.php HTTP/1.1", upstream: "fastcgi://unix:/var/run/php/php7.4-fpm.sock:", host: "pdps.onega.id"
