18.169.192.4 - - [17/Mar/2026:17:25:21 +0700] "GET /stg/.env HTTP/1.1" 403 196 "-" "Mozilla/5.0 (Windows NT 10.0; Win64; x64) Chrome/91.0.4472.124"
18.169.192.4 - - [17/Mar/2026:17:25:21 +0700] "GET /server/.env.local HTTP/1.1" 403 196 "-" "Mozilla/5.0 (Windows NT 10.0; Win64; x64) Chrome/91.0.4472.124"
18.169.192.4 - - [17/Mar/2026:17:25:22 +0700] "GET /new/.env.staging HTTP/1.1" 403 196 "-" "Mozilla/5.0 (Windows NT 10.0; Win64; x64) Chrome/91.0.4472.124"
18.169.192.4 - - [17/Mar/2026:17:25:22 +0700] "GET /crm/.env.staging HTTP/1.1" 403 196 "-" "Mozilla/5.0 (Windows NT 10.0; Win64; x64) Chrome/91.0.4472.124"
18.169.192.4 - - [17/Mar/2026:17:25:22 +0700] "GET /.env.dist HTTP/1.1" 403 196 "-" "Mozilla/5.0 (Windows NT 10.0; Win64; x64) Chrome/91.0.4472.124"
18.169.192.4 - - [17/Mar/2026:17:25:22 +0700] "GET /admin/.env.production HTTP/1.1" 403 196 "-" "Mozilla/5.0 (Windows NT 10.0; Win64; x64) Chrome/91.0.4472.124"
18.169.192.4 - - [17/Mar/2026:17:25:22 +0700] "GET /client/.env.local HTTP/1.1" 403 196 "-" "Mozilla/5.0 (Windows NT 10.0; Win64; x64) Chrome/91.0.4472.124"
18.169.192.4 - - [17/Mar/2026:17:25:23 +0700] "GET /apis/.env.staging HTTP/1.1" 403 196 "-" "Mozilla/5.0 (Windows NT 10.0; Win64; x64) Chrome/91.0.4472.124"
18.169.192.4 - - [17/Mar/2026:17:25:23 +0700] "GET /public_html/.env HTTP/1.1" 403 196 "-" "Mozilla/5.0 (Windows NT 10.0; Win64; x64) Chrome/91.0.4472.124"
18.169.192.4 - - [17/Mar/2026:17:25:23 +0700] "GET /production/.env HTTP/1.1" 403 196 "-" "Mozilla/5.0 (Windows NT 10.0; Win64; x64) Chrome/91.0.4472.124"
18.169.192.4 - - [17/Mar/2026:17:25:23 +0700] "GET /user/.env HTTP/1.1" 403 196 "-" "Mozilla/5.0 (Windows NT 10.0; Win64; x64) Chrome/91.0.4472.124"
18.169.192.4 - - [17/Mar/2026:17:25:23 +0700] "GET /.env~ HTTP/1.1" 403 196 "-" "Mozilla/5.0 (Windows NT 10.0; Win64; x64) Chrome/91.0.4472.124"
18.169.192.4 - - [17/Mar/2026:17:25:23 +0700] "GET /live/.env.local HTTP/1.1" 403 196 "-" "Mozilla/5.0 (Windows NT 10.0; Win64; x64) Chrome/91.0.4472.124"
18.169.192.4 - - [17/Mar/2026:17:25:24 +0700] "GET /apis/.env HTTP/1.1" 403 196 "-" "Mozilla/5.0 (Windows NT 10.0; Win64; x64) Chrome/91.0.4472.124"
103.175.220.74 - - [17/Mar/2026:17:25:24 +0700] "POST /wp-cron.php?doing_wp_cron=1773743124.8159759044647216796875 HTTP/1.1" 200 31 "-" "WordPress/6.9.1; https://web.onega.id"
18.169.192.4 - - [17/Mar/2026:17:25:24 +0700] "GET /config.env HTTP/1.1" 404 23249 "-" "Mozilla/5.0 (Windows NT 10.0; Win64; x64) Chrome/91.0.4472.124"
18.169.192.4 - - [17/Mar/2026:17:25:26 +0700] "GET /env.backup HTTP/1.1" 404 23249 "-" "Mozilla/5.0 (Windows NT 10.0; Win64; x64) Chrome/91.0.4472.124"
18.169.192.4 - - [17/Mar/2026:17:25:26 +0700] "GET /usr/.env HTTP/1.1" 403 196 "-" "Mozilla/5.0 (Windows NT 10.0; Win64; x64) Chrome/91.0.4472.124"
18.169.192.4 - - [17/Mar/2026:17:25:27 +0700] "GET /public/.env.production HTTP/1.1" 403 196 "-" "Mozilla/5.0 (Windows NT 10.0; Win64; x64) Chrome/91.0.4472.124"
18.169.192.4 - - [17/Mar/2026:17:25:27 +0700] "GET /backend/.env.local HTTP/1.1" 403 196 "-" "Mozilla/5.0 (Windows NT 10.0; Win64; x64) Chrome/91.0.4472.124"
18.169.192.4 - - [17/Mar/2026:17:25:27 +0700] "GET /product/.env.staging HTTP/1.1" 403 196 "-" "Mozilla/5.0 (Windows NT 10.0; Win64; x64) Chrome/91.0.4472.124"
18.169.192.4 - - [17/Mar/2026:17:25:27 +0700] "GET /apis/.env.local HTTP/1.1" 403 196 "-" "Mozilla/5.0 (Windows NT 10.0; Win64; x64) Chrome/91.0.4472.124"
18.169.192.4 - - [17/Mar/2026:17:25:27 +0700] "GET /public/.env.local HTTP/1.1" 403 196 "-" "Mozilla/5.0 (Windows NT 10.0; Win64; x64) Chrome/91.0.4472.124"
18.169.192.4 - - [17/Mar/2026:17:25:28 +0700] "GET /nodeapi/.env HTTP/1.1" 403 196 "-" "Mozilla/5.0 (Windows NT 10.0; Win64; x64) Chrome/91.0.4472.124"
18.169.192.4 - - [17/Mar/2026:17:25:28 +0700] "GET /app/.env.staging HTTP/1.1" 403 196 "-" "Mozilla/5.0 (Windows NT 10.0; Win64; x64) Chrome/91.0.4472.124"
18.169.192.4 - - [17/Mar/2026:17:25:28 +0700] "GET /portal/.env.production HTTP/1.1" 403 196 "-" "Mozilla/5.0 (Windows NT 10.0; Win64; x64) Chrome/91.0.4472.124"
18.169.192.4 - - [17/Mar/2026:17:25:28 +0700] "GET /development/.env.local HTTP/1.1" 403 196 "-" "Mozilla/5.0 (Windows NT 10.0; Win64; x64) Chrome/91.0.4472.124"
18.169.192.4 - - [17/Mar/2026:17:25:28 +0700] "GET /public_html/.env.local HTTP/1.1" 403 196 "-" "Mozilla/5.0 (Windows NT 10.0; Win64; x64) Chrome/91.0.4472.124"
18.169.192.4 - - [17/Mar/2026:17:25:28 +0700] "GET /old/.env.local HTTP/1.1" 403 196 "-" "Mozilla/5.0 (Windows NT 10.0; Win64; x64) Chrome/91.0.4472.124"
18.169.192.4 - - [17/Mar/2026:17:25:29 +0700] "GET /front/.env HTTP/1.1" 403 196 "-" "Mozilla/5.0 (Windows NT 10.0; Win64; x64) Chrome/91.0.4472.124"
18.169.192.4 - - [17/Mar/2026:17:25:29 +0700] "GET /test/.env HTTP/1.1" 403 196 "-" "Mozilla/5.0 (Windows NT 10.0; Win64; x64) Chrome/91.0.4472.124"
18.169.192.4 - - [17/Mar/2026:17:25:29 +0700] "GET /cron/.env.production HTTP/1.1" 403 196 "-" "Mozilla/5.0 (Windows NT 10.0; Win64; x64) Chrome/91.0.4472.124"
18.169.192.4 - - [17/Mar/2026:17:25:29 +0700] "GET /.env.development.local HTTP/1.1" 403 196 "-" "Mozilla/5.0 (Windows NT 10.0; Win64; x64) Chrome/91.0.4472.124"
18.169.192.4 - - [17/Mar/2026:17:25:29 +0700] "GET /demo/.env HTTP/1.1" 403 196 "-" "Mozilla/5.0 (Windows NT 10.0; Win64; x64) Chrome/91.0.4472.124"
18.169.192.4 - - [17/Mar/2026:17:25:30 +0700] "GET /services/.env HTTP/1.1" 403 196 "-" "Mozilla/5.0 (Windows NT 10.0; Win64; x64) Chrome/91.0.4472.124"
18.169.192.4 - - [17/Mar/2026:17:25:30 +0700] "GET /BACKEND/.env HTTP/1.1" 403 196 "-" "Mozilla/5.0 (Windows NT 10.0; Win64; x64) Chrome/91.0.4472.124"
18.169.192.4 - - [17/Mar/2026:17:25:30 +0700] "GET /product/.env.local HTTP/1.1" 403 196 "-" "Mozilla/5.0 (Windows NT 10.0; Win64; x64) Chrome/91.0.4472.124"
18.169.192.4 - - [17/Mar/2026:17:25:30 +0700] "GET /beta/.env.staging HTTP/1.1" 403 196 "-" "Mozilla/5.0 (Windows NT 10.0; Win64; x64) Chrome/91.0.4472.124"
18.169.192.4 - - [17/Mar/2026:17:25:30 +0700] "GET /market/.env.staging HTTP/1.1" 403 196 "-" "Mozilla/5.0 (Windows NT 10.0; Win64; x64) Chrome/91.0.4472.124"
18.169.192.4 - - [17/Mar/2026:17:25:31 +0700] "GET /media/.env HTTP/1.1" 403 196 "-" "Mozilla/5.0 (Windows NT 10.0; Win64; x64) Chrome/91.0.4472.124"
18.169.192.4 - - [17/Mar/2026:17:25:31 +0700] "GET /laravel/core/.env.staging HTTP/1.1" 403 196 "-" "Mozilla/5.0 (Windows NT 10.0; Win64; x64) Chrome/91.0.4472.124"
18.169.192.4 - - [17/Mar/2026:17:25:31 +0700] "GET /api/.env.staging HTTP/1.1" 403 196 "-" "Mozilla/5.0 (Windows NT 10.0; Win64; x64) Chrome/91.0.4472.124"
18.169.192.4 - - [17/Mar/2026:17:25:31 +0700] "GET /service/.env.production HTTP/1.1" 403 196 "-" "Mozilla/5.0 (Windows NT 10.0; Win64; x64) Chrome/91.0.4472.124"
18.169.192.4 - - [17/Mar/2026:17:25:31 +0700] "GET /portal/.env HTTP/1.1" 403 196 "-" "Mozilla/5.0 (Windows NT 10.0; Win64; x64) Chrome/91.0.4472.124"
18.169.192.4 - - [17/Mar/2026:17:25:32 +0700] "GET /admin/.env.local HTTP/1.1" 403 196 "-" "Mozilla/5.0 (Windows NT 10.0; Win64; x64) Chrome/91.0.4472.124"
18.169.192.4 - - [17/Mar/2026:17:25:32 +0700] "GET /xampp/.env.staging HTTP/1.1" 403 196 "-" "Mozilla/5.0 (Windows NT 10.0; Win64; x64) Chrome/91.0.4472.124"
18.169.192.4 - - [17/Mar/2026:17:25:32 +0700] "GET /lms/.env HTTP/1.1" 403 196 "-" "Mozilla/5.0 (Windows NT 10.0; Win64; x64) Chrome/91.0.4472.124"
18.169.192.4 - - [17/Mar/2026:17:25:32 +0700] "GET /backend/.env.production HTTP/1.1" 403 196 "-" "Mozilla/5.0 (Windows NT 10.0; Win64; x64) Chrome/91.0.4472.124"
18.169.192.4 - - [17/Mar/2026:17:25:32 +0700] "GET /kyc/.env.staging HTTP/1.1" 403 196 "-" "Mozilla/5.0 (Windows NT 10.0; Win64; x64) Chrome/91.0.4472.124"
18.169.192.4 - - [17/Mar/2026:17:25:33 +0700] "GET /marketing/.env.local HTTP/1.1" 403 196 "-" "Mozilla/5.0 (Windows NT 10.0; Win64; x64) Chrome/91.0.4472.124"
18.169.192.4 - - [17/Mar/2026:17:25:33 +0700] "GET /development/.env.staging HTTP/1.1" 403 196 "-" "Mozilla/5.0 (Windows NT 10.0; Win64; x64) Chrome/91.0.4472.124"
18.169.192.4 - - [17/Mar/2026:17:25:33 +0700] "GET /new/.env HTTP/1.1" 403 196 "-" "Mozilla/5.0 (Windows NT 10.0; Win64; x64) Chrome/91.0.4472.124"
18.169.192.4 - - [17/Mar/2026:17:25:33 +0700] "GET /xampp/.env HTTP/1.1" 403 196 "-" "Mozilla/5.0 (Windows NT 10.0; Win64; x64) Chrome/91.0.4472.124"
18.169.192.4 - - [17/Mar/2026:17:25:33 +0700] "GET /kyc/.env.production HTTP/1.1" 403 196 "-" "Mozilla/5.0 (Windows NT 10.0; Win64; x64) Chrome/91.0.4472.124"
18.169.192.4 - - [17/Mar/2026:17:25:34 +0700] "GET /services/.env.staging HTTP/1.1" 403 196 "-" "Mozilla/5.0 (Windows NT 10.0; Win64; x64) Chrome/91.0.4472.124"
18.169.192.4 - - [17/Mar/2026:17:25:34 +0700] "GET /client/.env.staging HTTP/1.1" 403 196 "-" "Mozilla/5.0 (Windows NT 10.0; Win64; x64) Chrome/91.0.4472.124"
18.169.192.4 - - [17/Mar/2026:17:25:34 +0700] "GET /xampp/.env.production HTTP/1.1" 403 196 "-" "Mozilla/5.0 (Windows NT 10.0; Win64; x64) Chrome/91.0.4472.124"
18.169.192.4 - - [17/Mar/2026:17:25:34 +0700] "GET /staging/.env.production HTTP/1.1" 403 196 "-" "Mozilla/5.0 (Windows NT 10.0; Win64; x64) Chrome/91.0.4472.124"
18.169.192.4 - - [17/Mar/2026:17:25:34 +0700] "GET /live/.env.production HTTP/1.1" 403 196 "-" "Mozilla/5.0 (Windows NT 10.0; Win64; x64) Chrome/91.0.4472.124"
18.169.192.4 - - [17/Mar/2026:17:25:34 +0700] "GET /service/.env HTTP/1.1" 403 196 "-" "Mozilla/5.0 (Windows NT 10.0; Win64; x64) Chrome/91.0.4472.124"
18.169.192.4 - - [17/Mar/2026:17:25:35 +0700] "GET /.gitlab-ci/.env HTTP/1.1" 403 196 "-" "Mozilla/5.0 (Windows NT 10.0; Win64; x64) Chrome/91.0.4472.124"
18.169.192.4 - - [17/Mar/2026:17:25:35 +0700] "GET /project/.env HTTP/1.1" 403 196 "-" "Mozilla/5.0 (Windows NT 10.0; Win64; x64) Chrome/91.0.4472.124"
18.169.192.4 - - [17/Mar/2026:17:25:35 +0700] "GET /dev/.env.production HTTP/1.1" 403 196 "-" "Mozilla/5.0 (Windows NT 10.0; Win64; x64) Chrome/91.0.4472.124"
18.169.192.4 - - [17/Mar/2026:17:25:35 +0700] "GET /laravel/.env.local HTTP/1.1" 403 196 "-" "Mozilla/5.0 (Windows NT 10.0; Win64; x64) Chrome/91.0.4472.124"
18.169.192.4 - - [17/Mar/2026:17:25:35 +0700] "GET /prod/.env HTTP/1.1" 403 196 "-" "Mozilla/5.0 (Windows NT 10.0; Win64; x64) Chrome/91.0.4472.124"
18.169.192.4 - - [17/Mar/2026:17:25:36 +0700] "GET /client/.env.production HTTP/1.1" 403 196 "-" "Mozilla/5.0 (Windows NT 10.0; Win64; x64) Chrome/91.0.4472.124"
18.169.192.4 - - [17/Mar/2026:17:25:36 +0700] "GET /current/.env HTTP/1.1" 403 196 "-" "Mozilla/5.0 (Windows NT 10.0; Win64; x64) Chrome/91.0.4472.124"
18.169.192.4 - - [17/Mar/2026:17:25:36 +0700] "GET /service/.env.staging HTTP/1.1" 403 196 "-" "Mozilla/5.0 (Windows NT 10.0; Win64; x64) Chrome/91.0.4472.124"
18.169.192.4 - - [17/Mar/2026:17:25:36 +0700] "GET /backup/.env.production HTTP/1.1" 403 196 "-" "Mozilla/5.0 (Windows NT 10.0; Win64; x64) Chrome/91.0.4472.124"
18.169.192.4 - - [17/Mar/2026:17:25:37 +0700] "GET / HTTP/1.1" 200 34047 "-" "Mozilla/5.0 (Windows NT 10.0; Win64; x64) Chrome/91.0.4472.124"
103.175.220.74 - - [17/Mar/2026:17:48:02 +0700] "POST /wp-cron.php?doing_wp_cron=1773744482.2909979820251464843750 HTTP/1.1" 200 31 "-" "WordPress/6.9.1; https://web.onega.id"
185.191.171.5 - - [17/Mar/2026:17:48:02 +0700] "GET /robots.txt HTTP/1.1" 200 181 "-" "Mozilla/5.0 (compatible; SemrushBot/7~bl; +http://www.semrush.com/bot.html)"
185.191.171.1 - - [17/Mar/2026:17:48:04 +0700] "GET /membuat-landing-page-yang-memimpin-pengunjung-menuju-keputusan-pembelian/ HTTP/1.1" 200 29488 "-" "Mozilla/5.0 (compatible; SemrushBot/7~bl; +http://www.semrush.com/bot.html)"
47.128.23.224 - - [17/Mar/2026:17:51:48 +0700] "GET /cara-menggunakan-video-untuk-memperkaya-landing-page-anda/ HTTP/1.1" 200 29703 "-" "Mozilla/5.0 (Linux; Android 5.0) AppleWebKit/537.36 (KHTML, like Gecko) Mobile Safari/537.36 (compatible; Bytespider; spider-feedback@bytedance.com)"
43.133.220.37 - - [17/Mar/2026:18:05:53 +0700] "GET / HTTP/1.1" 200 34047 "http://web.onega.id" "Mozilla/5.0 (iPhone; CPU iPhone OS 13_2_3 like Mac OS X) AppleWebKit/605.1.15 (KHTML, like Gecko) Version/13.0.3 Mobile/15E148 Safari/604.1"
18.210.58.238 - - [17/Mar/2026:18:11:25 +0700] "GET /wp-json/oembed/1.0/embed?url=https://web.onega.id/bagaimana-landing-page-dapat-meningkatkan-konversi-bisnis-anda/ HTTP/1.1" 200 3131 "-" "Mozilla/5.0 AppleWebKit/537.36 (KHTML, like Gecko; compatible; Amazonbot/0.1; +https://developer.amazon.com/support/amazonbot) Chrome/119.0.6045.214 Safari/537.36"
52.5.242.243 - - [17/Mar/2026:18:11:29 +0700] "GET /wp-json/wp/v2/posts/2197 HTTP/1.1" 200 40708 "-" "Mozilla/5.0 AppleWebKit/537.36 (KHTML, like Gecko; compatible; Amazonbot/0.1; +https://developer.amazon.com/support/amazonbot) Chrome/119.0.6045.214 Safari/537.36"
98.83.226.125 - - [17/Mar/2026:18:11:33 +0700] "GET /lima-inspirasi-desain-landing-page-dari-merek-terkenal/feed/ HTTP/1.1" 200 865 "-" "Mozilla/5.0 AppleWebKit/537.36 (KHTML, like Gecko; compatible; Amazonbot/0.1; +https://developer.amazon.com/support/amazonbot) Chrome/119.0.6045.214 Safari/537.36"
66.249.69.40 - - [17/Mar/2026:18:18:26 +0700] "GET /robots.txt HTTP/1.1" 200 181 "-" "Mozilla/5.0 (compatible; Googlebot/2.1; +http://www.google.com/bot.html)"
34.11.243.239 - - [17/Mar/2026:18:19:59 +0700] "GET / HTTP/1.1" 200 34047 "http://web.onega.id" "Mozilla/5.0 (compatible; CMS-Checker/1.0; +https://example.com)"
103.175.220.74 - - [17/Mar/2026:18:35:16 +0700] "POST /wp-cron.php?doing_wp_cron=1773747316.6861360073089599609375 HTTP/1.1" 200 31 "-" "WordPress/6.9.1; https://web.onega.id"
103.175.220.74 - - [17/Mar/2026:18:35:17 +0700] "POST /wp-cron.php?doing_wp_cron=1773747317.5150599479675292968750 HTTP/1.1" 200 31 "-" "WordPress/6.9.1; https://web.onega.id"
178.62.229.146 - - [17/Mar/2026:18:35:17 +0700] "GET / HTTP/1.1" 200 34047 "-" "Mozilla/5.0 (X11; Linux x86_64) AppleWebKit/537.36 (KHTML, like Gecko) Chrome/142.0.0.0 Safari/537.36"
34.11.243.239 - - [17/Mar/2026:18:38:01 +0700] "GET / HTTP/1.1" 200 173783 "-" "Mozilla/5.0 (Windows NT 10.0; Win64; x64) AppleWebKit/537.36 (KHTML, like Gecko) Chrome/78.0.3904.108 Safari/537.36"
34.11.243.239 - - [17/Mar/2026:18:38:02 +0700] "GET //wp-includes/wlwmanifest.xml HTTP/1.1" 301 5 "-" "Mozilla/5.0 (Windows NT 10.0; Win64; x64) AppleWebKit/537.36 (KHTML, like Gecko) Chrome/78.0.3904.108 Safari/537.36"
34.11.243.239 - - [17/Mar/2026:18:38:02 +0700] "GET //xmlrpc.php?rsd HTTP/1.1" 403 564 "-" "Mozilla/5.0 (Windows NT 10.0; Win64; x64) AppleWebKit/537.36 (KHTML, like Gecko) Chrome/78.0.3904.108 Safari/537.36"
34.11.243.239 - - [17/Mar/2026:18:38:03 +0700] "GET / HTTP/1.1" 200 173806 "-" "Mozilla/5.0 (Windows NT 10.0; Win64; x64) AppleWebKit/537.36 (KHTML, like Gecko) Chrome/78.0.3904.108 Safari/537.36"
34.11.243.239 - - [17/Mar/2026:18:38:04 +0700] "GET //?author=1 HTTP/1.1" 302 5 "-" "Mozilla/5.0 (Windows NT 10.0; Win64; x64) AppleWebKit/537.36 (KHTML, like Gecko) Chrome/78.0.3904.108 Safari/537.36"
34.11.243.239 - - [17/Mar/2026:18:38:04 +0700] "GET //?author=2 HTTP/1.1" 302 5 "-" "Mozilla/5.0 (Windows NT 10.0; Win64; x64) AppleWebKit/537.36 (KHTML, like Gecko) Chrome/78.0.3904.108 Safari/537.36"
34.11.243.239 - - [17/Mar/2026:18:38:04 +0700] "GET //wp-json/wp/v2/users/ HTTP/1.1" 200 8294 "-" "Mozilla/5.0 (Windows NT 10.0; Win64; x64) AppleWebKit/537.36 (KHTML, like Gecko) Chrome/78.0.3904.108 Safari/537.36"
34.11.243.239 - - [17/Mar/2026:18:38:05 +0700] "GET //wp-json/oembed/1.0/embed?url=https://web.onega.id/ HTTP/1.1" 200 2637 "-" "Mozilla/5.0 (Windows NT 10.0; Win64; x64) AppleWebKit/537.36 (KHTML, like Gecko) Chrome/78.0.3904.108 Safari/537.36"
34.11.243.239 - - [17/Mar/2026:18:38:05 +0700] "POST //xmlrpc.php HTTP/1.1" 403 564 "-" "Mozilla/5.0 (Windows NT 10.0; Win64; x64) AppleWebKit/537.36 (KHTML, like Gecko) Chrome/78.0.3904.108 Safari/537.36"
216.73.216.208 - - [17/Mar/2026:18:38:22 +0700] "GET /robots.txt HTTP/1.1" 200 181 "-" "Mozilla/5.0 AppleWebKit/537.36 (KHTML, like Gecko; compatible; ClaudeBot/1.0; +claudebot@anthropic.com)"
216.73.216.208 - - [17/Mar/2026:18:38:22 +0700] "GET /sitemap_index.xml HTTP/1.1" 200 906 "-" "Mozilla/5.0 AppleWebKit/537.36 (KHTML, like Gecko; compatible; ClaudeBot/1.0; +claudebot@anthropic.com)"
74.7.227.5 - - [17/Mar/2026:18:40:50 +0700] "GET /?s={search_term_string} HTTP/1.1" 200 23479 "https://web.onega.id/2023/11/06/" "Mozilla/5.0 AppleWebKit/537.36 (KHTML, like Gecko; compatible; GPTBot/1.3; +https://openai.com/gptbot)"
74.7.227.5 - - [17/Mar/2026:18:41:05 +0700] "GET /feed/ HTTP/1.1" 200 130484 "https://web.onega.id/?s={search_term_string}" "Mozilla/5.0 AppleWebKit/537.36 (KHTML, like Gecko; compatible; GPTBot/1.3; +https://openai.com/gptbot)"
74.7.227.5 - - [17/Mar/2026:18:41:05 +0700] "GET /wp-content/uploads/2023/07/ClashDisplay-Medium.otf HTTP/1.1" 200 27176 "https://web.onega.id/?s={search_term_string}" "Mozilla/5.0 AppleWebKit/537.36 (KHTML, like Gecko; compatible; GPTBot/1.3; +https://openai.com/gptbot)"
74.7.227.5 - - [17/Mar/2026:18:41:09 +0700] "GET /comments/feed/ HTTP/1.1" 200 715 "https://web.onega.id/?s={search_term_string}" "Mozilla/5.0 AppleWebKit/537.36 (KHTML, like Gecko; compatible; GPTBot/1.3; +https://openai.com/gptbot)"
74.7.227.5 - - [17/Mar/2026:18:41:10 +0700] "GET /wp-content/uploads/2023/07/ClashDisplay-Extralight.otf HTTP/1.1" 200 24892 "https://web.onega.id/?s={search_term_string}" "Mozilla/5.0 AppleWebKit/537.36 (KHTML, like Gecko; compatible; GPTBot/1.3; +https://openai.com/gptbot)"
74.7.227.5 - - [17/Mar/2026:18:41:11 +0700] "GET /wp-content/uploads/2023/07/ClashDisplay-Regular.otf HTTP/1.1" 200 26968 "https://web.onega.id/?s={search_term_string}" "Mozilla/5.0 AppleWebKit/537.36 (KHTML, like Gecko; compatible; GPTBot/1.3; +https://openai.com/gptbot)"
74.7.227.5 - - [17/Mar/2026:18:41:12 +0700] "GET /wp-content/uploads/2023/07/ClashDisplay-Semibold.otf HTTP/1.1" 200 27116 "https://web.onega.id/?s={search_term_string}" "Mozilla/5.0 AppleWebKit/537.36 (KHTML, like Gecko; compatible; GPTBot/1.3; +https://openai.com/gptbot)"
74.7.227.5 - - [17/Mar/2026:18:41:13 +0700] "GET /wp-content/uploads/2023/07/ClashDisplay-Light.otf HTTP/1.1" 200 27000 "https://web.onega.id/?s={search_term_string}" "Mozilla/5.0 AppleWebKit/537.36 (KHTML, like Gecko; compatible; GPTBot/1.3; +https://openai.com/gptbot)"
74.7.227.5 - - [17/Mar/2026:18:41:14 +0700] "GET /wp-content/uploads/2023/07/ClashDisplay-Bold.otf HTTP/1.1" 200 25276 "https://web.onega.id/?s={search_term_string}" "Mozilla/5.0 AppleWebKit/537.36 (KHTML, like Gecko; compatible; GPTBot/1.3; +https://openai.com/gptbot)"
74.7.227.5 - - [17/Mar/2026:18:41:15 +0700] "GET /search/%7Bsearch_term_string%7D/feed/rss2/ HTTP/1.1" 200 1135 "https://web.onega.id/?s={search_term_string}" "Mozilla/5.0 AppleWebKit/537.36 (KHTML, like Gecko; compatible; GPTBot/1.3; +https://openai.com/gptbot)"
74.7.227.5 - - [17/Mar/2026:18:41:23 +0700] "GET /wp-includes/js/',b,' HTTP/1.1" 301 5 "https://web.onega.id/wp-includes/js/wp-emoji-release.min.js?ver=6.9.1" "Mozilla/5.0 AppleWebKit/537.36 (KHTML, like Gecko; compatible; GPTBot/1.3; +https://openai.com/gptbot)"
74.7.227.5 - - [17/Mar/2026:18:41:24 +0700] "GET /wp-includes/js/,b, HTTP/1.1" 301 5 "https://web.onega.id/wp-includes/js/',b,'" "Mozilla/5.0 AppleWebKit/537.36 (KHTML, like Gecko; compatible; GPTBot/1.3; +https://openai.com/gptbot)"
74.7.227.5 - - [17/Mar/2026:18:41:25 +0700] "GET /wp-includes/js/,b HTTP/1.1" 404 24039 "https://web.onega.id/wp-includes/js/,b," "Mozilla/5.0 AppleWebKit/537.36 (KHTML, like Gecko; compatible; GPTBot/1.3; +https://openai.com/gptbot)"
54.83.240.58 - - [17/Mar/2026:19:08:54 +0700] "GET /feed/ HTTP/1.1" 200 130515 "-" "Mozilla/5.0 AppleWebKit/537.36 (KHTML, like Gecko; compatible; Amazonbot/0.1; +https://developer.amazon.com/support/amazonbot) Chrome/119.0.6045.214 Safari/537.36"
35.170.205.140 - - [17/Mar/2026:19:08:57 +0700] "GET /wp-json/oembed/1.0/embed?format=xml&url=https://web.onega.id/bagaimana-membuat-testimoni-yang-melejitkan-kepercayaan-pada-landing-page-anda/ HTTP/1.1" 200 3308 "-" "Mozilla/5.0 AppleWebKit/537.36 (KHTML, like Gecko; compatible; Amazonbot/0.1; +https://developer.amazon.com/support/amazonbot) Chrome/119.0.6045.214 Safari/537.36"
207.46.13.230 - - [17/Mar/2026:19:21:01 +0700] "GET /robots.txt HTTP/1.1" 200 181 "-" "Mozilla/5.0 AppleWebKit/537.36 (KHTML, like Gecko; compatible; bingbot/2.0; +http://www.bing.com/bingbot.htm) Chrome/116.0.1938.76 Safari/537.36"
103.175.220.74 - - [17/Mar/2026:19:39:46 +0700] "POST /wp-cron.php?doing_wp_cron=1773751186.9424688816070556640625 HTTP/1.1" 200 31 "-" "WordPress/6.9.1; https://web.onega.id"
103.175.220.74 - - [17/Mar/2026:19:39:47 +0700] "POST /wp-cron.php?doing_wp_cron=1773751187.0303800106048583984375 HTTP/1.1" 200 31 "-" "WordPress/6.9.1; https://web.onega.id"
185.191.171.16 - - [17/Mar/2026:19:39:47 +0700] "GET /robots.txt HTTP/1.1" 200 181 "-" "Mozilla/5.0 (compatible; SemrushBot/7~bl; +http://www.semrush.com/bot.html)"
85.208.96.210 - - [17/Mar/2026:19:39:49 +0700] "GET /emosional-dengan-pengunjung-menjual-melalui-landing-page-teknik-copywriting-yang-efektif/ HTTP/1.1" 200 29465 "-" "Mozilla/5.0 (compatible; SemrushBot/7~bl; +http://www.semrush.com/bot.html)"
31.206.138.186 - - [17/Mar/2026:20:25:59 +0700] "GET /xmlrpc.php?rsd HTTP/1.1" 403 134 "-" "Opera/8.65.(X11; Linux i686; th-TH) Presto/2.9.167 Version/12.00"
103.175.220.74 - - [17/Mar/2026:20:31:32 +0700] "POST /wp-cron.php?doing_wp_cron=1773754292.2195789813995361328125 HTTP/1.1" 200 31 "-" "WordPress/6.9.1; https://web.onega.id"
54.163.136.244 - - [17/Mar/2026:20:31:32 +0700] "GET /cara-menyusun-cerita-yang-memikat-di-landing-page-anda/feed/ HTTP/1.1" 200 865 "-" "Mozilla/5.0 AppleWebKit/537.36 (KHTML, like Gecko; compatible; Amazonbot/0.1; +https://developer.amazon.com/support/amazonbot) Chrome/119.0.6045.214 Safari/537.36"
18.211.148.239 - - [17/Mar/2026:20:31:33 +0700] "GET /wp-json/oembed/1.0/embed?url=https://web.onega.id/cara-menggunakan-landing-page-untuk-event-dan-promosi-terbatas/ HTTP/1.1" 200 3045 "-" "Mozilla/5.0 AppleWebKit/537.36 (KHTML, like Gecko; compatible; Amazonbot/0.1; +https://developer.amazon.com/support/amazonbot) Chrome/119.0.6045.214 Safari/537.36"
123.19.160.46 - - [17/Mar/2026:20:36:15 +0700] "GET /demo/ HTTP/1.1" 404 23258 "-" "Opera/9.28.(X11; Linux i686; mni-IN) Presto/2.9.180 Version/12.00"
103.175.220.74 - - [17/Mar/2026:20:43:01 +0700] "POST /wp-cron.php?doing_wp_cron=1773754981.0899770259857177734375 HTTP/1.1" 200 31 "-" "WordPress/6.9.1; https://web.onega.id"
216.75.132.132 - - [17/Mar/2026:20:43:01 +0700] "GET /comments/feed/ HTTP/1.1" 200 715 "-" "Mozilla/5.0 (Macintosh; Intel Mac OS X 10_15_7) AppleWebKit/537.36 (KHTML, like Gecko) Chrome/135.0.0.0 Safari/537.36"
103.175.220.74 - - [17/Mar/2026:21:31:17 +0700] "POST /wp-cron.php?doing_wp_cron=1773757877.2590780258178710937500 HTTP/1.1" 200 31 "-" "WordPress/6.9.1; https://web.onega.id"
194.187.208.215 - - [17/Mar/2026:21:31:17 +0700] "GET /wp-json/ HTTP/1.1" 200 231016 "-" "Opera/8.78.(Windows CE; quz-PE) Presto/2.9.162 Version/11.00"
198.244.168.126 - - [17/Mar/2026:21:31:19 +0700] "GET /news/page/3/ HTTP/1.1" 200 27086 "-" "Mozilla/5.0 (compatible; AhrefsBot/7.0; +http://ahrefs.com/robot/)"
216.73.216.208 - - [17/Mar/2026:21:33:16 +0700] "GET /robots.txt HTTP/1.1" 200 181 "-" "Mozilla/5.0 AppleWebKit/537.36 (KHTML, like Gecko; compatible; ClaudeBot/1.0; +claudebot@anthropic.com)"
216.73.216.208 - - [17/Mar/2026:21:33:17 +0700] "GET /sitemap_index.xml HTTP/1.1" 200 906 "-" "Mozilla/5.0 AppleWebKit/537.36 (KHTML, like Gecko; compatible; ClaudeBot/1.0; +claudebot@anthropic.com)"
104.210.140.138 - - [17/Mar/2026:21:39:47 +0700] "GET /robots.txt HTTP/1.1" 200 181 "-" "Mozilla/5.0 (Macintosh; Intel Mac OS X 10_15_7) AppleWebKit/537.36 (KHTML, like Gecko) Chrome/131.0.0.0 Safari/537.36; compatible; OAI-SearchBot/1.0; +https://openai.com/searchbot"
103.175.220.74 - - [17/Mar/2026:21:44:22 +0700] "POST /wp-cron.php?doing_wp_cron=1773758662.5661211013793945312500 HTTP/1.1" 200 31 "-" "WordPress/6.9.1; https://web.onega.id"
42.105.136.186 - - [17/Mar/2026:21:44:23 +0700] "GET / HTTP/1.1" 200 34047 "-" "Mozilla/5.0 (Android 3.2.3; Mobile; rv:59.0) Gecko/59.0 Firefox/59.0"
85.208.96.200 - - [17/Mar/2026:21:48:45 +0700] "GET /robots.txt HTTP/1.1" 200 181 "-" "Mozilla/5.0 (compatible; SemrushBot/7~bl; +http://www.semrush.com/bot.html)"
85.208.96.200 - - [17/Mar/2026:21:48:47 +0700] "GET /landing-page-untuk-produk-vs-layanan-pendekatan-desain-yang-berbeda/ HTTP/1.1" 200 29031 "-" "Mozilla/5.0 (compatible; SemrushBot/7~bl; +http://www.semrush.com/bot.html)"
14.191.154.43 - - [17/Mar/2026:22:09:55 +0700] "GET /comments/feed/ HTTP/1.1" 200 715 "-" "Mozilla/5.0 (iPod; U; CPU iPhone OS 3_1 like Mac OS X; es-SV) AppleWebKit/534.35.5 (KHTML, like Gecko) Version/3.0.5 Mobile/8B111 Safari/6534.35.5"
47.128.117.232 - - [17/Mar/2026:22:11:47 +0700] "GET /robots.txt HTTP/1.1" 200 181 "-" "-"
47.128.117.30 - - [17/Mar/2026:22:15:40 +0700] "GET /2023/11/07/ HTTP/1.1" 200 28096 "-" "Mozilla/5.0 (Linux; Android 5.0) AppleWebKit/537.36 (KHTML, like Gecko) Mobile Safari/537.36 (compatible; TikTokSpider; ttspider-feedback@tiktok.com)"
103.175.220.74 - - [17/Mar/2026:22:29:39 +0700] "POST /wp-cron.php?doing_wp_cron=1773761379.8327529430389404296875 HTTP/1.1" 200 31 "-" "WordPress/6.9.1; https://web.onega.id"
136.111.215.190 - - [17/Mar/2026:22:29:39 +0700] "GET / HTTP/1.1" 200 34047 "http://web.onega.id" "Mozilla/5.0 (compatible; CMS-Checker/1.0; +https://example.com)"
220.128.205.227 - - [17/Mar/2026:22:35:08 +0700] "GET /news/ HTTP/1.1" 200 26945 "-" "Mozilla/5.0 (Linux; Android 4.2.1) AppleWebKit/535.2 (KHTML, like Gecko) Chrome/49.0.802.0 Safari/535.2"
45.171.186.231 - - [17/Mar/2026:22:41:29 +0700] "GET / HTTP/1.1" 200 34047 "-" "Mozilla/5.0 (iPod; U; CPU iPhone OS 4_2 like Mac OS X; mai-IN) AppleWebKit/531.33.6 (KHTML, like Gecko) Version/4.0.5 Mobile/8B117 Safari/6531.33.6"
47.128.23.210 - - [17/Mar/2026:22:41:40 +0700] "GET /robots.txt HTTP/1.1" 200 181 "-" "Mozilla/5.0 (Linux; Android 5.0) AppleWebKit/537.36 (KHTML, like Gecko) Mobile Safari/537.36 (compatible; Bytespider; spider-feedback@bytedance.com)"
103.175.220.74 - - [17/Mar/2026:22:53:53 +0700] "POST /wp-cron.php?doing_wp_cron=1773762833.7768340110778808593750 HTTP/1.1" 200 31 "-" "WordPress/6.9.1; https://web.onega.id"
52.45.15.233 - - [17/Mar/2026:22:53:53 +0700] "GET /cara-membuat-landing-page-yang-ramah-seo-desain-minimalis-vs-desain-berwarna/feed/ HTTP/1.1" 200 934 "-" "Mozilla/5.0 AppleWebKit/537.36 (KHTML, like Gecko; compatible; Amazonbot/0.1; +https://developer.amazon.com/support/amazonbot) Chrome/119.0.6045.214 Safari/537.36"
34.231.156.59 - - [17/Mar/2026:22:53:57 +0700] "GET /wp-json/oembed/1.0/embed?url=https://web.onega.id/pentingnya-menyematkan-cta-yang-strategis-di-seluruh-landing-page/ HTTP/1.1" 200 3030 "-" "Mozilla/5.0 AppleWebKit/537.36 (KHTML, like Gecko; compatible; Amazonbot/0.1; +https://developer.amazon.com/support/amazonbot) Chrome/119.0.6045.214 Safari/537.36"
207.180.11.236 - - [17/Mar/2026:22:54:50 +0700] "GET /wp-json/oembed/1.0/embed?url=https%3A%2F%2Fweb.onega.id%2Fmengukur-kinerja-landing-page-anda-metrik-yang-harus-anda-perhatikan%2F HTTP/1.1" 200 3028 "-" "Mozilla/5.0 (Macintosh; Intel Mac OS X 10_15_7) AppleWebKit/537.36 (KHTML, like Gecko) Chrome/135.0.0.0 Safari/537.36"
92.222.104.211 - - [17/Mar/2026:22:58:53 +0700] "GET /robots.txt HTTP/1.1" 200 181 "-" "Mozilla/5.0 (compatible; AhrefsBot/7.0; +http://ahrefs.com/robot/)"
107.23.254.48 - - [17/Mar/2026:22:58:55 +0700] "GET /_ignition/execute-solution HTTP/1.1" 404 23251 "-" "Mozilla/5.0 (Macintosh; Intel Mac OS X 10_15_7) AppleWebKit/605.1.15 (KHTML, like Gecko) Version/17.7 Mobile/15E148 Safari/604.1"
37.59.204.145 - - [17/Mar/2026:22:58:56 +0700] "GET /news/page/7/ HTTP/1.1" 200 27063 "-" "Mozilla/5.0 (compatible; AhrefsBot/7.0; +http://ahrefs.com/robot/)"
43.131.39.179 - - [17/Mar/2026:22:59:24 +0700] "GET / HTTP/1.1" 200 34047 "http://web.onega.id" "Mozilla/5.0 (iPhone; CPU iPhone OS 13_2_3 like Mac OS X) AppleWebKit/605.1.15 (KHTML, like Gecko) Version/13.0.3 Mobile/15E148 Safari/604.1"
216.75.132.39 - - [17/Mar/2026:23:06:04 +0700] "GET /wp-json/wp/v2/posts/1257 HTTP/1.1" 200 28361 "-" "Mozilla/5.0 (Macintosh; Intel Mac OS X 10_15_7) AppleWebKit/537.36 (KHTML, like Gecko) Chrome/135.0.0.0 Safari/537.36"
82.156.133.230 - - [17/Mar/2026:23:14:43 +0700] "GET /cara-menyusun-cerita-yang-memikat-di-landing-page-anda/ HTTP/1.1" 200 29329 "-" "Mozilla/5.0 (Macintosh; Intel Mac OS X 10_15_7) AppleWebKit/537.36 (KHTML, like Gecko) Chrome/145.0.0.0 Safari/537.36"
52.0.162.195 - - [17/Mar/2026:23:21:42 +0700] "HEAD /membangun-landing-page-yang-efektif-dengan-anggaran-terbatas/ HTTP/1.1" 200 0 "-" "Mozilla/5.0 AppleWebKit/605.1.15 (KHTML, like Gecko) Chrome/139.0.0.0 Safari/605.1.15"
103.175.220.74 - - [17/Mar/2026:23:26:54 +0700] "POST /wp-cron.php?doing_wp_cron=1773764814.8538799285888671875000 HTTP/1.1" 200 31 "-" "WordPress/6.9.1; https://web.onega.id"
100.28.49.152 - - [17/Mar/2026:23:26:54 +0700] "GET /mengapa-typography-adalah-kunci-dalam-desain-landing-page-yang-sukses/ HTTP/1.1" 200 28880 "-" "Mozilla/5.0 AppleWebKit/537.36 (KHTML, like Gecko; compatible; Amazonbot/0.1; +https://developer.amazon.com/support/amazonbot) Chrome/119.0.6045.214 Safari/537.36"
103.175.220.74 - - [17/Mar/2026:23:30:54 +0700] "POST /wp-cron.php?doing_wp_cron=1773765054.4386410713195800781250 HTTP/1.1" 200 31 "-" "WordPress/6.9.1; https://web.onega.id"
85.226.18.173 - - [17/Mar/2026:23:30:54 +0700] "GET /feed/ HTTP/1.1" 200 130508 "-" "Mozilla/5.0 (iPod; U; CPU iPhone OS 4_1 like Mac OS X; eu-FR) AppleWebKit/531.37.1 (KHTML, like Gecko) Version/3.0.5 Mobile/8B113 Safari/6531.37.1"
18.214.238.178 - - [17/Mar/2026:23:44:14 +0700] "GET /pentingnya-desain-menarik-dalam-landing-page/ HTTP/1.1" 200 28429 "-" "Mozilla/5.0 AppleWebKit/537.36 (KHTML, like Gecko; compatible; Amazonbot/0.1; +https://developer.amazon.com/support/amazonbot) Chrome/119.0.6045.214 Safari/537.36"
52.44.148.203 - - [17/Mar/2026:23:50:31 +0700] "GET /portfolio/ HTTP/1.1" 200 26413 "-" "Mozilla/5.0 AppleWebKit/537.36 (KHTML, like Gecko; compatible; Amazonbot/0.1; +https://developer.amazon.com/support/amazonbot) Chrome/119.0.6045.214 Safari/537.36"
103.175.220.74 - - [17/Mar/2026:23:58:14 +0700] "POST /wp-cron.php?doing_wp_cron=1773766694.3046910762786865234375 HTTP/1.1" 200 31 "-" "WordPress/6.9.1; https://web.onega.id"
98.83.72.38 - - [17/Mar/2026:23:58:14 +0700] "GET /peran-landing-page-dalam-kesuksesan-kampanye-pemasaran-online/ HTTP/1.1" 200 28685 "-" "Mozilla/5.0 AppleWebKit/537.36 (KHTML, like Gecko; compatible; Amazonbot/0.1; +https://developer.amazon.com/support/amazonbot) Chrome/119.0.6045.214 Safari/537.36"
23.21.250.48 - - [17/Mar/2026:23:59:23 +0700] "GET /mengapa-landing-page-yang-didesain-dengan-baik-membantu-meningkatkan-kepercayaan-pelanggan/ HTTP/1.1" 200 28969 "-" "Mozilla/5.0 AppleWebKit/537.36 (KHTML, like Gecko; compatible; Amazonbot/0.1; +https://developer.amazon.com/support/amazonbot) Chrome/119.0.6045.214 Safari/537.36"
216.73.216.208 - - [18/Mar/2026:00:11:29 +0700] "GET /robots.txt HTTP/1.1" 200 181 "-" "Mozilla/5.0 AppleWebKit/537.36 (KHTML, like Gecko; compatible; ClaudeBot/1.0; +claudebot@anthropic.com)"
216.73.216.208 - - [18/Mar/2026:00:11:29 +0700] "GET /sitemap_index.xml HTTP/1.1" 200 906 "-" "Mozilla/5.0 AppleWebKit/537.36 (KHTML, like Gecko; compatible; ClaudeBot/1.0; +claudebot@anthropic.com)"
100.28.49.152 - - [18/Mar/2026:00:18:14 +0700] "GET /menggunakan-landing-page-untuk-memperkenalkan-produk-atau-layanan-baru/ HTTP/1.1" 200 28590 "-" "Mozilla/5.0 AppleWebKit/537.36 (KHTML, like Gecko; compatible; Amazonbot/0.1; +https://developer.amazon.com/support/amazonbot) Chrome/119.0.6045.214 Safari/537.36"
54.82.57.242 - - [18/Mar/2026:00:23:08 +0700] "HEAD /tren-desain-landing-page-terbaru-tahun-ini/ HTTP/1.1" 200 0 "-" "Mozilla/5.0 AppleWebKit/605.1.15 (KHTML, like Gecko) Chrome/139.0.0.0 Safari/605.1.15"
103.175.220.74 - - [18/Mar/2026:00:25:46 +0700] "POST /wp-cron.php?doing_wp_cron=1773768346.6372029781341552734375 HTTP/1.1" 200 31 "-" "WordPress/6.9.1; https://web.onega.id"
54.147.238.89 - - [18/Mar/2026:00:25:46 +0700] "GET /news/page/14/ HTTP/1.1" 200 26969 "-" "Mozilla/5.0 AppleWebKit/537.36 (KHTML, like Gecko; compatible; Amazonbot/0.1; +https://developer.amazon.com/support/amazonbot) Chrome/119.0.6045.214 Safari/537.36"
103.175.220.74 - - [18/Mar/2026:00:31:57 +0700] "POST /wp-cron.php?doing_wp_cron=1773768717.2335848808288574218750 HTTP/1.1" 200 31 "-" "WordPress/6.9.1; https://web.onega.id"
74.7.244.5 - - [18/Mar/2026:00:31:57 +0700] "GET /robots.txt HTTP/1.1" 200 181 "-" "Mozilla/5.0 (Macintosh; Intel Mac OS X 10_15_7) AppleWebKit/537.36 (KHTML, like Gecko) Chrome/131.0.0.0 Safari/537.36; compatible; OAI-SearchBot/1.3; robots.txt; +https://openai.com/searchbot"
35.169.240.53 - - [18/Mar/2026:00:42:50 +0700] "GET /tips-copywriting-untuk-mengoptimalkan-landing-page-anda/ HTTP/1.1" 200 29574 "-" "Mozilla/5.0 AppleWebKit/537.36 (KHTML, like Gecko; compatible; Amazonbot/0.1; +https://developer.amazon.com/support/amazonbot) Chrome/119.0.6045.214 Safari/537.36"
52.6.97.88 - - [18/Mar/2026:00:44:44 +0700] "GET /cara-mengukur-keberhasilan-landing-page/feed/ HTTP/1.1" 200 820 "-" "Mozilla/5.0 AppleWebKit/537.36 (KHTML, like Gecko; compatible; Amazonbot/0.1; +https://developer.amazon.com/support/amazonbot) Chrome/119.0.6045.214 Safari/537.36"
34.231.118.144 - - [18/Mar/2026:00:47:23 +0700] "GET /news/page/15/ HTTP/1.1" 200 27020 "-" "Mozilla/5.0 AppleWebKit/537.36 (KHTML, like Gecko; compatible; Amazonbot/0.1; +https://developer.amazon.com/support/amazonbot) Chrome/119.0.6045.214 Safari/537.36"
54.84.169.196 - - [18/Mar/2026:00:47:39 +0700] "GET /memahami-peran-call-to-action-cta-dalam-meningkatkan-konversi/ HTTP/1.1" 200 29541 "-" "Mozilla/5.0 AppleWebKit/537.36 (KHTML, like Gecko; compatible; Amazonbot/0.1; +https://developer.amazon.com/support/amazonbot) Chrome/119.0.6045.214 Safari/537.36"
103.175.220.74 - - [18/Mar/2026:01:01:28 +0700] "POST /wp-cron.php?doing_wp_cron=1773770486.9542000293731689453125 HTTP/1.1" 200 31 "-" "WordPress/6.9.1; https://web.onega.id"
49.232.223.250 - - [18/Mar/2026:01:01:29 +0700] "GET /cara-menggunakan-video-dalam-landing-page-untuk-meningkatkan-keterlibatan-pengunjung/ HTTP/1.1" 200 29138 "-" "Mozilla/5.0 (Windows NT 10.0; Win64; x64) AppleWebKit/537.36 (KHTML, like Gecko) Chrome/141.0.0.0 Safari/537.36"
103.175.220.74 - - [18/Mar/2026:01:30:23 +0700] "POST /wp-cron.php?doing_wp_cron=1773772222.5302009582519531250000 HTTP/1.1" 200 31 "-" "WordPress/6.9.1; https://web.onega.id"
44.216.172.204 - - [18/Mar/2026:01:30:23 +0700] "GET /wp-json/oembed/1.0/embed?url=https://web.onega.id/pentingnya-integrasi-data-pada-landing-page-membuat-keputusan-yang-informatif/ HTTP/1.1" 200 3184 "-" "Mozilla/5.0 AppleWebKit/537.36 (KHTML, like Gecko; compatible; Amazonbot/0.1; +https://developer.amazon.com/support/amazonbot) Chrome/119.0.6045.214 Safari/537.36"
34.192.67.98 - - [18/Mar/2026:01:38:15 +0700] "GET /wp-json/wp/v2/posts/2268 HTTP/1.1" 200 30498 "-" "Mozilla/5.0 AppleWebKit/537.36 (KHTML, like Gecko; compatible; Amazonbot/0.1; +https://developer.amazon.com/support/amazonbot) Chrome/119.0.6045.214 Safari/537.36"
3.214.176.44 - - [18/Mar/2026:01:38:19 +0700] "GET /wp-json/oembed/1.0/embed?url=https://web.onega.id/menyusun-checklist-penting-sebelum-meluncurkan-landing-page/ HTTP/1.1" 200 3027 "-" "Mozilla/5.0 AppleWebKit/537.36 (KHTML, like Gecko; compatible; Amazonbot/0.1; +https://developer.amazon.com/support/amazonbot) Chrome/119.0.6045.214 Safari/537.36"
216.73.216.208 - - [18/Mar/2026:01:46:05 +0700] "GET /robots.txt HTTP/1.1" 200 181 "-" "Mozilla/5.0 AppleWebKit/537.36 (KHTML, like Gecko; compatible; ClaudeBot/1.0; +claudebot@anthropic.com)"
216.73.216.208 - - [18/Mar/2026:01:46:06 +0700] "GET / HTTP/1.1" 200 34047 "-" "Mozilla/5.0 AppleWebKit/537.36 (KHTML, like Gecko; compatible; ClaudeBot/1.0; +claudebot@anthropic.com)"
3.213.46.222 - - [18/Mar/2026:01:58:02 +0700] "GET /wp-json/oembed/1.0/embed?format=xml&url=https://web.onega.id/menggunakan-landing-page-untuk-meningkatkan-keanggotaan-langganan/ HTTP/1.1" 200 3261 "-" "Mozilla/5.0 AppleWebKit/537.36 (KHTML, like Gecko; compatible; Amazonbot/0.1; +https://developer.amazon.com/support/amazonbot) Chrome/119.0.6045.214 Safari/537.36"
103.175.220.74 - - [18/Mar/2026:02:16:14 +0700] "POST /wp-cron.php?doing_wp_cron=1773774974.3941330909729003906250 HTTP/1.1" 200 31 "-" "WordPress/6.9.1; https://web.onega.id"
103.175.220.74 - - [18/Mar/2026:02:16:14 +0700] "POST /wp-cron.php?doing_wp_cron=1773774974.4780230522155761718750 HTTP/1.1" 200 31 "-" "WordPress/6.9.1; https://web.onega.id"
43.173.175.42 - - [18/Mar/2026:02:16:14 +0700] "GET /?p=2449 HTTP/1.1" 301 5 "-" "Mozilla/5.0 (Windows NT 10.0; Win64; x64) AppleWebKit/537.36 (KHTML, like Gecko) Chrome/104.0.5112.81 Safari/537.36"
43.173.182.13 - - [18/Mar/2026:02:16:15 +0700] "GET /apa-itu-landing-page-dan-mengapa-penting-untuk-bisnis-anda/ HTTP/1.1" 200 29276 "-" "Mozilla/5.0 (Windows NT 10.0; Win64; x64) AppleWebKit/537.36 (KHTML, like Gecko) Chrome/104.0.5112.81 Safari/537.36"
103.175.220.74 - - [18/Mar/2026:02:54:18 +0700] "POST /wp-cron.php?doing_wp_cron=1773777258.4832799434661865234375 HTTP/1.1" 200 31 "-" "WordPress/6.9.1; https://web.onega.id"
136.111.39.162 - - [18/Mar/2026:02:54:18 +0700] "GET / HTTP/1.1" 200 34047 "http://web.onega.id" "Mozilla/5.0 (compatible; CMS-Checker/1.0; +https://example.com)"
42.193.114.229 - - [18/Mar/2026:03:02:11 +0700] "GET /cara-mengoptimalkan-landing-page-untuk-seo/ HTTP/1.1" 200 28589 "-" "Mozilla/5.0 (Windows NT 10.0; Win64; x64) AppleWebKit/537.36 (KHTML, like Gecko) Chrome/143.0.0.0 Safari/537.36"
185.191.171.19 - - [18/Mar/2026:03:05:48 +0700] "GET /robots.txt HTTP/1.1" 200 181 "-" "Mozilla/5.0 (compatible; SemrushBot/7~bl; +http://www.semrush.com/bot.html)"
85.208.96.205 - - [18/Mar/2026:03:05:49 +0700] "GET /author/admin/page/5/ HTTP/1.1" 200 28768 "-" "Mozilla/5.0 (compatible; SemrushBot/7~bl; +http://www.semrush.com/bot.html)"
184.73.239.35 - - [18/Mar/2026:03:07:22 +0700] "GET /ulasan-pelanggan-studi-kasus-keberhasilan-landing-page/feed/ HTTP/1.1" 200 867 "-" "Mozilla/5.0 AppleWebKit/537.36 (KHTML, like Gecko; compatible; Amazonbot/0.1; +https://developer.amazon.com/support/amazonbot) Chrome/119.0.6045.214 Safari/537.36"
45.148.10.231 - - [18/Mar/2026:03:08:50 +0700] "GET / HTTP/1.1" 200 34047 "-" "Mozilla/5.0 (X11; Linux x86_64) AppleWebKit/537.36 (KHTML, like Gecko) Chrome/131.0.0.0 Safari/537.36"
45.148.10.231 - - [18/Mar/2026:03:08:52 +0700] "GET / HTTP/1.1" 200 34047 "-" "Mozilla/5.0 (Windows NT 10.0; Win64; x64; rv:133.0) Gecko/20100101 Firefox/133.0"
45.148.10.231 - - [18/Mar/2026:03:08:52 +0700] "GET /.env.backup HTTP/1.1" 403 196 "-" "Mozilla/5.0 (X11; Linux x86_64) AppleWebKit/537.36 (KHTML, like Gecko) Chrome/131.0.0.0 Safari/537.36"
45.148.10.231 - - [18/Mar/2026:03:08:52 +0700] "GET /backend/.env HTTP/1.1" 403 196 "-" "Mozilla/5.0 (Macintosh; Intel Mac OS X 10_15_7) AppleWebKit/537.36 (KHTML, like Gecko) Chrome/131.0.0.0 Safari/537.36"
45.148.10.231 - - [18/Mar/2026:03:08:52 +0700] "GET /admin/.env HTTP/1.1" 403 134 "-" "Mozilla/5.0 (Windows NT 10.0; Win64; x64; rv:133.0) Gecko/20100101 Firefox/133.0"
45.148.10.231 - - [18/Mar/2026:03:08:53 +0700] "GET /.git/config HTTP/1.1" 403 134 "-" "Mozilla/5.0 (Windows NT 10.0; Win64; x64; rv:133.0) Gecko/20100101 Firefox/133.0"
45.148.10.231 - - [18/Mar/2026:03:08:53 +0700] "GET /wp-config.php HTTP/1.1" 403 134 "-" "Mozilla/5.0 (Windows NT 10.0; Win64; x64; rv:133.0) Gecko/20100101 Firefox/133.0"
45.148.10.231 - - [18/Mar/2026:03:08:54 +0700] "GET /_debugbar/ HTTP/1.1" 404 23249 "-" "Mozilla/5.0 (Windows NT 10.0; Win64; x64) AppleWebKit/537.36 (KHTML, like Gecko) Chrome/131.0.0.0 Safari/537.36"
45.148.10.231 - - [18/Mar/2026:03:08:55 +0700] "GET /debugbar/ HTTP/1.1" 404 23249 "-" "Mozilla/5.0 (Macintosh; Intel Mac OS X 10_15_7) AppleWebKit/537.36 (KHTML, like Gecko) Chrome/131.0.0.0 Safari/537.36"
45.148.10.231 - - [18/Mar/2026:03:08:56 +0700] "GET /debug/ HTTP/1.1" 404 23249 "-" "Mozilla/5.0 (X11; Linux x86_64) AppleWebKit/537.36 (KHTML, like Gecko) Chrome/131.0.0.0 Safari/537.36"
45.148.10.231 - - [18/Mar/2026:03:08:56 +0700] "GET /phpinfo.php HTTP/1.1" 404 197 "-" "Mozilla/5.0 (X11; Linux x86_64) AppleWebKit/537.36 (KHTML, like Gecko) Chrome/131.0.0.0 Safari/537.36"
45.148.10.231 - - [18/Mar/2026:03:08:57 +0700] "GET /info.php HTTP/1.1" 404 197 "-" "Mozilla/5.0 (Macintosh; Intel Mac OS X 10_15_7) AppleWebKit/537.36 (KHTML, like Gecko) Chrome/131.0.0.0 Safari/537.36"
45.148.10.231 - - [18/Mar/2026:03:08:57 +0700] "GET /test.php HTTP/1.1" 404 197 "-" "Mozilla/5.0 (Macintosh; Intel Mac OS X 10_15_7) AppleWebKit/537.36 (KHTML, like Gecko) Chrome/131.0.0.0 Safari/537.36"
45.148.10.231 - - [18/Mar/2026:03:08:57 +0700] "GET /.aws/credentials HTTP/1.1" 403 196 "-" "Mozilla/5.0 (X11; Linux x86_64) AppleWebKit/537.36 (KHTML, like Gecko) Chrome/131.0.0.0 Safari/537.36"
45.148.10.231 - - [18/Mar/2026:03:08:57 +0700] "GET /.aws/config HTTP/1.1" 403 196 "-" "Mozilla/5.0 (X11; Linux x86_64) AppleWebKit/537.36 (KHTML, like Gecko) Chrome/131.0.0.0 Safari/537.36"
45.148.10.231 - - [18/Mar/2026:03:08:58 +0700] "GET /aws-credentials HTTP/1.1" 404 23249 "-" "Mozilla/5.0 (Macintosh; Intel Mac OS X 10_15_7) AppleWebKit/537.36 (KHTML, like Gecko) Chrome/131.0.0.0 Safari/537.36"
45.148.10.231 - - [18/Mar/2026:03:08:59 +0700] "GET /aws.json HTTP/1.1" 404 23249 "-" "Mozilla/5.0 (X11; Linux x86_64) AppleWebKit/537.36 (KHTML, like Gecko) Chrome/131.0.0.0 Safari/537.36"
45.148.10.231 - - [18/Mar/2026:03:08:59 +0700] "GET /.s3cfg HTTP/1.1" 403 196 "-" "Mozilla/5.0 (X11; Linux x86_64) AppleWebKit/537.36 (KHTML, like Gecko) Chrome/131.0.0.0 Safari/537.36"
45.148.10.231 - - [18/Mar/2026:03:08:51 +0700] "GET /.env HTTP/1.1" 403 196 "-" "Mozilla/5.0 (Windows NT 10.0; Win64; x64) AppleWebKit/537.36 (KHTML, like Gecko) Chrome/131.0.0.0 Safari/537.36"
45.148.10.231 - - [18/Mar/2026:03:08:51 +0700] "GET /.env.bak HTTP/1.1" 403 196 "-" "Mozilla/5.0 (Macintosh; Intel Mac OS X 10_15_7) AppleWebKit/537.36 (KHTML, like Gecko) Chrome/131.0.0.0 Safari/537.36"
45.148.10.231 - - [18/Mar/2026:03:08:52 +0700] "GET /.env.save HTTP/1.1" 403 196 "-" "Mozilla/5.0 (X11; Linux x86_64) AppleWebKit/537.36 (KHTML, like Gecko) Chrome/131.0.0.0 Safari/537.36"
103.175.220.74 - - [18/Mar/2026:03:39:24 +0700] "POST /wp-cron.php?doing_wp_cron=1773779964.6652190685272216796875 HTTP/1.1" 200 31 "-" "WordPress/6.9.1; https://web.onega.id"
103.175.220.74 - - [18/Mar/2026:03:39:24 +0700] "POST /wp-cron.php?doing_wp_cron=1773779964.7542660236358642578125 HTTP/1.1" 200 31 "-" "WordPress/6.9.1; https://web.onega.id"
216.73.216.208 - - [18/Mar/2026:03:39:24 +0700] "GET /robots.txt HTTP/1.1" 200 181 "-" "Mozilla/5.0 AppleWebKit/537.36 (KHTML, like Gecko; compatible; ClaudeBot/1.0; +claudebot@anthropic.com)"
216.73.216.208 - - [18/Mar/2026:03:39:25 +0700] "GET /sitemap_index.xml HTTP/1.1" 200 906 "-" "Mozilla/5.0 AppleWebKit/537.36 (KHTML, like Gecko; compatible; ClaudeBot/1.0; +claudebot@anthropic.com)"
136.111.39.162 - - [18/Mar/2026:03:51:14 +0700] "GET / HTTP/1.1" 200 173783 "-" "Mozilla/5.0 (Windows NT 10.0; Win64; x64) AppleWebKit/537.36 (KHTML, like Gecko) Chrome/78.0.3904.108 Safari/537.36"
136.111.39.162 - - [18/Mar/2026:03:51:15 +0700] "GET //wp-includes/wlwmanifest.xml HTTP/1.1" 301 5 "-" "Mozilla/5.0 (Windows NT 10.0; Win64; x64) AppleWebKit/537.36 (KHTML, like Gecko) Chrome/78.0.3904.108 Safari/537.36"
136.111.39.162 - - [18/Mar/2026:03:51:15 +0700] "GET //xmlrpc.php?rsd HTTP/1.1" 403 564 "-" "Mozilla/5.0 (Windows NT 10.0; Win64; x64) AppleWebKit/537.36 (KHTML, like Gecko) Chrome/78.0.3904.108 Safari/537.36"
136.111.39.162 - - [18/Mar/2026:03:51:17 +0700] "GET / HTTP/1.1" 200 173783 "-" "Mozilla/5.0 (Windows NT 10.0; Win64; x64) AppleWebKit/537.36 (KHTML, like Gecko) Chrome/78.0.3904.108 Safari/537.36"
136.111.39.162 - - [18/Mar/2026:03:51:18 +0700] "GET //?author=1 HTTP/1.1" 302 5 "-" "Mozilla/5.0 (Windows NT 10.0; Win64; x64) AppleWebKit/537.36 (KHTML, like Gecko) Chrome/78.0.3904.108 Safari/537.36"
136.111.39.162 - - [18/Mar/2026:03:51:18 +0700] "GET //?author=2 HTTP/1.1" 302 5 "-" "Mozilla/5.0 (Windows NT 10.0; Win64; x64) AppleWebKit/537.36 (KHTML, like Gecko) Chrome/78.0.3904.108 Safari/537.36"
136.111.39.162 - - [18/Mar/2026:03:51:18 +0700] "GET //wp-json/wp/v2/users/ HTTP/1.1" 200 8294 "-" "Mozilla/5.0 (Windows NT 10.0; Win64; x64) AppleWebKit/537.36 (KHTML, like Gecko) Chrome/78.0.3904.108 Safari/537.36"
136.111.39.162 - - [18/Mar/2026:03:51:19 +0700] "GET //wp-json/oembed/1.0/embed?url=https://web.onega.id/ HTTP/1.1" 200 2637 "-" "Mozilla/5.0 (Windows NT 10.0; Win64; x64) AppleWebKit/537.36 (KHTML, like Gecko) Chrome/78.0.3904.108 Safari/537.36"
136.111.39.162 - - [18/Mar/2026:03:51:19 +0700] "POST //xmlrpc.php HTTP/1.1" 403 564 "-" "Mozilla/5.0 (Windows NT 10.0; Win64; x64) AppleWebKit/537.36 (KHTML, like Gecko) Chrome/78.0.3904.108 Safari/537.36"
185.191.171.12 - - [18/Mar/2026:04:03:04 +0700] "GET /memilih-gambar-yang-tepat-untuk-landing-page-anda/ HTTP/1.1" 200 28781 "-" "Mozilla/5.0 (compatible; SemrushBot/7~bl; +http://www.semrush.com/bot.html)"
216.73.216.208 - - [18/Mar/2026:04:13:50 +0700] "GET /sitemap_index.xml HTTP/1.1" 200 906 "-" "Mozilla/5.0 AppleWebKit/537.36 (KHTML, like Gecko; compatible; ClaudeBot/1.0; +claudebot@anthropic.com)"
34.193.2.57 - - [18/Mar/2026:04:23:34 +0700] "GET /menyesuaikan-landing-page-dengan-segmentasi-audiens-anda/feed/ HTTP/1.1" 200 871 "-" "Mozilla/5.0 AppleWebKit/537.36 (KHTML, like Gecko; compatible; Amazonbot/0.1; +https://developer.amazon.com/support/amazonbot) Chrome/119.0.6045.214 Safari/537.36"
23.21.225.190 - - [18/Mar/2026:04:23:38 +0700] "GET /wp-json/wp/v2/posts/2259 HTTP/1.1" 200 31117 "-" "Mozilla/5.0 AppleWebKit/537.36 (KHTML, like Gecko; compatible; Amazonbot/0.1; +https://developer.amazon.com/support/amazonbot) Chrome/119.0.6045.214 Safari/537.36"
3.220.70.171 - - [18/Mar/2026:04:23:44 +0700] "GET /wp-json/wp/v2/posts/2216 HTTP/1.1" 200 35600 "-" "Mozilla/5.0 AppleWebKit/537.36 (KHTML, like Gecko; compatible; Amazonbot/0.1; +https://developer.amazon.com/support/amazonbot) Chrome/119.0.6045.214 Safari/537.36"
23.23.212.212 - - [18/Mar/2026:04:23:47 +0700] "GET /wp-json/oembed/1.0/embed?format=xml&url=https://web.onega.id/ulasan-pelanggan-studi-kasus-keberhasilan-landing-page/ HTTP/1.1" 200 3207 "-" "Mozilla/5.0 AppleWebKit/537.36 (KHTML, like Gecko; compatible; Amazonbot/0.1; +https://developer.amazon.com/support/amazonbot) Chrome/119.0.6045.214 Safari/537.36"
103.175.220.74 - - [18/Mar/2026:04:30:27 +0700] "POST /wp-cron.php?doing_wp_cron=1773783027.2841050624847412109375 HTTP/1.1" 200 31 "-" "WordPress/6.9.1; https://web.onega.id"
43.156.109.53 - - [18/Mar/2026:04:30:27 +0700] "GET / HTTP/1.1" 200 34047 "http://web.onega.id" "Mozilla/5.0 (iPhone; CPU iPhone OS 13_2_3 like Mac OS X) AppleWebKit/605.1.15 (KHTML, like Gecko) Version/13.0.3 Mobile/15E148 Safari/604.1"
193.32.248.184 - - [18/Mar/2026:04:56:12 +0700] "GET /wp-login.php HTTP/1.1" 200 2286 "https://www.google.com/" "Mozilla/5.0 (Macintosh; Intel Mac OS X 10_15_7; rv:120.0) Gecko/20100101 Firefox/120.0"
193.32.248.184 - - [18/Mar/2026:04:56:13 +0700] "GET /?author=1 HTTP/1.1" 302 5 "https://duckduckgo.com/" "Mozilla/5.0 (Windows NT 10.0; Win64; x64; rv:120.0) Gecko/20100101 Firefox/120.0"
193.32.248.184 - - [18/Mar/2026:04:56:13 +0700] "GET /?author=2 HTTP/1.1" 302 5 "https://www.google.com/" "Mozilla/5.0 (Macintosh; Intel Mac OS X 10_15_7; rv:120.0) Gecko/20100101 Firefox/120.0"
193.32.248.184 - - [18/Mar/2026:04:56:14 +0700] "GET /?author=3 HTTP/1.1" 302 5 "https://www.google.com/" "Mozilla/5.0 (Macintosh; Intel Mac OS X 13_6_1; rv:119.0) Gecko/20100101 Firefox/119.0"
193.32.248.184 - - [18/Mar/2026:04:56:14 +0700] "GET /?author=4 HTTP/1.1" 302 5 "https://wordpress.org/" "Mozilla/5.0 (Windows NT 11.0; Win64; x64) AppleWebKit/537.36 (KHTML, like Gecko) Chrome/119.0.0.0 Safari/537.36"
193.32.248.184 - - [18/Mar/2026:04:56:15 +0700] "GET /?author=5 HTTP/1.1" 302 5 "https://duckduckgo.com/" "Mozilla/5.0 (Macintosh; Intel Mac OS X 10_15_7) AppleWebKit/605.1.15 (KHTML, like Gecko) Version/17.0 Safari/605.1.15"
193.32.248.184 - - [18/Mar/2026:04:56:15 +0700] "GET /wp-json/wp/v2/users HTTP/1.1" 200 8294 "https://www.facebook.com/" "Mozilla/5.0 (Macintosh; Intel Mac OS X 13_6_1) AppleWebKit/605.1.15 (KHTML, like Gecko) Version/17.0 Safari/605.1.15"
193.32.248.184 - - [18/Mar/2026:04:56:16 +0700] "POST /wp-login.php HTTP/1.1" 200 2463 "https://web.onega.id/wp-login.php" "Mozilla/5.0 (X11; Ubuntu; Linux x86_64) AppleWebKit/537.36 (KHTML, like Gecko) Chrome/119.0.0.0 Safari/537.36"
193.32.248.184 - - [18/Mar/2026:04:56:17 +0700] "POST /wp-login.php HTTP/1.1" 200 2448 "https://web.onega.id/wp-login.php" "Mozilla/5.0 (Macintosh; Intel Mac OS X 13_6_1) AppleWebKit/605.1.15 (KHTML, like Gecko) Version/16.6 Safari/605.1.15"
193.32.248.184 - - [18/Mar/2026:04:56:17 +0700] "POST /wp-login.php HTTP/1.1" 200 2448 "https://web.onega.id/wp-login.php" "Mozilla/5.0 (Windows NT 10.0; Win64; x64; rv:120.0) Gecko/20100101 Firefox/120.0"
193.32.248.184 - - [18/Mar/2026:04:56:18 +0700] "POST /wp-login.php HTTP/1.1" 200 2448 "https://web.onega.id/wp-login.php" "Mozilla/5.0 (Windows NT 11.0; Win64; x64; rv:119.0) Gecko/20100101 Firefox/119.0"
193.32.248.184 - - [18/Mar/2026:04:56:18 +0700] "POST /wp-login.php HTTP/1.1" 200 2448 "https://web.onega.id/wp-login.php" "Mozilla/5.0 (Windows NT 10.0; Win64; x64; rv:118.0) Gecko/20100101 Firefox/118.0"
193.32.248.184 - - [18/Mar/2026:04:56:19 +0700] "POST /wp-login.php HTTP/1.1" 200 2448 "https://web.onega.id/wp-login.php" "Mozilla/5.0 (Macintosh; Intel Mac OS X 13_6_1; rv:118.0) Gecko/20100101 Firefox/118.0"
193.32.248.184 - - [18/Mar/2026:04:56:20 +0700] "POST /wp-login.php HTTP/1.1" 200 2448 "https://web.onega.id/wp-login.php" "Mozilla/5.0 (Macintosh; Intel Mac OS X 10_15_7) AppleWebKit/605.1.15 (KHTML, like Gecko) Version/17.2 Safari/605.1.15"
