54.144.185.255 - - [20/Mar/2026:21:00:11 +0700] "GET /2023/11/09/ HTTP/1.1" 200 26576 "-" "Mozilla/5.0 AppleWebKit/537.36 (KHTML, like Gecko; compatible; Amazonbot/0.1; +https://developer.amazon.com/support/amazonbot) Chrome/119.0.6045.214 Safari/537.36"
91.92.243.243 - - [20/Mar/2026:21:04:58 +0700] "POST /wp-login.php HTTP/1.1" 200 6551 "-" "Mozilla/5.0"
91.92.243.243 - - [20/Mar/2026:21:11:59 +0700] "POST /wp-login.php HTTP/1.1" 200 6551 "-" "Mozilla/5.0"
91.92.243.243 - - [20/Mar/2026:21:18:52 +0700] "POST /wp-login.php HTTP/1.1" 200 6551 "-" "Mozilla/5.0"
103.175.220.74 - - [20/Mar/2026:21:19:12 +0700] "POST /wp-cron.php?doing_wp_cron=1774016351.9564480781555175781250 HTTP/1.1" 200 31 "-" "WordPress/6.9.1; https://web.onega.id"
43.157.153.236 - - [20/Mar/2026:21:19:12 +0700] "GET / HTTP/1.1" 200 34047 "http://web.onega.id" "Mozilla/5.0 (iPhone; CPU iPhone OS 13_2_3 like Mac OS X) AppleWebKit/605.1.15 (KHTML, like Gecko) Version/13.0.3 Mobile/15E148 Safari/604.1"
103.175.220.74 - - [20/Mar/2026:21:25:44 +0700] "POST /wp-cron.php?doing_wp_cron=1774016744.9471569061279296875000 HTTP/1.1" 200 31 "-" "WordPress/6.9.1; https://web.onega.id"
91.92.243.243 - - [20/Mar/2026:21:25:45 +0700] "POST /wp-login.php HTTP/1.1" 200 6551 "-" "Mozilla/5.0"
103.175.220.74 - - [20/Mar/2026:21:32:42 +0700] "POST /wp-cron.php?doing_wp_cron=1774017162.1679019927978515625000 HTTP/1.1" 200 31 "-" "WordPress/6.9.1; https://web.onega.id"
91.92.243.243 - - [20/Mar/2026:21:32:42 +0700] "POST /wp-login.php HTTP/1.1" 200 6551 "-" "Mozilla/5.0"
91.92.243.243 - - [20/Mar/2026:21:39:31 +0700] "POST /wp-login.php HTTP/1.1" 200 6551 "-" "Mozilla/5.0"
91.92.243.243 - - [20/Mar/2026:21:46:20 +0700] "POST /wp-login.php HTTP/1.1" 200 6551 "-" "Mozilla/5.0"
91.92.243.243 - - [20/Mar/2026:21:53:15 +0700] "POST /wp-login.php HTTP/1.1" 200 6551 "-" "Mozilla/5.0"
91.92.243.243 - - [20/Mar/2026:22:00:08 +0700] "POST /wp-login.php HTTP/1.1" 200 6551 "-" "Mozilla/5.0"
91.92.243.243 - - [20/Mar/2026:22:07:00 +0700] "POST /wp-login.php HTTP/1.1" 200 6557 "-" "Mozilla/5.0"
91.92.243.243 - - [20/Mar/2026:22:13:52 +0700] "POST /wp-login.php HTTP/1.1" 200 6551 "-" "Mozilla/5.0"
51.195.244.8 - - [20/Mar/2026:22:14:48 +0700] "GET /peran-warna-dalam-membangun-identitas-merek-pada-landing-page/feed/ HTTP/1.1" 200 886 "-" "Mozilla/5.0 (compatible; AhrefsBot/7.0; +http://ahrefs.com/robot/)"
91.92.243.243 - - [20/Mar/2026:22:20:51 +0700] "POST /wp-login.php HTTP/1.1" 200 6551 "-" "Mozilla/5.0"
103.175.220.74 - - [20/Mar/2026:22:27:43 +0700] "POST /wp-cron.php?doing_wp_cron=1774020463.7905158996582031250000 HTTP/1.1" 200 31 "-" "WordPress/6.9.1; https://web.onega.id"
91.92.243.243 - - [20/Mar/2026:22:27:43 +0700] "POST /wp-login.php HTTP/1.1" 200 6551 "-" "Mozilla/5.0"
91.92.243.243 - - [20/Mar/2026:22:34:32 +0700] "POST /wp-login.php HTTP/1.1" 200 6551 "-" "Mozilla/5.0"
91.92.243.243 - - [20/Mar/2026:22:41:27 +0700] "POST /wp-login.php HTTP/1.1" 200 6551 "-" "Mozilla/5.0"
103.175.220.74 - - [20/Mar/2026:22:45:55 +0700] "POST /wp-cron.php?doing_wp_cron=1774021555.0628280639648437500000 HTTP/1.1" 200 31 "-" "WordPress/6.9.1; https://web.onega.id"
181.189.10.226 - - [20/Mar/2026:22:45:55 +0700] "GET /comments/feed/ HTTP/1.1" 200 715 "-" "Mozilla/5.0 (Android 4.3.1; Mobile; rv:55.0) Gecko/55.0 Firefox/55.0"
34.196.237.236 - - [20/Mar/2026:22:47:41 +0700] "GET /2023/11/07/page/2/ HTTP/1.1" 200 25101 "-" "Mozilla/5.0 AppleWebKit/537.36 (KHTML, like Gecko; compatible; Amazonbot/0.1; +https://developer.amazon.com/support/amazonbot) Chrome/119.0.6045.214 Safari/537.36"
91.92.243.243 - - [20/Mar/2026:22:48:18 +0700] "POST /wp-login.php HTTP/1.1" 200 6551 "-" "Mozilla/5.0"
47.128.23.21 - - [20/Mar/2026:22:50:38 +0700] "GET /cara-menyusun-cerita-yang-memikat-di-landing-page-anda/ HTTP/1.1" 200 29327 "-" "Mozilla/5.0 (Linux; Android 5.0) AppleWebKit/537.36 (KHTML, like Gecko) Mobile Safari/537.36 (compatible; Bytespider; spider-feedback@bytedance.com)"
91.92.243.243 - - [20/Mar/2026:22:55:08 +0700] "POST /wp-login.php HTTP/1.1" 200 6557 "-" "Mozilla/5.0"
91.92.243.243 - - [20/Mar/2026:23:02:03 +0700] "POST /wp-login.php HTTP/1.1" 200 6551 "-" "Mozilla/5.0"
103.181.69.44 - - [20/Mar/2026:23:06:23 +0700] "GET / HTTP/1.1" 200 34047 "-" "Opera/9.61.(X11; Linux x86_64; li-BE) Presto/2.9.163 Version/10.00"
91.92.243.243 - - [20/Mar/2026:23:08:54 +0700] "POST /wp-login.php HTTP/1.1" 200 6551 "-" "Mozilla/5.0"
160.19.129.188 - - [20/Mar/2026:23:10:43 +0700] "GET /demo/ HTTP/1.1" 404 23259 "-" "Mozilla/5.0 (iPhone; CPU iPhone OS 7_1_2 like Mac OS X) AppleWebKit/534.1 (KHTML, like Gecko) CriOS/20.0.889.0 Mobile/07J605 Safari/534.1"
91.92.243.243 - - [20/Mar/2026:23:15:53 +0700] "POST /wp-login.php HTTP/1.1" 200 6551 "-" "Mozilla/5.0"
66.249.69.40 - - [20/Mar/2026:23:17:50 +0700] "GET /robots.txt HTTP/1.1" 200 181 "-" "Mozilla/5.0 (compatible; Googlebot/2.1; +http://www.google.com/bot.html)"
66.249.69.40 - - [20/Mar/2026:23:17:51 +0700] "GET /comments/feed/ HTTP/1.1" 200 715 "-" "Mozilla/5.0 (Linux; Android 6.0.1; Nexus 5X Build/MMB29P) AppleWebKit/537.36 (KHTML, like Gecko) Chrome/145.0.7632.159 Mobile Safari/537.36 (compatible; Googlebot/2.1; +http://www.google.com/bot.html)"
198.244.183.137 - - [20/Mar/2026:23:19:39 +0700] "GET /evolusi-desain-landing-page-dalam-10-tahun-terakhir-perkembangan-yang-mengubah-pemandangan-digital/feed/ HTTP/1.1" 200 999 "-" "Mozilla/5.0 (compatible; AhrefsBot/7.0; +http://ahrefs.com/robot/)"
66.249.69.40 - - [20/Mar/2026:23:20:40 +0700] "GET /feed/ HTTP/1.1" 200 130508 "-" "Mozilla/5.0 (Linux; Android 6.0.1; Nexus 5X Build/MMB29P) AppleWebKit/537.36 (KHTML, like Gecko) Chrome/145.0.7632.159 Mobile Safari/537.36 (compatible; Googlebot/2.1; +http://www.google.com/bot.html)"
91.92.243.243 - - [20/Mar/2026:23:22:57 +0700] "POST /wp-login.php HTTP/1.1" 200 6551 "-" "Mozilla/5.0"
103.175.220.74 - - [20/Mar/2026:23:26:01 +0700] "POST /wp-cron.php?doing_wp_cron=1774023961.1838428974151611328125 HTTP/1.1" 200 31 "-" "WordPress/6.9.1; https://web.onega.id"
144.31.35.4 - - [20/Mar/2026:23:26:01 +0700] "GET /wp-json/wp/v2/pages/503 HTTP/1.1" 200 27307 "-" "Mozilla/5.0 (Macintosh; Intel Mac OS X 10_15_7) AppleWebKit/537.36 (KHTML, like Gecko) Chrome/135.0.0.0 Safari/537.36"
103.175.220.74 - - [20/Mar/2026:23:29:54 +0700] "POST /wp-cron.php?doing_wp_cron=1774024194.0999579429626464843750 HTTP/1.1" 200 31 "-" "WordPress/6.9.1; https://web.onega.id"
91.92.243.243 - - [20/Mar/2026:23:29:54 +0700] "POST /wp-login.php HTTP/1.1" 200 6551 "-" "Mozilla/5.0"
91.92.243.243 - - [20/Mar/2026:23:36:47 +0700] "POST /wp-login.php HTTP/1.1" 200 6551 "-" "Mozilla/5.0"
216.73.216.208 - - [20/Mar/2026:23:40:26 +0700] "GET /robots.txt HTTP/1.1" 200 181 "-" "Mozilla/5.0 AppleWebKit/537.36 (KHTML, like Gecko; compatible; ClaudeBot/1.0; +claudebot@anthropic.com)"
216.73.216.208 - - [20/Mar/2026:23:40:27 +0700] "GET /sitemap_index.xml HTTP/1.1" 200 906 "-" "Mozilla/5.0 AppleWebKit/537.36 (KHTML, like Gecko; compatible; ClaudeBot/1.0; +claudebot@anthropic.com)"
91.92.243.243 - - [20/Mar/2026:23:43:43 +0700] "POST /wp-login.php HTTP/1.1" 200 6551 "-" "Mozilla/5.0"
91.92.243.243 - - [20/Mar/2026:23:50:38 +0700] "POST /wp-login.php HTTP/1.1" 200 6551 "-" "Mozilla/5.0"
103.175.220.74 - - [20/Mar/2026:23:52:56 +0700] "POST /wp-cron.php?doing_wp_cron=1774025576.2867031097412109375000 HTTP/1.1" 200 31 "-" "WordPress/6.9.1; https://web.onega.id"
51.195.215.23 - - [20/Mar/2026:23:52:56 +0700] "GET /menghadapi-tantangan-dalam-desain-mobile-friendly-landing-page/feed/ HTTP/1.1" 200 889 "-" "Mozilla/5.0 (compatible; AhrefsBot/7.0; +http://ahrefs.com/robot/)"
91.92.243.243 - - [20/Mar/2026:23:57:22 +0700] "POST /wp-login.php HTTP/1.1" 200 6551 "-" "Mozilla/5.0"
91.92.243.243 - - [21/Mar/2026:00:04:19 +0700] "POST /wp-login.php HTTP/1.1" 200 6551 "-" "Mozilla/5.0"
170.150.255.175 - - [21/Mar/2026:00:07:39 +0700] "GET /feed/ HTTP/1.1" 200 130508 "-" "Mozilla/5.0 (compatible; MSIE 8.0; Windows 95; Trident/5.1)"
51.195.244.57 - - [21/Mar/2026:00:08:22 +0700] "GET /menggunakan-warna-untuk-meningkatkan-kepuasan-pengguna-pada-landing-page-psikologi-warna-dan-pengaruhnya-pada-pengunjung/feed/ HTTP/1.1" 200 1065 "-" "Mozilla/5.0 (compatible; AhrefsBot/7.0; +http://ahrefs.com/robot/)"
91.92.243.243 - - [21/Mar/2026:00:11:17 +0700] "POST /wp-login.php HTTP/1.1" 200 6551 "-" "Mozilla/5.0"
91.92.243.243 - - [21/Mar/2026:00:18:12 +0700] "POST /wp-login.php HTTP/1.1" 200 6551 "-" "Mozilla/5.0"
51.195.244.96 - - [21/Mar/2026:00:23:08 +0700] "GET /langkah-langkah-penting-dalam-pembuatan-landing-page-yang-efektif-2/feed/ HTTP/1.1" 200 902 "-" "Mozilla/5.0 (compatible; AhrefsBot/7.0; +http://ahrefs.com/robot/)"
91.92.243.243 - - [21/Mar/2026:00:24:57 +0700] "POST /wp-login.php HTTP/1.1" 200 6551 "-" "Mozilla/5.0"
103.175.220.74 - - [21/Mar/2026:00:31:53 +0700] "POST /wp-cron.php?doing_wp_cron=1774027912.9647269248962402343750 HTTP/1.1" 200 31 "-" "WordPress/6.9.1; https://web.onega.id"
91.92.243.243 - - [21/Mar/2026:00:31:53 +0700] "POST /wp-login.php HTTP/1.1" 200 6551 "-" "Mozilla/5.0"
91.92.243.243 - - [21/Mar/2026:00:38:42 +0700] "POST /wp-login.php HTTP/1.1" 200 6551 "-" "Mozilla/5.0"
198.244.242.79 - - [21/Mar/2026:00:39:01 +0700] "GET /menggunakan-testimoni-pelanggan-yang-kuat-dalam-landing-page-meningkatkan-kepercayaan-dan-konversi-dengan-pengalaman-nyata/feed/ HTTP/1.1" 200 1071 "-" "Mozilla/5.0 (compatible; AhrefsBot/7.0; +http://ahrefs.com/robot/)"
34.192.67.98 - - [21/Mar/2026:00:39:03 +0700] "GET /2023/11/22/ HTTP/1.1" 200 25311 "-" "Mozilla/5.0 AppleWebKit/537.36 (KHTML, like Gecko; compatible; Amazonbot/0.1; +https://developer.amazon.com/support/amazonbot) Chrome/119.0.6045.214 Safari/537.36"
47.128.23.241 - - [21/Mar/2026:00:44:33 +0700] "GET /membuat-landing-page-yang-memimpin-pengunjung-menuju-keputusan-pembelian/ HTTP/1.1" 200 29486 "-" "Mozilla/5.0 (Linux; Android 5.0) AppleWebKit/537.36 (KHTML, like Gecko) Mobile Safari/537.36 (compatible; Bytespider; spider-feedback@bytedance.com)"
91.92.243.243 - - [21/Mar/2026:00:45:30 +0700] "POST /wp-login.php HTTP/1.1" 200 6551 "-" "Mozilla/5.0"
91.92.243.243 - - [21/Mar/2026:00:52:25 +0700] "POST /wp-login.php HTTP/1.1" 200 6551 "-" "Mozilla/5.0"
103.175.220.74 - - [21/Mar/2026:00:55:04 +0700] "POST /wp-cron.php?doing_wp_cron=1774029304.1330130100250244140625 HTTP/1.1" 200 31 "-" "WordPress/6.9.1; https://web.onega.id"
198.244.240.161 - - [21/Mar/2026:00:55:04 +0700] "GET /perbandingan-landing-page-interaktif-dengan-landing-page-statis-membangun-pengalaman-pengguna-yang-efektif-dalam-pemasaran-digital/feed/ HTTP/1.1" 200 1095 "-" "Mozilla/5.0 (compatible; AhrefsBot/7.0; +http://ahrefs.com/robot/)"
91.92.243.243 - - [21/Mar/2026:00:59:14 +0700] "POST /wp-login.php HTTP/1.1" 200 6551 "-" "Mozilla/5.0"
91.92.243.243 - - [21/Mar/2026:01:06:06 +0700] "POST /wp-login.php HTTP/1.1" 200 6551 "-" "Mozilla/5.0"
198.244.168.209 - - [21/Mar/2026:01:11:03 +0700] "GET /menggunakan-landing-page-untuk-memperkenalkan-produk-atau-layanan-baru-2/feed/ HTTP/1.1" 200 917 "-" "Mozilla/5.0 (compatible; AhrefsBot/7.0; +http://ahrefs.com/robot/)"
91.92.243.243 - - [21/Mar/2026:01:13:02 +0700] "POST /wp-login.php HTTP/1.1" 200 6551 "-" "Mozilla/5.0"
91.92.243.243 - - [21/Mar/2026:01:19:54 +0700] "POST /wp-login.php HTTP/1.1" 200 6551 "-" "Mozilla/5.0"
103.175.220.74 - - [21/Mar/2026:01:25:57 +0700] "POST /wp-cron.php?doing_wp_cron=1774031157.3917980194091796875000 HTTP/1.1" 200 31 "-" "WordPress/6.9.1; https://web.onega.id"
198.244.240.163 - - [21/Mar/2026:01:25:57 +0700] "GET /pentingnya-landing-page-yang-terfokus-pada-konversi/feed/ HTTP/1.1" 200 856 "-" "Mozilla/5.0 (compatible; AhrefsBot/7.0; +http://ahrefs.com/robot/)"
103.175.220.74 - - [21/Mar/2026:01:26:46 +0700] "POST /wp-cron.php?doing_wp_cron=1774031206.9316639900207519531250 HTTP/1.1" 200 31 "-" "WordPress/6.9.1; https://web.onega.id"
91.92.243.243 - - [21/Mar/2026:01:26:46 +0700] "POST /wp-login.php HTTP/1.1" 200 6551 "-" "Mozilla/5.0"
103.175.220.74 - - [21/Mar/2026:01:33:45 +0700] "POST /wp-cron.php?doing_wp_cron=1774031625.2611010074615478515625 HTTP/1.1" 200 31 "-" "WordPress/6.9.1; https://web.onega.id"
91.92.243.243 - - [21/Mar/2026:01:33:45 +0700] "POST /wp-login.php HTTP/1.1" 200 6551 "-" "Mozilla/5.0"
44.221.37.41 - - [21/Mar/2026:01:39:50 +0700] "GET /wp-json/wp/v2/pages/503/page/7/ HTTP/1.1" 404 125 "-" "Mozilla/5.0 AppleWebKit/537.36 (KHTML, like Gecko; compatible; Amazonbot/0.1; +https://developer.amazon.com/support/amazonbot) Chrome/119.0.6045.214 Safari/537.36"
54.209.100.30 - - [21/Mar/2026:01:39:55 +0700] "GET /wp-json/wp/v2/pages/503/page/4/ HTTP/1.1" 404 125 "-" "Mozilla/5.0 AppleWebKit/537.36 (KHTML, like Gecko; compatible; Amazonbot/0.1; +https://developer.amazon.com/support/amazonbot) Chrome/119.0.6045.214 Safari/537.36"
91.92.243.243 - - [21/Mar/2026:01:40:39 +0700] "POST /wp-login.php HTTP/1.1" 200 6551 "-" "Mozilla/5.0"
91.92.243.243 - - [21/Mar/2026:01:47:34 +0700] "POST /wp-login.php HTTP/1.1" 200 6557 "-" "Mozilla/5.0"
216.73.216.208 - - [21/Mar/2026:01:49:53 +0700] "GET /robots.txt HTTP/1.1" 200 181 "-" "Mozilla/5.0 AppleWebKit/537.36 (KHTML, like Gecko; compatible; ClaudeBot/1.0; +claudebot@anthropic.com)"
216.73.216.208 - - [21/Mar/2026:01:49:54 +0700] "GET / HTTP/1.1" 200 34047 "-" "Mozilla/5.0 AppleWebKit/537.36 (KHTML, like Gecko; compatible; ClaudeBot/1.0; +claudebot@anthropic.com)"
91.92.243.243 - - [21/Mar/2026:01:54:27 +0700] "POST /wp-login.php HTTP/1.1" 200 6551 "-" "Mozilla/5.0"
103.175.220.74 - - [21/Mar/2026:02:00:52 +0700] "POST /wp-cron.php?doing_wp_cron=1774033252.5858690738677978515625 HTTP/1.1" 200 31 "-" "WordPress/6.9.1; https://web.onega.id"
198.244.242.110 - - [21/Mar/2026:02:00:52 +0700] "GET /perbandingan-landing-page-apa-yang-membuat-satu-landing-page-lebih-sukses-dibanding-yang-lain/feed/ HTTP/1.1" 200 985 "-" "Mozilla/5.0 (compatible; AhrefsBot/7.0; +http://ahrefs.com/robot/)"
91.92.243.243 - - [21/Mar/2026:02:01:20 +0700] "POST /wp-login.php HTTP/1.1" 200 6551 "-" "Mozilla/5.0"
91.92.243.243 - - [21/Mar/2026:02:08:08 +0700] "POST /wp-login.php HTTP/1.1" 200 6551 "-" "Mozilla/5.0"
91.92.243.243 - - [21/Mar/2026:02:14:54 +0700] "POST /wp-login.php HTTP/1.1" 200 6551 "-" "Mozilla/5.0"
198.244.242.194 - - [21/Mar/2026:02:17:36 +0700] "GET /cara-membuat-landing-page-yang-ramah-seo-desain-minimalis-vs-desain-berwarna/feed/ HTTP/1.1" 200 934 "-" "Mozilla/5.0 (compatible; AhrefsBot/7.0; +http://ahrefs.com/robot/)"
91.92.243.243 - - [21/Mar/2026:02:21:51 +0700] "POST /wp-login.php HTTP/1.1" 200 6551 "-" "Mozilla/5.0"
103.175.220.74 - - [21/Mar/2026:02:28:41 +0700] "POST /wp-cron.php?doing_wp_cron=1774034921.0445408821105957031250 HTTP/1.1" 200 31 "-" "WordPress/6.9.1; https://web.onega.id"
91.92.243.243 - - [21/Mar/2026:02:28:41 +0700] "POST /wp-login.php HTTP/1.1" 200 6551 "-" "Mozilla/5.0"
198.244.168.124 - - [21/Mar/2026:02:34:41 +0700] "GET /mengapa-desain-responsif-penting-untuk-landing-page-2/feed/ HTTP/1.1" 200 861 "-" "Mozilla/5.0 (compatible; AhrefsBot/7.0; +http://ahrefs.com/robot/)"
91.92.243.243 - - [21/Mar/2026:02:35:30 +0700] "POST /wp-login.php HTTP/1.1" 200 6551 "-" "Mozilla/5.0"
91.92.243.243 - - [21/Mar/2026:02:42:30 +0700] "POST /wp-login.php HTTP/1.1" 200 6551 "-" "Mozilla/5.0"
216.73.216.208 - - [21/Mar/2026:02:46:18 +0700] "GET /sitemap_index.xml HTTP/1.1" 200 906 "-" "Mozilla/5.0 AppleWebKit/537.36 (KHTML, like Gecko; compatible; ClaudeBot/1.0; +claudebot@anthropic.com)"
91.92.243.243 - - [21/Mar/2026:02:49:24 +0700] "POST /wp-login.php HTTP/1.1" 200 6551 "-" "Mozilla/5.0"
198.244.168.99 - - [21/Mar/2026:02:51:43 +0700] "GET /menggunakan-animasi-untuk-meningkatkan-daya-tarik-landing-page/feed/ HTTP/1.1" 200 889 "-" "Mozilla/5.0 (compatible; AhrefsBot/7.0; +http://ahrefs.com/robot/)"
91.92.243.243 - - [21/Mar/2026:02:56:16 +0700] "POST /wp-login.php HTTP/1.1" 200 6551 "-" "Mozilla/5.0"
37.239.116.12 - - [21/Mar/2026:02:58:19 +0700] "GET /news/ HTTP/1.1" 200 26951 "-" "Mozilla/5.0 (X11; Linux i686; rv:1.9.5.20) Gecko/8439-03-09 16:29:52.529999 Firefox/9.0"
91.92.243.243 - - [21/Mar/2026:03:03:16 +0700] "POST /wp-login.php HTTP/1.1" 200 6551 "-" "Mozilla/5.0"
103.175.220.74 - - [21/Mar/2026:03:07:26 +0700] "POST /wp-cron.php?doing_wp_cron=1774037246.5300080776214599609375 HTTP/1.1" 200 31 "-" "WordPress/6.9.1; https://web.onega.id"
51.195.215.80 - - [21/Mar/2026:03:07:26 +0700] "GET /cara-mengukur-keberhasilan-landing-page/feed/ HTTP/1.1" 200 820 "-" "Mozilla/5.0 (compatible; AhrefsBot/7.0; +http://ahrefs.com/robot/)"
91.92.243.243 - - [21/Mar/2026:03:10:06 +0700] "POST /wp-login.php HTTP/1.1" 200 6551 "-" "Mozilla/5.0"
91.92.243.243 - - [21/Mar/2026:03:16:50 +0700] "POST /wp-login.php HTTP/1.1" 200 6557 "-" "Mozilla/5.0"
198.244.183.138 - - [21/Mar/2026:03:22:30 +0700] "GET /cara-menggunakan-video-untuk-memperkaya-landing-page-anda/feed/ HTTP/1.1" 200 874 "-" "Mozilla/5.0 (compatible; AhrefsBot/7.0; +http://ahrefs.com/robot/)"
91.92.243.243 - - [21/Mar/2026:03:23:40 +0700] "POST /wp-login.php HTTP/1.1" 200 6551 "-" "Mozilla/5.0"
103.175.220.74 - - [21/Mar/2026:03:30:33 +0700] "POST /wp-cron.php?doing_wp_cron=1774038633.6599490642547607421875 HTTP/1.1" 200 31 "-" "WordPress/6.9.1; https://web.onega.id"
91.92.243.243 - - [21/Mar/2026:03:30:33 +0700] "POST /wp-login.php HTTP/1.1" 200 6551 "-" "Mozilla/5.0"
91.92.243.243 - - [21/Mar/2026:03:37:20 +0700] "POST /wp-login.php HTTP/1.1" 200 6551 "-" "Mozilla/5.0"
198.244.240.247 - - [21/Mar/2026:03:38:03 +0700] "GET /pentingnya-menyematkan-cta-yang-strategis-di-seluruh-landing-page-2/feed/ HTTP/1.1" 200 902 "-" "Mozilla/5.0 (compatible; AhrefsBot/7.0; +http://ahrefs.com/robot/)"
91.92.243.243 - - [21/Mar/2026:03:44:10 +0700] "POST /wp-login.php HTTP/1.1" 200 6551 "-" "Mozilla/5.0"
91.92.243.243 - - [21/Mar/2026:03:50:59 +0700] "POST /wp-login.php HTTP/1.1" 200 6551 "-" "Mozilla/5.0"
91.92.243.243 - - [21/Mar/2026:03:57:45 +0700] "POST /wp-login.php HTTP/1.1" 200 6551 "-" "Mozilla/5.0"
91.92.243.243 - - [21/Mar/2026:04:04:32 +0700] "POST /wp-login.php HTTP/1.1" 200 6551 "-" "Mozilla/5.0"
103.175.220.74 - - [21/Mar/2026:04:08:12 +0700] "POST /wp-cron.php?doing_wp_cron=1774040891.9448709487915039062500 HTTP/1.1" 200 31 "-" "WordPress/6.9.1; https://web.onega.id"
54.37.118.95 - - [21/Mar/2026:04:08:12 +0700] "GET /robots.txt HTTP/1.1" 200 181 "-" "Mozilla/5.0 (compatible; AhrefsBot/7.0; +http://ahrefs.com/robot/)"
51.195.215.186 - - [21/Mar/2026:04:08:20 +0700] "GET /cara-mengintegrasikan-landing-page-dengan-kampanye-media-sosial/feed/ HTTP/1.1" 200 892 "-" "Mozilla/5.0 (compatible; AhrefsBot/7.0; +http://ahrefs.com/robot/)"
91.92.243.243 - - [21/Mar/2026:04:11:23 +0700] "POST /wp-login.php HTTP/1.1" 200 6551 "-" "Mozilla/5.0"
119.28.101.51 - - [21/Mar/2026:04:17:03 +0700] "GET /robots.txt HTTP/1.1" 400 568 "-" "Mozilla/5.0 (X11; Linux x86_64) AppleWebKit/537.36 (KHTML, like Gecko) Chrome/123.0.0.0 Safari/537.36"
14.17.85.242 - - [21/Mar/2026:04:17:06 +0700] "GET /robots.txt HTTP/1.1" 400 568 "-" "Mozilla/5.0 (X11; Linux x86_64) AppleWebKit/537.36 (KHTML, like Gecko) Chrome/123.0.0.0 Safari/537.36"
150.109.12.53 - - [21/Mar/2026:04:17:06 +0700] "GET /robots.txt HTTP/1.1" 400 568 "-" "Mozilla/5.0 (X11; Linux x86_64) AppleWebKit/537.36 (KHTML, like Gecko) Chrome/123.0.0.0 Safari/537.36"
14.17.85.191 - - [21/Mar/2026:04:17:08 +0700] "GET /robots.txt HTTP/1.1" 400 568 "-" "Mozilla/5.0 (X11; Linux x86_64) AppleWebKit/537.36 (KHTML, like Gecko) Chrome/123.0.0.0 Safari/537.36"
43.173.182.107 - - [21/Mar/2026:04:17:45 +0700] "GET /menghadapi-tantangan-dalam-desain-mobile-friendly-landing-page/feed/ HTTP/1.1" 200 889 "-" "Mozilla/5.0 (Windows NT 10.0; Win64; x64) AppleWebKit/537.36 (KHTML, like Gecko) Chrome/116.0.0.0 Safari/537.36"
91.92.243.243 - - [21/Mar/2026:04:18:10 +0700] "POST /wp-login.php HTTP/1.1" 200 6551 "-" "Mozilla/5.0"
51.89.129.253 - - [21/Mar/2026:04:23:16 +0700] "GET /studi-kasus-bagaimana-landing-page-meningkatkan-penjualan-sebuah-perusahaan/feed/ HTTP/1.1" 200 942 "-" "Mozilla/5.0 (compatible; AhrefsBot/7.0; +http://ahrefs.com/robot/)"
91.92.243.243 - - [21/Mar/2026:04:24:56 +0700] "POST /wp-login.php HTTP/1.1" 200 6551 "-" "Mozilla/5.0"
103.175.220.74 - - [21/Mar/2026:04:30:49 +0700] "POST /wp-cron.php?doing_wp_cron=1774042249.7938680648803710937500 HTTP/1.1" 200 31 "-" "WordPress/6.9.1; https://web.onega.id"
104.210.140.130 - - [21/Mar/2026:04:30:49 +0700] "GET /robots.txt HTTP/1.1" 200 181 "-" "Mozilla/5.0 (Macintosh; Intel Mac OS X 10_15_7) AppleWebKit/537.36 (KHTML, like Gecko) Chrome/131.0.0.0 Safari/537.36; compatible; OAI-SearchBot/1.0; +https://openai.com/searchbot"
91.92.243.243 - - [21/Mar/2026:04:31:47 +0700] "POST /wp-login.php HTTP/1.1" 200 6551 "-" "Mozilla/5.0"
51.195.215.234 - - [21/Mar/2026:04:38:33 +0700] "GET /tren-desain-landing-page-terbaru-tahun-ini/feed/ HTTP/1.1" 200 829 "-" "Mozilla/5.0 (compatible; AhrefsBot/7.0; +http://ahrefs.com/robot/)"
91.92.243.243 - - [21/Mar/2026:04:38:35 +0700] "POST /wp-login.php HTTP/1.1" 200 6551 "-" "Mozilla/5.0"
91.92.243.243 - - [21/Mar/2026:04:45:20 +0700] "POST /wp-login.php HTTP/1.1" 200 6551 "-" "Mozilla/5.0"
85.208.96.200 - - [21/Mar/2026:04:48:49 +0700] "GET /robots.txt HTTP/1.1" 200 181 "-" "Mozilla/5.0 (compatible; SemrushBot/7~bl; +http://www.semrush.com/bot.html)"
185.191.171.11 - - [21/Mar/2026:04:48:52 +0700] "GET /landing-page-yang-ramah-mobile-tips-desain-untuk-pengalaman-pengguna-yang-lebih-baik/ HTTP/1.1" 200 29096 "-" "Mozilla/5.0 (compatible; SemrushBot/7~bl; +http://www.semrush.com/bot.html)"
91.92.243.243 - - [21/Mar/2026:04:52:13 +0700] "POST /wp-login.php HTTP/1.1" 200 6551 "-" "Mozilla/5.0"
198.244.226.241 - - [21/Mar/2026:04:53:00 +0700] "GET /cara-menggunakan-landing-page-sebagai-alat-pengumpulan-data-ebook-gratis-kursus-mini-dll/feed/ HTTP/1.1" 200 969 "-" "Mozilla/5.0 (compatible; AhrefsBot/7.0; +http://ahrefs.com/robot/)"
91.92.243.243 - - [21/Mar/2026:04:58:54 +0700] "POST /wp-login.php HTTP/1.1" 200 6551 "-" "Mozilla/5.0"
91.92.243.243 - - [21/Mar/2026:05:05:42 +0700] "POST /wp-login.php HTTP/1.1" 200 6551 "-" "Mozilla/5.0"
51.89.129.42 - - [21/Mar/2026:05:07:28 +0700] "GET /langkah-langkah-membuat-landing-page-yang-konsisten-dengan-merek/feed/ HTTP/1.1" 200 895 "-" "Mozilla/5.0 (compatible; AhrefsBot/7.0; +http://ahrefs.com/robot/)"
43.157.187.11 - - [21/Mar/2026:05:08:07 +0700] "GET / HTTP/1.1" 200 34047 "http://web.onega.id/" "Go-http-client/1.1"
91.92.243.243 - - [21/Mar/2026:05:12:33 +0700] "POST /wp-login.php HTTP/1.1" 200 6551 "-" "Mozilla/5.0"
103.175.220.74 - - [21/Mar/2026:05:16:44 +0700] "POST /wp-cron.php?doing_wp_cron=1774045002.6685609817504882812500 HTTP/1.1" 200 31 "-" "WordPress/6.9.1; https://web.onega.id"
216.73.216.208 - - [21/Mar/2026:05:16:44 +0700] "GET /robots.txt HTTP/1.1" 200 181 "-" "Mozilla/5.0 AppleWebKit/537.36 (KHTML, like Gecko; compatible; ClaudeBot/1.0; +claudebot@anthropic.com)"
216.73.216.208 - - [21/Mar/2026:05:16:45 +0700] "GET /sitemap_index.xml HTTP/1.1" 200 906 "-" "Mozilla/5.0 AppleWebKit/537.36 (KHTML, like Gecko; compatible; ClaudeBot/1.0; +claudebot@anthropic.com)"
91.92.243.243 - - [21/Mar/2026:05:19:21 +0700] "POST /wp-login.php HTTP/1.1" 200 6557 "-" "Mozilla/5.0"
198.244.226.25 - - [21/Mar/2026:05:21:02 +0700] "GET /tips-copywriting-untuk-mengoptimalkan-landing-page-anda/feed/ HTTP/1.1" 200 868 "-" "Mozilla/5.0 (compatible; AhrefsBot/7.0; +http://ahrefs.com/robot/)"
66.249.69.39 - - [21/Mar/2026:05:24:45 +0700] "GET /author-sitemap.xml HTTP/1.1" 200 736 "-" "Mozilla/5.0 (compatible; Googlebot/2.1; +http://www.google.com/bot.html)"
103.175.220.74 - - [21/Mar/2026:05:26:10 +0700] "POST /wp-cron.php?doing_wp_cron=1774045570.4031250476837158203125 HTTP/1.1" 200 31 "-" "WordPress/6.9.1; https://web.onega.id"
91.92.243.243 - - [21/Mar/2026:05:26:10 +0700] "POST /wp-login.php HTTP/1.1" 200 6551 "-" "Mozilla/5.0"
103.175.220.74 - - [21/Mar/2026:05:33:03 +0700] "POST /wp-cron.php?doing_wp_cron=1774045982.8784821033477783203125 HTTP/1.1" 200 31 "-" "WordPress/6.9.1; https://web.onega.id"
91.92.243.243 - - [21/Mar/2026:05:33:03 +0700] "POST /wp-login.php HTTP/1.1" 200 6551 "-" "Mozilla/5.0"
51.195.183.58 - - [21/Mar/2026:05:35:26 +0700] "GET /landing-page-untuk-produk-vs-layanan-pendekatan-desain-yang-berbeda/feed/ HTTP/1.1" 200 907 "-" "Mozilla/5.0 (compatible; AhrefsBot/7.0; +http://ahrefs.com/robot/)"
91.92.243.243 - - [21/Mar/2026:05:39:49 +0700] "POST /wp-login.php HTTP/1.1" 200 6551 "-" "Mozilla/5.0"
91.92.243.243 - - [21/Mar/2026:05:46:33 +0700] "POST /wp-login.php HTTP/1.1" 200 6551 "-" "Mozilla/5.0"
198.244.240.118 - - [21/Mar/2026:05:50:20 +0700] "GET /cara-mengintegrasikan-landing-page-dengan-kampanye-pemasaran-sosial-media-anda/feed/ HTTP/1.1" 200 937 "-" "Mozilla/5.0 (compatible; AhrefsBot/7.0; +http://ahrefs.com/robot/)"
91.92.243.243 - - [21/Mar/2026:05:53:23 +0700] "POST /wp-login.php HTTP/1.1" 200 6551 "-" "Mozilla/5.0"
91.92.243.243 - - [21/Mar/2026:06:00:10 +0700] "POST /wp-login.php HTTP/1.1" 200 6551 "-" "Mozilla/5.0"
170.106.110.146 - - [21/Mar/2026:06:04:53 +0700] "GET / HTTP/1.1" 200 34047 "http://web.onega.id" "Mozilla/5.0 (iPhone; CPU iPhone OS 13_2_3 like Mac OS X) AppleWebKit/605.1.15 (KHTML, like Gecko) Version/13.0.3 Mobile/15E148 Safari/604.1"
91.92.243.243 - - [21/Mar/2026:06:06:55 +0700] "POST /wp-login.php HTTP/1.1" 200 6551 "-" "Mozilla/5.0"
91.92.243.243 - - [21/Mar/2026:06:13:46 +0700] "POST /wp-login.php HTTP/1.1" 200 6551 "-" "Mozilla/5.0"
103.175.220.74 - - [21/Mar/2026:06:19:59 +0700] "POST /wp-cron.php?doing_wp_cron=1774048797.4078478813171386718750 HTTP/1.1" 200 31 "-" "WordPress/6.9.1; https://web.onega.id"
85.208.96.193 - - [21/Mar/2026:06:19:59 +0700] "GET /robots.txt HTTP/1.1" 200 181 "-" "Mozilla/5.0 (compatible; SemrushBot/7~bl; +http://www.semrush.com/bot.html)"
85.208.96.195 - - [21/Mar/2026:06:20:01 +0700] "GET /membangun-landing-page-yang-efektif-dengan-anggaran-terbatas/ HTTP/1.1" 200 29085 "-" "Mozilla/5.0 (compatible; SemrushBot/7~bl; +http://www.semrush.com/bot.html)"
91.92.243.243 - - [21/Mar/2026:06:20:38 +0700] "POST /wp-login.php HTTP/1.1" 200 6551 "-" "Mozilla/5.0"
198.244.240.19 - - [21/Mar/2026:06:24:50 +0700] "GET /cara-membuat-landing-page-yang-cocok-dengan-perilaku-pembelian-online/feed/ HTTP/1.1" 200 910 "-" "Mozilla/5.0 (compatible; AhrefsBot/7.0; +http://ahrefs.com/robot/)"
103.175.220.74 - - [21/Mar/2026:06:27:26 +0700] "POST /wp-cron.php?doing_wp_cron=1774049246.2324209213256835937500 HTTP/1.1" 200 31 "-" "WordPress/6.9.1; https://web.onega.id"
91.92.243.243 - - [21/Mar/2026:06:27:26 +0700] "POST /wp-login.php HTTP/1.1" 200 6551 "-" "Mozilla/5.0"
91.92.243.243 - - [21/Mar/2026:06:34:13 +0700] "POST /wp-login.php HTTP/1.1" 200 6551 "-" "Mozilla/5.0"
91.92.243.243 - - [21/Mar/2026:06:41:01 +0700] "POST /wp-login.php HTTP/1.1" 200 6551 "-" "Mozilla/5.0"
198.244.183.242 - - [21/Mar/2026:06:42:29 +0700] "GET /landing-page-yang-ramah-mobile-tips-desain-untuk-pengalaman-pengguna-yang-lebih-baik/feed/ HTTP/1.1" 200 957 "-" "Mozilla/5.0 (compatible; AhrefsBot/7.0; +http://ahrefs.com/robot/)"
91.92.243.243 - - [21/Mar/2026:06:47:45 +0700] "POST /wp-login.php HTTP/1.1" 200 6551 "-" "Mozilla/5.0"
91.92.243.243 - - [21/Mar/2026:06:54:38 +0700] "POST /wp-login.php HTTP/1.1" 200 6551 "-" "Mozilla/5.0"
198.244.242.194 - - [21/Mar/2026:06:59:15 +0700] "GET /peran-landing-page-dalam-kesuksesan-kampanye-pemasaran-online/feed/ HTTP/1.1" 200 886 "-" "Mozilla/5.0 (compatible; AhrefsBot/7.0; +http://ahrefs.com/robot/)"
103.175.220.74 - - [21/Mar/2026:07:01:32 +0700] "POST /wp-cron.php?doing_wp_cron=1774051292.3495810031890869140625 HTTP/1.1" 200 31 "-" "WordPress/6.9.1; https://web.onega.id"
91.92.243.243 - - [21/Mar/2026:07:01:32 +0700] "POST /wp-login.php HTTP/1.1" 200 6551 "-" "Mozilla/5.0"
91.92.243.243 - - [21/Mar/2026:07:08:20 +0700] "POST /wp-login.php HTTP/1.1" 200 6551 "-" "Mozilla/5.0"
198.244.240.208 - - [21/Mar/2026:07:14:55 +0700] "GET /menggunakan-landing-page-untuk-peluncuran-produk-baru-tips-dan-trik/feed/ HTTP/1.1" 200 906 "-" "Mozilla/5.0 (compatible; AhrefsBot/7.0; +http://ahrefs.com/robot/)"
91.92.243.243 - - [21/Mar/2026:07:15:06 +0700] "POST /wp-login.php HTTP/1.1" 200 6551 "-" "Mozilla/5.0"
91.92.243.243 - - [21/Mar/2026:07:22:00 +0700] "POST /wp-login.php HTTP/1.1" 200 6557 "-" "Mozilla/5.0"
103.175.220.74 - - [21/Mar/2026:07:26:00 +0700] "POST /wp-cron.php?doing_wp_cron=1774052758.9882569313049316406250 HTTP/1.1" 200 31 "-" "WordPress/6.9.1; https://web.onega.id"
103.175.220.74 - - [21/Mar/2026:07:26:01 +0700] "POST /wp-cron.php?doing_wp_cron=1774052761.1052570343017578125000 HTTP/1.1" 200 31 "-" "WordPress/6.9.1; https://web.onega.id"
52.22.64.232 - - [21/Mar/2026:07:26:01 +0700] "GET /2023/11/21/ HTTP/1.1" 200 26158 "-" "Mozilla/5.0 AppleWebKit/537.36 (KHTML, like Gecko; compatible; Amazonbot/0.1; +https://developer.amazon.com/support/amazonbot) Chrome/119.0.6045.214 Safari/537.36"
103.175.220.74 - - [21/Mar/2026:07:28:47 +0700] "POST /wp-cron.php?doing_wp_cron=1774052927.3283250331878662109375 HTTP/1.1" 200 31 "-" "WordPress/6.9.1; https://web.onega.id"
91.92.243.243 - - [21/Mar/2026:07:28:47 +0700] "POST /wp-login.php HTTP/1.1" 200 6551 "-" "Mozilla/5.0"
198.244.240.178 - - [21/Mar/2026:07:31:14 +0700] "GET /menggunakan-landing-page-untuk-meningkatkan-keanggotaan-langganan/feed/ HTTP/1.1" 200 898 "-" "Mozilla/5.0 (compatible; AhrefsBot/7.0; +http://ahrefs.com/robot/)"
91.92.243.243 - - [21/Mar/2026:07:35:34 +0700] "POST /wp-login.php HTTP/1.1" 200 6551 "-" "Mozilla/5.0"
91.92.243.243 - - [21/Mar/2026:07:42:30 +0700] "POST /wp-login.php HTTP/1.1" 200 6551 "-" "Mozilla/5.0"
198.244.240.220 - - [21/Mar/2026:07:47:24 +0700] "GET /mengapa-landing-page-yang-didesain-dengan-baik-membantu-meningkatkan-kepercayaan-pelanggan/feed/ HTTP/1.1" 200 973 "-" "Mozilla/5.0 (compatible; AhrefsBot/7.0; +http://ahrefs.com/robot/)"
91.92.243.243 - - [21/Mar/2026:07:49:14 +0700] "POST /wp-login.php HTTP/1.1" 200 6551 "-" "Mozilla/5.0"
91.92.243.243 - - [21/Mar/2026:07:55:56 +0700] "POST /wp-login.php HTTP/1.1" 200 6551 "-" "Mozilla/5.0"
91.92.243.243 - - [21/Mar/2026:08:02:51 +0700] "POST /wp-login.php HTTP/1.1" 200 6551 "-" "Mozilla/5.0"
198.244.168.97 - - [21/Mar/2026:08:03:36 +0700] "GET /membuat-landing-page-yang-memimpin-pengunjung-menuju-keputusan-pembelian/feed/ HTTP/1.1" 200 919 "-" "Mozilla/5.0 (compatible; AhrefsBot/7.0; +http://ahrefs.com/robot/)"
91.92.243.243 - - [21/Mar/2026:08:09:37 +0700] "POST /wp-login.php HTTP/1.1" 200 6551 "-" "Mozilla/5.0"
91.92.243.243 - - [21/Mar/2026:08:16:25 +0700] "POST /wp-login.php HTTP/1.1" 200 6551 "-" "Mozilla/5.0"
43.173.178.253 - - [21/Mar/2026:08:21:29 +0700] "GET /?p=388 HTTP/1.1" 301 5 "-" "Mozilla/5.0 (Windows NT 10.0; Win64; x64) AppleWebKit/537.36 (KHTML, like Gecko) Chrome/133.0.0.0 Safari/537.36"
43.173.173.31 - - [21/Mar/2026:08:21:30 +0700] "GET /portfolio/ HTTP/1.1" 200 26413 "-" "Mozilla/5.0 (Windows NT 10.0; Win64; x64) AppleWebKit/537.36 (KHTML, like Gecko) Chrome/133.0.0.0 Safari/537.36"
91.92.243.243 - - [21/Mar/2026:08:23:16 +0700] "POST /wp-login.php HTTP/1.1" 200 6551 "-" "Mozilla/5.0"
54.157.99.244 - - [21/Mar/2026:08:23:47 +0700] "GET /wp-json/oembed/1.0/embed?format=xml&url=https://web.onega.id/membangun-landing-page-yang-efektif-dengan-anggaran-terbatas/ HTTP/1.1" 200 3205 "-" "Mozilla/5.0 AppleWebKit/537.36 (KHTML, like Gecko; compatible; Amazonbot/0.1; +https://developer.amazon.com/support/amazonbot) Chrome/119.0.6045.214 Safari/537.36"
17.241.227.229 - - [21/Mar/2026:08:25:06 +0700] "GET /robots.txt HTTP/1.1" 200 181 "-" "Mozilla/5.0 (Macintosh; Intel Mac OS X 10_15_7) AppleWebKit/605.1.15 (KHTML, like Gecko) Version/17.4 Safari/605.1.15 (Applebot/0.1; +http://www.apple.com/go/applebot)"
17.241.227.229 - - [21/Mar/2026:08:25:07 +0700] "GET /cara-meningkatkan-kualitas-skor-pengunjung-pada-landing-page-anda/feed/ HTTP/1.1" 200 898 "-" "Mozilla/5.0 (Macintosh; Intel Mac OS X 10_15_7) AppleWebKit/605.1.15 (KHTML, like Gecko) Version/17.4 Safari/605.1.15 (Applebot/0.1; +http://www.apple.com/go/applebot)"
198.244.242.154 - - [21/Mar/2026:08:25:15 +0700] "GET /cara-mengoptimalkan-landing-page-untuk-kecepatan-memuat-yang-cepat-kunci-sukses-di-era-digital/feed/ HTTP/1.1" 200 987 "-" "Mozilla/5.0 (compatible; AhrefsBot/7.0; +http://ahrefs.com/robot/)"
103.175.220.74 - - [21/Mar/2026:08:26:35 +0700] "POST /wp-cron.php?doing_wp_cron=1774056395.3811829090118408203125 HTTP/1.1" 200 31 "-" "WordPress/6.9.1; https://web.onega.id"
103.175.220.74 - - [21/Mar/2026:08:26:36 +0700] "POST /wp-cron.php?doing_wp_cron=1774056396.1236059665679931640625 HTTP/1.1" 200 31 "-" "WordPress/6.9.1; https://web.onega.id"
89.200.205.41 - - [21/Mar/2026:08:26:36 +0700] "GET / HTTP/1.1" 200 34047 "-" "Mozilla/5.0 (compatible; OpenindexSpider; +https://www.openindex.io/saas/about-our-spider/)"
103.175.220.74 - - [21/Mar/2026:08:28:27 +0700] "POST /wp-cron.php?doing_wp_cron=1774056507.8578619956970214843750 HTTP/1.1" 200 31 "-" "WordPress/6.9.1; https://web.onega.id"
47.128.23.231 - - [21/Mar/2026:08:28:27 +0700] "GET /cara-menggunakan-landing-page-sebagai-alat-pengumpulan-data-ebook-gratis-kursus-mini-dll/ HTTP/1.1" 200 29018 "-" "Mozilla/5.0 (Linux; Android 5.0) AppleWebKit/537.36 (KHTML, like Gecko) Mobile Safari/537.36 (compatible; Bytespider; spider-feedback@bytedance.com)"
91.92.243.243 - - [21/Mar/2026:08:30:02 +0700] "POST /wp-login.php HTTP/1.1" 200 6551 "-" "Mozilla/5.0"
216.73.216.208 - - [21/Mar/2026:08:32:44 +0700] "GET /robots.txt HTTP/1.1" 200 181 "-" "Mozilla/5.0 AppleWebKit/537.36 (KHTML, like Gecko; compatible; ClaudeBot/1.0; +claudebot@anthropic.com)"
216.73.216.208 - - [21/Mar/2026:08:32:44 +0700] "GET /sitemap_index.xml HTTP/1.1" 200 906 "-" "Mozilla/5.0 AppleWebKit/537.36 (KHTML, like Gecko; compatible; ClaudeBot/1.0; +claudebot@anthropic.com)"
91.92.243.243 - - [21/Mar/2026:08:36:48 +0700] "POST /wp-login.php HTTP/1.1" 200 6551 "-" "Mozilla/5.0"
66.249.69.38 - - [21/Mar/2026:08:43:17 +0700] "GET /demo/ HTTP/1.1" 404 23259 "-" "Mozilla/5.0 (Linux; Android 6.0.1; Nexus 5X Build/MMB29P) AppleWebKit/537.36 (KHTML, like Gecko) Chrome/145.0.7632.159 Mobile Safari/537.36 (compatible; Googlebot/2.1; +http://www.google.com/bot.html)"
91.92.243.243 - - [21/Mar/2026:08:43:39 +0700] "POST /wp-login.php HTTP/1.1" 200 6551 "-" "Mozilla/5.0"
54.38.147.228 - - [21/Mar/2026:08:48:03 +0700] "GET /menghadapi-tantangan-dalam-desain-landing-page-yang-multibahasa/feed/ HTTP/1.1" 200 892 "-" "Mozilla/5.0 (compatible; AhrefsBot/7.0; +http://ahrefs.com/robot/)"
91.92.243.243 - - [21/Mar/2026:08:50:31 +0700] "POST /wp-login.php HTTP/1.1" 200 6551 "-" "Mozilla/5.0"
89.200.205.41 - - [21/Mar/2026:08:56:35 +0700] "GET / HTTP/1.1" 200 34047 "-" "Mozilla/5.0 (compatible; OpenindexSpider; +https://www.openindex.io/saas/about-our-spider/)"
91.92.243.243 - - [21/Mar/2026:08:57:17 +0700] "POST /wp-login.php HTTP/1.1" 200 6551 "-" "Mozilla/5.0"
187.113.170.84 - - [21/Mar/2026:08:57:26 +0700] "GET / HTTP/1.1" 200 34047 "-" "Mozilla/5.0 (Macintosh; PPC Mac OS X 10_5_1 rv:2.0; gv-GB) AppleWebKit/532.50.4 (KHTML, like Gecko) Version/5.1 Safari/532.50.4"
91.92.243.243 - - [21/Mar/2026:09:04:06 +0700] "POST /wp-login.php HTTP/1.1" 200 6551 "-" "Mozilla/5.0"
103.175.220.74 - - [21/Mar/2026:09:08:21 +0700] "POST /wp-cron.php?doing_wp_cron=1774058901.0938959121704101562500 HTTP/1.1" 200 31 "-" "WordPress/6.9.1; https://web.onega.id"
198.244.226.87 - - [21/Mar/2026:09:08:21 +0700] "GET /ide-kreatif-untuk-desain-grafis-di-landing-page/feed/ HTTP/1.1" 200 844 "-" "Mozilla/5.0 (compatible; AhrefsBot/7.0; +http://ahrefs.com/robot/)"
91.92.243.243 - - [21/Mar/2026:09:10:59 +0700] "POST /wp-login.php HTTP/1.1" 200 6551 "-" "Mozilla/5.0"
91.92.243.243 - - [21/Mar/2026:09:17:48 +0700] "POST /wp-login.php HTTP/1.1" 200 6551 "-" "Mozilla/5.0"
91.92.243.243 - - [21/Mar/2026:09:24:36 +0700] "POST /wp-login.php HTTP/1.1" 200 6551 "-" "Mozilla/5.0"
103.175.220.74 - - [21/Mar/2026:09:28:28 +0700] "POST /wp-cron.php?doing_wp_cron=1774060108.8594419956207275390625 HTTP/1.1" 200 31 "-" "WordPress/6.9.1; https://web.onega.id"
103.175.220.74 - - [21/Mar/2026:09:28:29 +0700] "POST /wp-cron.php?doing_wp_cron=1774060108.9710099697113037109375 HTTP/1.1" 200 31 "-" "WordPress/6.9.1; https://web.onega.id"
51.195.215.243 - - [21/Mar/2026:09:28:29 +0700] "GET /menggunakan-personalisasi-untuk-meningkatkan-pengalaman-pengunjung-di-landing-page/feed/ HTTP/1.1" 200 949 "-" "Mozilla/5.0 (compatible; AhrefsBot/7.0; +http://ahrefs.com/robot/)"
91.92.243.243 - - [21/Mar/2026:09:31:27 +0700] "POST /wp-login.php HTTP/1.1" 200 6551 "-" "Mozilla/5.0"
216.73.216.208 - - [21/Mar/2026:09:34:30 +0700] "GET /robots.txt HTTP/1.1" 200 181 "-" "Mozilla/5.0 AppleWebKit/537.36 (KHTML, like Gecko; compatible; ClaudeBot/1.0; +claudebot@anthropic.com)"
216.73.216.208 - - [21/Mar/2026:09:34:30 +0700] "GET /ide-kreatif-untuk-desain-grafis-di-landing-page HTTP/1.1" 301 5 "-" "Mozilla/5.0 AppleWebKit/537.36 (KHTML, like Gecko; compatible; ClaudeBot/1.0; +claudebot@anthropic.com)"
216.73.216.208 - - [21/Mar/2026:09:34:31 +0700] "GET /ide-kreatif-untuk-desain-grafis-di-landing-page/ HTTP/1.1" 200 29419 "https://web.onega.id/ide-kreatif-untuk-desain-grafis-di-landing-page" "Mozilla/5.0 AppleWebKit/537.36 (KHTML, like Gecko; compatible; ClaudeBot/1.0; +claudebot@anthropic.com)"
91.92.243.243 - - [21/Mar/2026:09:38:14 +0700] "POST /wp-login.php HTTP/1.1" 200 6551 "-" "Mozilla/5.0"
91.92.243.243 - - [21/Mar/2026:09:44:59 +0700] "POST /wp-login.php HTTP/1.1" 200 6551 "-" "Mozilla/5.0"
51.195.183.126 - - [21/Mar/2026:09:48:52 +0700] "GET /cara-mengoptimalkan-landing-page-untuk-kecepatan-memuat-yang-cepat/feed/ HTTP/1.1" 200 901 "-" "Mozilla/5.0 (compatible; AhrefsBot/7.0; +http://ahrefs.com/robot/)"
47.128.23.21 - - [21/Mar/2026:09:49:58 +0700] "GET / HTTP/1.1" 200 34047 "-" "Mozilla/5.0 (Linux; Android 5.0) AppleWebKit/537.36 (KHTML, like Gecko) Mobile Safari/537.36 (compatible; Bytespider; spider-feedback@bytedance.com)"
91.92.243.243 - - [21/Mar/2026:09:51:55 +0700] "POST /wp-login.php HTTP/1.1" 200 6551 "-" "Mozilla/5.0"
91.92.243.243 - - [21/Mar/2026:09:58:38 +0700] "POST /wp-login.php HTTP/1.1" 200 6551 "-" "Mozilla/5.0"
40.160.231.127 - - [21/Mar/2026:10:00:48 +0700] "GET / HTTP/1.1" 200 34047 "-" "Mozilla/5.0 (Windows NT 10.0; Win64; x64) AppleWebKit/537.36 (KHTML, like Gecko) Chrome/131.0.0.0 Safari/537.36"
44.216.172.204 - - [21/Mar/2026:10:03:19 +0700] "GET /2023/11/08/ HTTP/1.1" 200 26365 "-" "Mozilla/5.0 AppleWebKit/537.36 (KHTML, like Gecko; compatible; Amazonbot/0.1; +https://developer.amazon.com/support/amazonbot) Chrome/119.0.6045.214 Safari/537.36"
91.92.243.243 - - [21/Mar/2026:10:05:21 +0700] "POST /wp-login.php HTTP/1.1" 200 6551 "-" "Mozilla/5.0"
51.89.129.177 - - [21/Mar/2026:10:09:36 +0700] "GET /lima-kesalahan-umum-dalam-pembuatan-landing-page-dan-cara-menghindarinya/feed/ HTTP/1.1" 200 919 "-" "Mozilla/5.0 (compatible; AhrefsBot/7.0; +http://ahrefs.com/robot/)"
91.92.243.243 - - [21/Mar/2026:10:12:14 +0700] "POST /wp-login.php HTTP/1.1" 200 6551 "-" "Mozilla/5.0"
185.191.171.15 - - [21/Mar/2026:10:17:47 +0700] "GET /robots.txt HTTP/1.1" 200 181 "-" "Mozilla/5.0 (compatible; SemrushBot/7~bl; +http://www.semrush.com/bot.html)"
185.191.171.17 - - [21/Mar/2026:10:18:02 +0700] "GET /menggunakan-landing-page-sebagai-alat-pemantauan-hasil-kampanye-pemasaran/ HTTP/1.1" 200 29383 "-" "Mozilla/5.0 (compatible; SemrushBot/7~bl; +http://www.semrush.com/bot.html)"
91.92.243.243 - - [21/Mar/2026:10:18:58 +0700] "POST /wp-login.php HTTP/1.1" 200 6551 "-" "Mozilla/5.0"
103.175.220.74 - - [21/Mar/2026:10:25:46 +0700] "POST /wp-cron.php?doing_wp_cron=1774063546.3279619216918945312500 HTTP/1.1" 200 31 "-" "WordPress/6.9.1; https://web.onega.id"
91.92.243.243 - - [21/Mar/2026:10:25:46 +0700] "POST /wp-login.php HTTP/1.1" 200 6551 "-" "Mozilla/5.0"
103.175.220.74 - - [21/Mar/2026:10:28:33 +0700] "POST /wp-cron.php?doing_wp_cron=1774063713.7070560455322265625000 HTTP/1.1" 200 31 "-" "WordPress/6.9.1; https://web.onega.id"
103.175.220.74 - - [21/Mar/2026:10:28:33 +0700] "POST /wp-cron.php?doing_wp_cron=1774063713.7737491130828857421875 HTTP/1.1" 200 31 "-" "WordPress/6.9.1; https://web.onega.id"
51.195.183.86 - - [21/Mar/2026:10:28:33 +0700] "GET /cara-menggunakan-cerita-dalam-landing-page-untuk-meningkatkan-konektivitas/feed/ HTTP/1.1" 200 925 "-" "Mozilla/5.0 (compatible; AhrefsBot/7.0; +http://ahrefs.com/robot/)"
91.92.243.243 - - [21/Mar/2026:10:32:39 +0700] "POST /wp-login.php HTTP/1.1" 200 6551 "-" "Mozilla/5.0"
91.92.243.243 - - [21/Mar/2026:10:39:23 +0700] "POST /wp-login.php HTTP/1.1" 200 6551 "-" "Mozilla/5.0"
91.92.243.243 - - [21/Mar/2026:10:46:11 +0700] "POST /wp-login.php HTTP/1.1" 200 6551 "-" "Mozilla/5.0"
198.244.242.133 - - [21/Mar/2026:10:47:32 +0700] "GET /cara-menggunakan-video-dalam-landing-page-untuk-meningkatkan-keterlibatan-pengunjung/feed/ HTTP/1.1" 200 955 "-" "Mozilla/5.0 (compatible; AhrefsBot/7.0; +http://ahrefs.com/robot/)"
91.92.243.243 - - [21/Mar/2026:10:53:03 +0700] "POST /wp-login.php HTTP/1.1" 200 6551 "-" "Mozilla/5.0"
91.92.243.243 - - [21/Mar/2026:10:59:51 +0700] "POST /wp-login.php HTTP/1.1" 200 6551 "-" "Mozilla/5.0"
91.92.243.243 - - [21/Mar/2026:11:06:39 +0700] "POST /wp-login.php HTTP/1.1" 200 6551 "-" "Mozilla/5.0"
91.92.243.243 - - [21/Mar/2026:11:13:29 +0700] "POST /wp-login.php HTTP/1.1" 200 6551 "-" "Mozilla/5.0"
91.92.243.243 - - [21/Mar/2026:11:20:19 +0700] "POST /wp-login.php HTTP/1.1" 200 6551 "-" "Mozilla/5.0"
103.175.220.74 - - [21/Mar/2026:11:26:39 +0700] "POST /wp-cron.php?doing_wp_cron=1774067199.8446419239044189453125 HTTP/1.1" 200 31 "-" "WordPress/6.9.1; https://web.onega.id"
84.37.234.185 - - [21/Mar/2026:11:26:39 +0700] "GET / HTTP/1.1" 200 34047 "-" "Mozilla/5.0 (Macintosh; Intel Mac OS X 10_15_7) AppleWebKit/537.36 (KHTML, like Gecko) Chrome/142.0.0.0 Safari/537.36"
103.175.220.74 - - [21/Mar/2026:11:26:42 +0700] "POST /wp-cron.php HTTP/1.1" 200 31 "-" "WordPress/6.9.1; https://web.onega.id"
103.175.220.74 - - [21/Mar/2026:11:26:43 +0700] "GET / HTTP/1.1" 200 34047 "-" "WordPress/6.9.1; https://web.onega.id"
103.175.220.74 - - [21/Mar/2026:11:26:44 +0700] "GET / HTTP/1.1" 200 34047 "-" "WordPress/6.9.1; https://web.onega.id"
103.175.220.74 - - [21/Mar/2026:11:26:44 +0700] "GET / HTTP/1.1" 200 34047 "-" "WordPress/6.9.1; https://web.onega.id"
103.175.220.74 - - [21/Mar/2026:11:26:45 +0700] "GET / HTTP/1.1" 200 34047 "-" "WordPress/6.9.1; https://web.onega.id"
103.175.220.74 - - [21/Mar/2026:11:27:07 +0700] "POST /wp-cron.php?doing_wp_cron=1774067227.0128409862518310546875 HTTP/1.1" 200 31 "-" "WordPress/6.9.1; https://web.onega.id"
91.92.243.243 - - [21/Mar/2026:11:27:07 +0700] "POST /wp-login.php HTTP/1.1" 200 6551 "-" "Mozilla/5.0"
103.175.220.74 - - [21/Mar/2026:11:33:19 +0700] "POST /wp-cron.php?doing_wp_cron=1774067599.4439198970794677734375 HTTP/1.1" 200 31 "-" "WordPress/6.9.1; https://web.onega.id"
44.221.105.234 - - [21/Mar/2026:11:33:19 +0700] "GET /wp-json/wp/v2/pages/503/page/3/ HTTP/1.1" 404 125 "-" "Mozilla/5.0 AppleWebKit/537.36 (KHTML, like Gecko; compatible; Amazonbot/0.1; +https://developer.amazon.com/support/amazonbot) Chrome/119.0.6045.214 Safari/537.36"
103.175.220.74 - - [21/Mar/2026:11:33:33 +0700] "POST /wp-cron.php?doing_wp_cron=1774067613.8111929893493652343750 HTTP/1.1" 200 31 "-" "WordPress/6.9.1; https://web.onega.id"
216.73.216.208 - - [21/Mar/2026:11:33:33 +0700] "GET /robots.txt HTTP/1.1" 200 181 "-" "Mozilla/5.0 AppleWebKit/537.36 (KHTML, like Gecko; compatible; ClaudeBot/1.0; +claudebot@anthropic.com)"
216.73.216.208 - - [21/Mar/2026:11:33:34 +0700] "GET /sitemap_index.xml HTTP/1.1" 200 906 "-" "Mozilla/5.0 AppleWebKit/537.36 (KHTML, like Gecko; compatible; ClaudeBot/1.0; +claudebot@anthropic.com)"
91.92.243.243 - - [21/Mar/2026:11:33:55 +0700] "POST /wp-login.php HTTP/1.1" 200 6551 "-" "Mozilla/5.0"
91.92.243.243 - - [21/Mar/2026:11:40:47 +0700] "POST /wp-login.php HTTP/1.1" 200 6551 "-" "Mozilla/5.0"
91.92.243.243 - - [21/Mar/2026:11:47:33 +0700] "POST /wp-login.php HTTP/1.1" 200 6551 "-" "Mozilla/5.0"
91.92.243.243 - - [21/Mar/2026:11:54:24 +0700] "POST /wp-login.php HTTP/1.1" 200 6551 "-" "Mozilla/5.0"
91.92.243.243 - - [21/Mar/2026:12:01:19 +0700] "POST /wp-login.php HTTP/1.1" 200 6551 "-" "Mozilla/5.0"
91.92.243.243 - - [21/Mar/2026:12:08:06 +0700] "POST /wp-login.php HTTP/1.1" 200 6551 "-" "Mozilla/5.0"
91.92.243.243 - - [21/Mar/2026:12:14:51 +0700] "POST /wp-login.php HTTP/1.1" 200 6551 "-" "Mozilla/5.0"
91.92.243.243 - - [21/Mar/2026:12:21:45 +0700] "POST /wp-login.php HTTP/1.1" 200 6551 "-" "Mozilla/5.0"
103.175.220.74 - - [21/Mar/2026:12:28:29 +0700] "POST /wp-cron.php?doing_wp_cron=1774070909.4060969352722167968750 HTTP/1.1" 200 31 "-" "WordPress/6.9.1; https://web.onega.id"
91.92.243.243 - - [21/Mar/2026:12:28:29 +0700] "POST /wp-login.php HTTP/1.1" 200 6551 "-" "Mozilla/5.0"
85.208.96.211 - - [21/Mar/2026:12:31:59 +0700] "GET /robots.txt HTTP/1.1" 200 181 "-" "Mozilla/5.0 (compatible; SemrushBot/7~bl; +http://www.semrush.com/bot.html)"
85.208.96.203 - - [21/Mar/2026:12:32:01 +0700] "GET /tips-copywriting-untuk-mengoptimalkan-landing-page-anda/ HTTP/1.1" 200 29574 "-" "Mozilla/5.0 (compatible; SemrushBot/7~bl; +http://www.semrush.com/bot.html)"
91.92.243.243 - - [21/Mar/2026:12:35:17 +0700] "POST /wp-login.php HTTP/1.1" 200 6551 "-" "Mozilla/5.0"
91.92.243.243 - - [21/Mar/2026:12:42:11 +0700] "POST /wp-login.php HTTP/1.1" 200 6551 "-" "Mozilla/5.0"
103.175.220.74 - - [21/Mar/2026:12:44:19 +0700] "POST /wp-cron.php?doing_wp_cron=1774071859.1344039440155029296875 HTTP/1.1" 200 31 "-" "WordPress/6.9.1; https://web.onega.id"
3.215.197.210 - - [21/Mar/2026:12:44:19 +0700] "GET /robots.txt HTTP/1.1" 200 181 "-" "Mozilla/5.0 (Macintosh; Intel Mac OS X 10_10_1) AppleWebKit/600.2.5 (KHTML, like Gecko) Version/8.0.2 Safari/600.2.5 (Gort)"
91.92.243.243 - - [21/Mar/2026:12:48:58 +0700] "POST /wp-login.php HTTP/1.1" 200 6551 "-" "Mozilla/5.0"
185.191.171.6 - - [21/Mar/2026:12:49:38 +0700] "GET /tips-desain-terbaik-untuk-membuat-landing-page-yang-memukau/ HTTP/1.1" 200 28764 "-" "Mozilla/5.0 (compatible; SemrushBot/7~bl; +http://www.semrush.com/bot.html)"
51.195.244.42 - - [21/Mar/2026:12:51:26 +0700] "GET /robots.txt HTTP/1.1" 200 181 "-" "Mozilla/5.0 (compatible; AhrefsBot/7.0; +http://ahrefs.com/robot/)"
52.45.194.165 - - [21/Mar/2026:12:51:27 +0700] "GET /membangun-landing-page-yang-efektif-dengan-anggaran-terbatas/feed/ HTTP/1.1" 200 883 "-" "Mozilla/5.0 AppleWebKit/537.36 (KHTML, like Gecko; compatible; Amazonbot/0.1; +https://developer.amazon.com/support/amazonbot) Chrome/119.0.6045.214 Safari/537.36"
5.39.1.244 - - [21/Mar/2026:12:51:30 +0700] "GET /cara-membuat-landing-page-yang-cocok-dengan-perilaku-pembelian-online-2/feed/ HTTP/1.1" 200 898 "-" "Mozilla/5.0 (compatible; AhrefsBot/7.0; +http://ahrefs.com/robot/)"
91.92.243.243 - - [21/Mar/2026:12:55:41 +0700] "POST /wp-login.php HTTP/1.1" 200 6551 "-" "Mozilla/5.0"
216.73.216.208 - - [21/Mar/2026:13:00:45 +0700] "GET /robots.txt HTTP/1.1" 200 181 "-" "Mozilla/5.0 AppleWebKit/537.36 (KHTML, like Gecko; compatible; ClaudeBot/1.0; +claudebot@anthropic.com)"
216.73.216.208 - - [21/Mar/2026:13:00:45 +0700] "GET /sitemap_index.xml HTTP/1.1" 200 906 "-" "Mozilla/5.0 AppleWebKit/537.36 (KHTML, like Gecko; compatible; ClaudeBot/1.0; +claudebot@anthropic.com)"
91.92.243.243 - - [21/Mar/2026:13:02:39 +0700] "POST /wp-login.php HTTP/1.1" 200 6551 "-" "Mozilla/5.0"
91.92.243.243 - - [21/Mar/2026:13:09:25 +0700] "POST /wp-login.php HTTP/1.1" 200 6551 "-" "Mozilla/5.0"
91.92.243.243 - - [21/Mar/2026:13:16:14 +0700] "POST /wp-login.php HTTP/1.1" 200 6551 "-" "Mozilla/5.0"
91.92.243.243 - - [21/Mar/2026:13:23:10 +0700] "POST /wp-login.php HTTP/1.1" 200 6551 "-" "Mozilla/5.0"
103.175.220.74 - - [21/Mar/2026:13:30:00 +0700] "POST /wp-cron.php?doing_wp_cron=1774074600.4417910575866699218750 HTTP/1.1" 200 31 "-" "WordPress/6.9.1; https://web.onega.id"
91.92.243.243 - - [21/Mar/2026:13:30:00 +0700] "POST /wp-login.php HTTP/1.1" 200 6551 "-" "Mozilla/5.0"
89.200.205.35 - - [21/Mar/2026:13:36:41 +0700] "GET / HTTP/1.1" 200 34047 "-" "Mozilla/5.0 (compatible; OpenindexSpider; +https://www.openindex.io/saas/about-our-spider/)"
91.92.243.243 - - [21/Mar/2026:13:36:46 +0700] "POST /wp-login.php HTTP/1.1" 200 6551 "-" "Mozilla/5.0"
43.165.65.75 - - [21/Mar/2026:13:40:11 +0700] "GET / HTTP/1.1" 200 34047 "http://web.onega.id" "Mozilla/5.0 (iPhone; CPU iPhone OS 13_2_3 like Mac OS X) AppleWebKit/605.1.15 (KHTML, like Gecko) Version/13.0.3 Mobile/15E148 Safari/604.1"
92.222.104.192 - - [21/Mar/2026:13:40:54 +0700] "GET /membuat-landing-page-yang-ramah-pencarian-search-engine-friendly/feed/ HTTP/1.1" 200 897 "-" "Mozilla/5.0 (compatible; AhrefsBot/7.0; +http://ahrefs.com/robot/)"
91.92.243.243 - - [21/Mar/2026:13:43:39 +0700] "POST /wp-login.php HTTP/1.1" 200 6551 "-" "Mozilla/5.0"
91.92.243.243 - - [21/Mar/2026:13:50:33 +0700] "POST /wp-login.php HTTP/1.1" 200 6551 "-" "Mozilla/5.0"
91.92.243.243 - - [21/Mar/2026:13:57:21 +0700] "POST /wp-login.php HTTP/1.1" 200 6551 "-" "Mozilla/5.0"
103.175.220.74 - - [21/Mar/2026:14:01:42 +0700] "POST /wp-cron.php?doing_wp_cron=1774076501.0370719432830810546875 HTTP/1.1" 200 31 "-" "WordPress/6.9.1; https://web.onega.id"
85.208.96.209 - - [21/Mar/2026:14:01:42 +0700] "GET /robots.txt HTTP/1.1" 200 181 "-" "Mozilla/5.0 (compatible; SemrushBot/7~bl; +http://www.semrush.com/bot.html)"
185.191.171.13 - - [21/Mar/2026:14:01:44 +0700] "GET /cara-membuat-headline-yang-menarik-dan-menggugah/ HTTP/1.1" 200 28845 "-" "Mozilla/5.0 (compatible; SemrushBot/7~bl; +http://www.semrush.com/bot.html)"
91.92.243.243 - - [21/Mar/2026:14:04:12 +0700] "POST /wp-login.php HTTP/1.1" 200 6551 "-" "Mozilla/5.0"
91.92.243.243 - - [21/Mar/2026:14:11:02 +0700] "POST /wp-login.php HTTP/1.1" 200 6551 "-" "Mozilla/5.0"
91.92.243.243 - - [21/Mar/2026:14:17:47 +0700] "POST /wp-login.php HTTP/1.1" 200 6551 "-" "Mozilla/5.0"
91.92.243.243 - - [21/Mar/2026:14:24:38 +0700] "POST /wp-login.php HTTP/1.1" 200 6551 "-" "Mozilla/5.0"
