91.92.243.243 - - [20/Mar/2026:06:10:30 +0700] "POST /wp-login.php HTTP/1.1" 200 6551 "-" "Mozilla/5.0"
85.208.96.203 - - [20/Mar/2026:06:13:55 +0700] "GET /author/admin/page/10/ HTTP/1.1" 200 28794 "-" "Mozilla/5.0 (compatible; SemrushBot/7~bl; +http://www.semrush.com/bot.html)"
91.92.243.243 - - [20/Mar/2026:06:17:17 +0700] "POST /wp-login.php HTTP/1.1" 200 6551 "-" "Mozilla/5.0"
216.73.216.208 - - [20/Mar/2026:06:20:32 +0700] "GET /robots.txt HTTP/1.1" 200 181 "-" "Mozilla/5.0 AppleWebKit/537.36 (KHTML, like Gecko; compatible; ClaudeBot/1.0; +claudebot@anthropic.com)"
216.73.216.208 - - [20/Mar/2026:06:20:33 +0700] "GET /?p=1599 HTTP/1.1" 301 5 "-" "Mozilla/5.0 AppleWebKit/537.36 (KHTML, like Gecko; compatible; ClaudeBot/1.0; +claudebot@anthropic.com)"
216.73.216.208 - - [20/Mar/2026:06:20:34 +0700] "GET /tips-mengatasi-tingkat-bounce-tinggi-pada-landing-page-strategi-untuk-meningkatkan-retensi-pengunjung/ HTTP/1.1" 200 29353 "https://web.onega.id/?p=1599" "Mozilla/5.0 AppleWebKit/537.36 (KHTML, like Gecko; compatible; ClaudeBot/1.0; +claudebot@anthropic.com)"
216.73.216.208 - - [20/Mar/2026:06:23:54 +0700] "GET /tips-mengatasi-tingkat-bounce-tinggi-pada-landing-page-strategi-untuk-meningkatkan-retensi-pengunjung HTTP/1.1" 301 5 "-" "Mozilla/5.0 AppleWebKit/537.36 (KHTML, like Gecko; compatible; ClaudeBot/1.0; +claudebot@anthropic.com)"
216.73.216.208 - - [20/Mar/2026:06:23:55 +0700] "GET /tips-mengatasi-tingkat-bounce-tinggi-pada-landing-page-strategi-untuk-meningkatkan-retensi-pengunjung/ HTTP/1.1" 200 29353 "https://web.onega.id/tips-mengatasi-tingkat-bounce-tinggi-pada-landing-page-strategi-untuk-meningkatkan-retensi-pengunjung" "Mozilla/5.0 AppleWebKit/537.36 (KHTML, like Gecko; compatible; ClaudeBot/1.0; +claudebot@anthropic.com)"
91.92.243.243 - - [20/Mar/2026:06:24:06 +0700] "POST /wp-login.php HTTP/1.1" 200 6551 "-" "Mozilla/5.0"
216.73.216.208 - - [20/Mar/2026:06:24:10 +0700] "GET /tips-mengatasi-tingkat-bounce-tinggi-pada-landing-page-strategi-untuk-meningkatkan-retensi-pengunjung/feed HTTP/1.1" 301 5 "-" "Mozilla/5.0 AppleWebKit/537.36 (KHTML, like Gecko; compatible; ClaudeBot/1.0; +claudebot@anthropic.com)"
216.73.216.208 - - [20/Mar/2026:06:24:11 +0700] "GET /tips-mengatasi-tingkat-bounce-tinggi-pada-landing-page-strategi-untuk-meningkatkan-retensi-pengunjung/feed/ HTTP/1.1" 200 1008 "https://web.onega.id/tips-mengatasi-tingkat-bounce-tinggi-pada-landing-page-strategi-untuk-meningkatkan-retensi-pengunjung/feed" "Mozilla/5.0 AppleWebKit/537.36 (KHTML, like Gecko; compatible; ClaudeBot/1.0; +claudebot@anthropic.com)"
103.175.220.74 - - [20/Mar/2026:06:30:58 +0700] "POST /wp-cron.php?doing_wp_cron=1773963058.3589749336242675781250 HTTP/1.1" 200 31 "-" "WordPress/6.9.1; https://web.onega.id"
91.92.243.243 - - [20/Mar/2026:06:30:58 +0700] "POST /wp-login.php HTTP/1.1" 200 6551 "-" "Mozilla/5.0"
172.98.33.130 - - [20/Mar/2026:06:33:31 +0700] "POST /wp-login.php HTTP/1.1" 200 6551 "-" "Mozilla/5.0"
172.98.33.130 - - [20/Mar/2026:06:33:34 +0700] "POST /wp-login.php HTTP/1.1" 200 6551 "-" "Mozilla/5.0"
91.92.243.243 - - [20/Mar/2026:06:37:44 +0700] "POST /wp-login.php HTTP/1.1" 200 6551 "-" "Mozilla/5.0"
91.92.243.243 - - [20/Mar/2026:06:44:31 +0700] "POST /wp-login.php HTTP/1.1" 200 6551 "-" "Mozilla/5.0"
91.92.243.243 - - [20/Mar/2026:06:51:21 +0700] "POST /wp-login.php HTTP/1.1" 200 6551 "-" "Mozilla/5.0"
91.92.243.243 - - [20/Mar/2026:06:58:09 +0700] "POST /wp-login.php HTTP/1.1" 200 6551 "-" "Mozilla/5.0"
91.92.243.243 - - [20/Mar/2026:07:05:08 +0700] "POST /wp-login.php HTTP/1.1" 200 6551 "-" "Mozilla/5.0"
103.175.220.74 - - [20/Mar/2026:07:07:55 +0700] "POST /wp-cron.php?doing_wp_cron=1773965275.2738380432128906250000 HTTP/1.1" 200 31 "-" "WordPress/6.9.1; https://web.onega.id"
172.98.33.74 - - [20/Mar/2026:07:07:55 +0700] "POST /wp-login.php HTTP/1.1" 200 6551 "-" "Mozilla/5.0"
172.98.33.74 - - [20/Mar/2026:07:07:58 +0700] "POST /wp-login.php HTTP/1.1" 200 6551 "-" "Mozilla/5.0"
103.175.220.74 - - [20/Mar/2026:07:12:00 +0700] "POST /wp-cron.php?doing_wp_cron=1773965520.8793718814849853515625 HTTP/1.1" 200 31 "-" "WordPress/6.9.1; https://web.onega.id"
198.244.183.80 - - [20/Mar/2026:07:12:00 +0700] "GET /membandingkan-kinerja-landing-page-dengan-google-analytics-menelusuri-data-untuk-optimalisasi/feed/ HTTP/1.1" 200 984 "-" "Mozilla/5.0 (compatible; AhrefsBot/7.0; +http://ahrefs.com/robot/)"
91.92.243.243 - - [20/Mar/2026:07:12:02 +0700] "POST /wp-login.php HTTP/1.1" 200 6551 "-" "Mozilla/5.0"
91.92.243.243 - - [20/Mar/2026:07:18:50 +0700] "POST /wp-login.php HTTP/1.1" 200 6551 "-" "Mozilla/5.0"
91.92.243.243 - - [20/Mar/2026:07:25:42 +0700] "POST /wp-login.php HTTP/1.1" 200 6551 "-" "Mozilla/5.0"
103.175.220.74 - - [20/Mar/2026:07:28:07 +0700] "POST /wp-cron.php?doing_wp_cron=1773966487.9018659591674804687500 HTTP/1.1" 200 31 "-" "WordPress/6.9.1; https://web.onega.id"
198.244.226.41 - - [20/Mar/2026:07:28:07 +0700] "GET /meningkatkan-kepuasan-pengguna-melalui-responsif-dan-user-friendly-landing-page-kunci-sukses-dalam-pemasaran-digital/feed/ HTTP/1.1" 200 1053 "-" "Mozilla/5.0 (compatible; AhrefsBot/7.0; +http://ahrefs.com/robot/)"
216.73.216.208 - - [20/Mar/2026:07:28:21 +0700] "GET /robots.txt HTTP/1.1" 200 181 "-" "Mozilla/5.0 AppleWebKit/537.36 (KHTML, like Gecko; compatible; ClaudeBot/1.0; +claudebot@anthropic.com)"
216.73.216.208 - - [20/Mar/2026:07:28:22 +0700] "GET /sitemap_index.xml HTTP/1.1" 200 906 "-" "Mozilla/5.0 AppleWebKit/537.36 (KHTML, like Gecko; compatible; ClaudeBot/1.0; +claudebot@anthropic.com)"
91.92.243.243 - - [20/Mar/2026:07:32:35 +0700] "POST /wp-login.php HTTP/1.1" 200 6551 "-" "Mozilla/5.0"
91.92.243.243 - - [20/Mar/2026:07:39:26 +0700] "POST /wp-login.php HTTP/1.1" 200 6551 "-" "Mozilla/5.0"
100.28.204.82 - - [20/Mar/2026:07:41:21 +0700] "GET /wp-json/wp/v2/pages/503 HTTP/1.1" 200 27308 "-" "Mozilla/5.0 AppleWebKit/537.36 (KHTML, like Gecko; compatible; Amazonbot/0.1; +https://developer.amazon.com/support/amazonbot) Chrome/119.0.6045.214 Safari/537.36"
172.98.33.125 - - [20/Mar/2026:07:42:25 +0700] "POST /wp-login.php HTTP/1.1" 200 6551 "-" "Mozilla/5.0"
172.98.33.125 - - [20/Mar/2026:07:42:29 +0700] "POST /wp-login.php HTTP/1.1" 200 6551 "-" "Mozilla/5.0"
51.195.244.169 - - [20/Mar/2026:07:44:52 +0700] "GET /menggunakan-landing-page-untuk-mengumpulkan-data-pelanggan-strategi-efektif-untuk-membangun-hubungan-lebih-dekat/feed/ HTTP/1.1" 200 1041 "-" "Mozilla/5.0 (compatible; AhrefsBot/7.0; +http://ahrefs.com/robot/)"
91.92.243.243 - - [20/Mar/2026:07:46:13 +0700] "POST /wp-login.php HTTP/1.1" 200 6551 "-" "Mozilla/5.0"
91.92.243.243 - - [20/Mar/2026:07:53:13 +0700] "POST /wp-login.php HTTP/1.1" 200 6551 "-" "Mozilla/5.0"
91.92.243.243 - - [20/Mar/2026:08:00:06 +0700] "POST /wp-login.php HTTP/1.1" 200 6551 "-" "Mozilla/5.0"
198.244.240.39 - - [20/Mar/2026:08:00:40 +0700] "GET /pentingnya-integrasi-data-pada-landing-page-membuat-keputusan-yang-informatif/feed/ HTTP/1.1" 200 936 "-" "Mozilla/5.0 (compatible; AhrefsBot/7.0; +http://ahrefs.com/robot/)"
91.92.243.243 - - [20/Mar/2026:08:07:00 +0700] "POST /wp-login.php HTTP/1.1" 200 6551 "-" "Mozilla/5.0"
91.92.243.243 - - [20/Mar/2026:08:13:52 +0700] "POST /wp-login.php HTTP/1.1" 200 6551 "-" "Mozilla/5.0"
103.175.220.74 - - [20/Mar/2026:08:16:15 +0700] "POST /wp-cron.php?doing_wp_cron=1773969375.1056969165802001953125 HTTP/1.1" 200 31 "-" "WordPress/6.9.1; https://web.onega.id"
51.195.183.156 - - [20/Mar/2026:08:16:15 +0700] "GET /tips-dan-trik-membuat-landing-page-yang-menggoda-memikat-pengunjung-untuk-konversi-lebih-tinggi/feed/ HTTP/1.1" 200 990 "-" "Mozilla/5.0 (compatible; AhrefsBot/7.0; +http://ahrefs.com/robot/)"
172.98.33.113 - - [20/Mar/2026:08:17:33 +0700] "POST /wp-login.php HTTP/1.1" 200 6551 "-" "Mozilla/5.0"
172.98.33.113 - - [20/Mar/2026:08:17:37 +0700] "POST /wp-login.php HTTP/1.1" 200 6551 "-" "Mozilla/5.0"
91.92.243.243 - - [20/Mar/2026:08:20:47 +0700] "POST /wp-login.php HTTP/1.1" 200 6551 "-" "Mozilla/5.0"
103.175.220.74 - - [20/Mar/2026:08:27:42 +0700] "POST /wp-cron.php?doing_wp_cron=1773970062.2573690414428710937500 HTTP/1.1" 200 31 "-" "WordPress/6.9.1; https://web.onega.id"
91.92.243.243 - - [20/Mar/2026:08:27:42 +0700] "POST /wp-login.php HTTP/1.1" 200 6551 "-" "Mozilla/5.0"
51.89.129.39 - - [20/Mar/2026:08:32:36 +0700] "GET /strategi-copywriting-yang-menyentuh-hati-untuk-landing-page-amal-atau-sosial-menginspirasi-aksi-dan-dukungan/feed/ HTTP/1.1" 200 1029 "-" "Mozilla/5.0 (compatible; AhrefsBot/7.0; +http://ahrefs.com/robot/)"
91.92.243.243 - - [20/Mar/2026:08:34:37 +0700] "POST /wp-login.php HTTP/1.1" 200 6551 "-" "Mozilla/5.0"
216.75.132.81 - - [20/Mar/2026:08:40:08 +0700] "GET /mengapa-copywriting-penting-dalam-landing-page-2/feed/ HTTP/1.1" 200 892 "-" "Mozilla/5.0 (Macintosh; Intel Mac OS X 10_15_7) AppleWebKit/537.36 (KHTML, like Gecko) Chrome/135.0.0.0 Safari/537.36"
91.92.243.243 - - [20/Mar/2026:08:41:28 +0700] "POST /wp-login.php HTTP/1.1" 200 6551 "-" "Mozilla/5.0"
46.34.61.47 - - [20/Mar/2026:08:46:19 +0700] "GET /cara-menggunakan-video-untuk-memperkaya-landing-page-anda/ HTTP/1.1" 200 29708 "-" "Mozilla/5.0 (Windows NT 10.0; Win64; x64) AppleWebKit/537.36 (KHTML, like Gecko) Chrome/131.0.0.0 Safari/537.36 Edg/131.0.0.0"
91.92.243.243 - - [20/Mar/2026:08:48:16 +0700] "POST /wp-login.php HTTP/1.1" 200 6551 "-" "Mozilla/5.0"
51.195.244.228 - - [20/Mar/2026:08:49:59 +0700] "GET /mengapa-typography-adalah-kunci-dalam-desain-landing-page-yang-sukses/feed/ HTTP/1.1" 200 910 "-" "Mozilla/5.0 (compatible; AhrefsBot/7.0; +http://ahrefs.com/robot/)"
172.98.33.128 - - [20/Mar/2026:08:52:34 +0700] "POST /wp-login.php HTTP/1.1" 200 6551 "-" "Mozilla/5.0"
172.98.33.128 - - [20/Mar/2026:08:52:37 +0700] "POST /wp-login.php HTTP/1.1" 200 6551 "-" "Mozilla/5.0"
91.92.243.243 - - [20/Mar/2026:08:55:04 +0700] "POST /wp-login.php HTTP/1.1" 200 6551 "-" "Mozilla/5.0"
91.92.243.243 - - [20/Mar/2026:09:02:00 +0700] "POST /wp-login.php HTTP/1.1" 200 6557 "-" "Mozilla/5.0"
198.244.183.209 - - [20/Mar/2026:09:07:57 +0700] "GET /pentingnya-keamanan-dalam-pembuatan-landing-page-melindungi-pengguna-dan-data-secara-efektif/feed/ HTTP/1.1" 200 981 "-" "Mozilla/5.0 (compatible; AhrefsBot/7.0; +http://ahrefs.com/robot/)"
103.175.220.74 - - [20/Mar/2026:09:08:49 +0700] "POST /wp-cron.php?doing_wp_cron=1773972529.3019700050354003906250 HTTP/1.1" 200 31 "-" "WordPress/6.9.1; https://web.onega.id"
91.92.243.243 - - [20/Mar/2026:09:08:49 +0700] "POST /wp-login.php HTTP/1.1" 200 6551 "-" "Mozilla/5.0"
91.92.243.243 - - [20/Mar/2026:09:15:36 +0700] "POST /wp-login.php HTTP/1.1" 200 6551 "-" "Mozilla/5.0"
23.21.119.232 - - [20/Mar/2026:09:19:20 +0700] "GET /wp-json/oembed/1.0/embed?format=xml&url=https://web.onega.id/memahami-peran-call-to-action-cta-dalam-meningkatkan-konversi/ HTTP/1.1" 200 3249 "-" "Mozilla/5.0 AppleWebKit/537.36 (KHTML, like Gecko; compatible; Amazonbot/0.1; +https://developer.amazon.com/support/amazonbot) Chrome/119.0.6045.214 Safari/537.36"
91.92.243.243 - - [20/Mar/2026:09:22:34 +0700] "POST /wp-login.php HTTP/1.1" 200 6551 "-" "Mozilla/5.0"
103.175.220.74 - - [20/Mar/2026:09:24:13 +0700] "POST /wp-cron.php?doing_wp_cron=1773973453.3142380714416503906250 HTTP/1.1" 200 31 "-" "WordPress/6.9.1; https://web.onega.id"
198.244.240.37 - - [20/Mar/2026:09:24:14 +0700] "GET /category/uncategorized/page/10/ HTTP/1.1" 200 28256 "-" "Mozilla/5.0 (compatible; AhrefsBot/7.0; +http://ahrefs.com/robot/)"
54.159.98.248 - - [20/Mar/2026:09:24:23 +0700] "GET /wp-json/wp/v2/pages/503/page/17/ HTTP/1.1" 404 125 "-" "Mozilla/5.0 AppleWebKit/537.36 (KHTML, like Gecko; compatible; Amazonbot/0.1; +https://developer.amazon.com/support/amazonbot) Chrome/119.0.6045.214 Safari/537.36"
103.175.220.74 - - [20/Mar/2026:09:27:13 +0700] "POST /wp-cron.php?doing_wp_cron=1773973633.4197471141815185546875 HTTP/1.1" 200 31 "-" "WordPress/6.9.1; https://web.onega.id"
45.132.115.172 - - [20/Mar/2026:09:27:13 +0700] "POST /wp-login.php HTTP/1.1" 200 6551 "-" "Mozilla/5.0"
91.92.243.243 - - [20/Mar/2026:09:29:26 +0700] "POST /wp-login.php HTTP/1.1" 200 6551 "-" "Mozilla/5.0"
91.92.243.243 - - [20/Mar/2026:09:36:19 +0700] "POST /wp-login.php HTTP/1.1" 200 6551 "-" "Mozilla/5.0"
51.195.183.79 - - [20/Mar/2026:09:39:33 +0700] "GET /menggunakan-animasi-dengan-bijak-dalam-landing-page-meningkatkan-keterlibatan-dan-konversi-dengan-efek-visual-dinamis/feed/ HTTP/1.1" 200 1056 "-" "Mozilla/5.0 (compatible; AhrefsBot/7.0; +http://ahrefs.com/robot/)"
91.92.243.243 - - [20/Mar/2026:09:43:13 +0700] "POST /wp-login.php HTTP/1.1" 200 6551 "-" "Mozilla/5.0"
91.92.243.243 - - [20/Mar/2026:09:50:02 +0700] "POST /wp-login.php HTTP/1.1" 200 6551 "-" "Mozilla/5.0"
47.128.23.206 - - [20/Mar/2026:09:54:36 +0700] "GET / HTTP/1.1" 200 34047 "-" "Mozilla/5.0 (Linux; Android 5.0) AppleWebKit/537.36 (KHTML, like Gecko) Mobile Safari/537.36 (compatible; Bytespider; spider-feedback@bytedance.com)"
51.195.215.53 - - [20/Mar/2026:09:55:28 +0700] "GET /cara-meningkatkan-keterlibatan-pengunjung-dengan-animasi-pada-landing-page/feed/ HTTP/1.1" 200 925 "-" "Mozilla/5.0 (compatible; AhrefsBot/7.0; +http://ahrefs.com/robot/)"
47.128.23.20 - - [20/Mar/2026:09:56:06 +0700] "GET /robots.txt HTTP/1.1" 200 181 "-" "Mozilla/5.0 (Linux; Android 5.0) AppleWebKit/537.36 (KHTML, like Gecko) Mobile Safari/537.36 (compatible; Bytespider; spider-feedback@bytedance.com)"
91.92.243.243 - - [20/Mar/2026:09:56:53 +0700] "POST /wp-login.php HTTP/1.1" 200 6551 "-" "Mozilla/5.0"
170.106.161.78 - - [20/Mar/2026:09:56:56 +0700] "GET / HTTP/1.1" 200 34047 "http://web.onega.id" "Mozilla/5.0 (iPhone; CPU iPhone OS 13_2_3 like Mac OS X) AppleWebKit/605.1.15 (KHTML, like Gecko) Version/13.0.3 Mobile/15E148 Safari/604.1"
172.98.33.126 - - [20/Mar/2026:10:01:23 +0700] "POST /wp-login.php HTTP/1.1" 200 6551 "-" "Mozilla/5.0"
172.98.33.126 - - [20/Mar/2026:10:01:27 +0700] "POST /wp-login.php HTTP/1.1" 200 6551 "-" "Mozilla/5.0"
91.92.243.243 - - [20/Mar/2026:10:03:49 +0700] "POST /wp-login.php HTTP/1.1" 200 6551 "-" "Mozilla/5.0"
198.244.226.197 - - [20/Mar/2026:10:09:52 +0700] "GET /cara-menggunakan-a-b-testing-untuk-mengoptimalkan-landing-page/feed/ HTTP/1.1" 200 917 "-" "Mozilla/5.0 (compatible; AhrefsBot/7.0; +http://ahrefs.com/robot/)"
91.92.243.243 - - [20/Mar/2026:10:10:45 +0700] "POST /wp-login.php HTTP/1.1" 200 6551 "-" "Mozilla/5.0"
216.73.216.208 - - [20/Mar/2026:10:12:27 +0700] "GET /robots.txt HTTP/1.1" 200 181 "-" "Mozilla/5.0 AppleWebKit/537.36 (KHTML, like Gecko; compatible; ClaudeBot/1.0; +claudebot@anthropic.com)"
216.73.216.208 - - [20/Mar/2026:10:12:28 +0700] "GET /sitemap_index.xml HTTP/1.1" 200 906 "-" "Mozilla/5.0 AppleWebKit/537.36 (KHTML, like Gecko; compatible; ClaudeBot/1.0; +claudebot@anthropic.com)"
54.147.182.90 - - [20/Mar/2026:10:13:16 +0700] "GET /author/admin/ HTTP/1.1" 200 28873 "-" "Mozilla/5.0 AppleWebKit/537.36 (KHTML, like Gecko; compatible; Amazonbot/0.1; +https://developer.amazon.com/support/amazonbot) Chrome/119.0.6045.214 Safari/537.36"
91.92.243.243 - - [20/Mar/2026:10:17:31 +0700] "POST /wp-login.php HTTP/1.1" 200 6551 "-" "Mozilla/5.0"
216.73.216.208 - - [20/Mar/2026:10:18:00 +0700] "GET /sitemap_index.xml HTTP/1.1" 200 906 "-" "Mozilla/5.0 AppleWebKit/537.36 (KHTML, like Gecko; compatible; ClaudeBot/1.0; +claudebot@anthropic.com)"
198.244.242.121 - - [20/Mar/2026:10:23:24 +0700] "GET /pentingnya-responsivitas-mobile-dalam-landing-page/feed/ HTTP/1.1" 200 853 "-" "Mozilla/5.0 (compatible; AhrefsBot/7.0; +http://ahrefs.com/robot/)"
91.92.243.243 - - [20/Mar/2026:10:24:19 +0700] "POST /wp-login.php HTTP/1.1" 200 6551 "-" "Mozilla/5.0"
91.92.243.243 - - [20/Mar/2026:10:31:12 +0700] "POST /wp-login.php HTTP/1.1" 200 6551 "-" "Mozilla/5.0"
103.175.220.74 - - [20/Mar/2026:10:36:30 +0700] "POST /wp-cron.php?doing_wp_cron=1773977790.6666989326477050781250 HTTP/1.1" 200 31 "-" "WordPress/6.9.1; https://web.onega.id"
172.98.33.128 - - [20/Mar/2026:10:36:30 +0700] "POST /wp-login.php HTTP/1.1" 200 6551 "-" "Mozilla/5.0"
172.98.33.128 - - [20/Mar/2026:10:36:34 +0700] "POST /wp-login.php HTTP/1.1" 200 6551 "-" "Mozilla/5.0"
103.175.220.74 - - [20/Mar/2026:10:36:49 +0700] "POST /wp-cron.php?doing_wp_cron=1773977809.3040170669555664062500 HTTP/1.1" 200 31 "-" "WordPress/6.9.1; https://web.onega.id"
198.244.183.68 - - [20/Mar/2026:10:36:49 +0700] "GET /menggunakan-landing-page-untuk-membangun-daftar-email-yang-relevan/feed/ HTTP/1.1" 200 901 "-" "Mozilla/5.0 (compatible; AhrefsBot/7.0; +http://ahrefs.com/robot/)"
91.92.243.243 - - [20/Mar/2026:10:38:01 +0700] "POST /wp-login.php HTTP/1.1" 200 6551 "-" "Mozilla/5.0"
91.92.243.243 - - [20/Mar/2026:10:44:52 +0700] "POST /wp-login.php HTTP/1.1" 200 6551 "-" "Mozilla/5.0"
198.244.242.106 - - [20/Mar/2026:10:51:24 +0700] "GET /ulasan-pelanggan-studi-kasus-keberhasilan-landing-page/feed/ HTTP/1.1" 200 867 "-" "Mozilla/5.0 (compatible; AhrefsBot/7.0; +http://ahrefs.com/robot/)"
91.92.243.243 - - [20/Mar/2026:10:51:44 +0700] "POST /wp-login.php HTTP/1.1" 200 6551 "-" "Mozilla/5.0"
91.92.243.243 - - [20/Mar/2026:10:58:28 +0700] "POST /wp-login.php HTTP/1.1" 200 6551 "-" "Mozilla/5.0"
91.92.243.243 - - [20/Mar/2026:11:05:21 +0700] "POST /wp-login.php HTTP/1.1" 200 6551 "-" "Mozilla/5.0"
198.244.183.90 - - [20/Mar/2026:11:06:21 +0700] "GET /menyesuaikan-landing-page-dengan-segmentasi-audiens-anda/feed/ HTTP/1.1" 200 871 "-" "Mozilla/5.0 (compatible; AhrefsBot/7.0; +http://ahrefs.com/robot/)"
45.132.115.173 - - [20/Mar/2026:11:11:19 +0700] "POST /wp-login.php HTTP/1.1" 200 6551 "-" "Mozilla/5.0"
45.132.115.173 - - [20/Mar/2026:11:11:22 +0700] "POST /wp-login.php HTTP/1.1" 200 6551 "-" "Mozilla/5.0"
91.92.243.243 - - [20/Mar/2026:11:12:19 +0700] "POST /wp-login.php HTTP/1.1" 200 6551 "-" "Mozilla/5.0"
47.128.23.216 - - [20/Mar/2026:11:17:44 +0700] "GET /membuat-landing-page-yang-memimpin-pengunjung-menuju-keputusan-pembelian/ HTTP/1.1" 200 29486 "-" "Mozilla/5.0 (Linux; Android 5.0) AppleWebKit/537.36 (KHTML, like Gecko) Mobile Safari/537.36 (compatible; Bytespider; spider-feedback@bytedance.com)"
91.92.243.243 - - [20/Mar/2026:11:19:13 +0700] "POST /wp-login.php HTTP/1.1" 200 6551 "-" "Mozilla/5.0"
198.244.183.69 - - [20/Mar/2026:11:19:54 +0700] "GET /membangun-citra-merek-yang-kuat-melalui-landing-page-strategi-untuk-menciptakan-kesan-positif-dan-memikat-pelanggan/feed/ HTTP/1.1" 200 1050 "-" "Mozilla/5.0 (compatible; AhrefsBot/7.0; +http://ahrefs.com/robot/)"
103.175.220.74 - - [20/Mar/2026:11:26:07 +0700] "POST /wp-cron.php?doing_wp_cron=1773980766.7320699691772460937500 HTTP/1.1" 200 31 "-" "WordPress/6.9.1; https://web.onega.id"
91.92.243.243 - - [20/Mar/2026:11:26:07 +0700] "POST /wp-login.php HTTP/1.1" 200 6551 "-" "Mozilla/5.0"
103.175.220.74 - - [20/Mar/2026:11:27:14 +0700] "POST /wp-cron.php?doing_wp_cron=1773980834.7093899250030517578125 HTTP/1.1" 200 31 "-" "WordPress/6.9.1; https://web.onega.id"
89.188.14.6 - - [20/Mar/2026:11:27:14 +0700] "GET / HTTP/1.1" 200 34047 "-" "Mozilla/5.0 (compatible; OpenindexSpider; +https://www.openindex.io/saas/about-our-spider/)"
103.175.220.74 - - [20/Mar/2026:11:29:54 +0700] "POST /wp-cron.php?doing_wp_cron=1773980994.3398439884185791015625 HTTP/1.1" 200 31 "-" "WordPress/6.9.1; https://web.onega.id"
85.208.96.195 - - [20/Mar/2026:11:29:54 +0700] "GET /robots.txt HTTP/1.1" 200 181 "-" "Mozilla/5.0 (compatible; SemrushBot/7~bl; +http://www.semrush.com/bot.html)"
85.208.96.207 - - [20/Mar/2026:11:29:56 +0700] "GET /news/page/5/ HTTP/1.1" 200 26935 "-" "Mozilla/5.0 (compatible; SemrushBot/7~bl; +http://www.semrush.com/bot.html)"
103.175.220.74 - - [20/Mar/2026:11:33:01 +0700] "POST /wp-cron.php?doing_wp_cron=1773981181.7270379066467285156250 HTTP/1.1" 200 31 "-" "WordPress/6.9.1; https://web.onega.id"
91.92.243.243 - - [20/Mar/2026:11:33:01 +0700] "POST /wp-login.php HTTP/1.1" 200 6551 "-" "Mozilla/5.0"
91.92.243.243 - - [20/Mar/2026:11:39:51 +0700] "POST /wp-login.php HTTP/1.1" 200 6551 "-" "Mozilla/5.0"
91.92.243.243 - - [20/Mar/2026:11:46:43 +0700] "POST /wp-login.php HTTP/1.1" 200 6551 "-" "Mozilla/5.0"
103.175.220.74 - - [20/Mar/2026:11:50:45 +0700] "POST /wp-cron.php?doing_wp_cron=1773982245.7360448837280273437500 HTTP/1.1" 200 31 "-" "WordPress/6.9.1; https://web.onega.id"
51.195.183.166 - - [20/Mar/2026:11:50:45 +0700] "GET /robots.txt HTTP/1.1" 200 181 "-" "Mozilla/5.0 (compatible; AhrefsBot/7.0; +http://ahrefs.com/robot/)"
198.244.183.48 - - [20/Mar/2026:11:50:47 +0700] "GET /cara-membuat-headline-yang-menarik-dan-menggugah/feed/ HTTP/1.1" 200 847 "-" "Mozilla/5.0 (compatible; AhrefsBot/7.0; +http://ahrefs.com/robot/)"
91.92.243.243 - - [20/Mar/2026:11:53:41 +0700] "POST /wp-login.php HTTP/1.1" 200 6551 "-" "Mozilla/5.0"
91.92.243.243 - - [20/Mar/2026:12:00:35 +0700] "POST /wp-login.php HTTP/1.1" 200 6551 "-" "Mozilla/5.0"
198.244.242.210 - - [20/Mar/2026:12:05:13 +0700] "GET /bagaimana-menerapkan-prinsip-prinsip-desain-ui-ux-pada-landing-page-2/feed/ HTTP/1.1" 200 908 "-" "Mozilla/5.0 (compatible; AhrefsBot/7.0; +http://ahrefs.com/robot/)"
91.92.243.243 - - [20/Mar/2026:12:07:26 +0700] "POST /wp-login.php HTTP/1.1" 200 6551 "-" "Mozilla/5.0"
91.92.243.243 - - [20/Mar/2026:12:14:21 +0700] "POST /wp-login.php HTTP/1.1" 200 6551 "-" "Mozilla/5.0"
91.92.243.243 - - [20/Mar/2026:12:21:21 +0700] "POST /wp-login.php HTTP/1.1" 200 6551 "-" "Mozilla/5.0"
198.244.168.29 - - [20/Mar/2026:12:21:26 +0700] "GET /landing-page-vs-halaman-beranda-perbedaan-dan-kapan-menggunakan-keduanya/feed/ HTTP/1.1" 200 921 "-" "Mozilla/5.0 (compatible; AhrefsBot/7.0; +http://ahrefs.com/robot/)"
103.175.220.74 - - [20/Mar/2026:12:28:14 +0700] "POST /wp-cron.php?doing_wp_cron=1773984493.9174160957336425781250 HTTP/1.1" 200 31 "-" "WordPress/6.9.1; https://web.onega.id"
91.92.243.243 - - [20/Mar/2026:12:28:14 +0700] "POST /wp-login.php HTTP/1.1" 200 6551 "-" "Mozilla/5.0"
91.92.243.243 - - [20/Mar/2026:12:35:05 +0700] "POST /wp-login.php HTTP/1.1" 200 6551 "-" "Mozilla/5.0"
51.195.215.14 - - [20/Mar/2026:12:36:17 +0700] "GET /cara-menggunakan-landing-page-untuk-event-dan-promosi-terbatas/feed/ HTTP/1.1" 200 889 "-" "Mozilla/5.0 (compatible; AhrefsBot/7.0; +http://ahrefs.com/robot/)"
91.92.243.243 - - [20/Mar/2026:12:42:01 +0700] "POST /wp-login.php HTTP/1.1" 200 6551 "-" "Mozilla/5.0"
40.77.167.32 - - [20/Mar/2026:12:45:24 +0700] "GET /cara-mengoptimalkan-landing-page-untuk-kecepatan-memuat-yang-cepat/ HTTP/1.1" 200 28884 "-" "Mozilla/5.0 AppleWebKit/537.36 (KHTML, like Gecko; compatible; bingbot/2.0; +http://www.bing.com/bingbot.htm) Chrome/116.0.1938.76 Safari/537.36"
91.92.243.243 - - [20/Mar/2026:12:48:48 +0700] "POST /wp-login.php HTTP/1.1" 200 6551 "-" "Mozilla/5.0"
103.175.220.74 - - [20/Mar/2026:12:51:16 +0700] "POST /wp-cron.php?doing_wp_cron=1773985876.3706378936767578125000 HTTP/1.1" 200 31 "-" "WordPress/6.9.1; https://web.onega.id"
51.195.215.254 - - [20/Mar/2026:12:51:16 +0700] "GET /tips-mengatasi-tingkat-bounce-tinggi-pada-landing-page-strategi-untuk-meningkatkan-retensi-pengunjung/feed/ HTTP/1.1" 200 1008 "-" "Mozilla/5.0 (compatible; AhrefsBot/7.0; +http://ahrefs.com/robot/)"
91.92.243.243 - - [20/Mar/2026:12:55:41 +0700] "POST /wp-login.php HTTP/1.1" 200 6551 "-" "Mozilla/5.0"
91.92.243.243 - - [20/Mar/2026:13:02:38 +0700] "POST /wp-login.php HTTP/1.1" 200 6551 "-" "Mozilla/5.0"
51.195.183.70 - - [20/Mar/2026:13:06:53 +0700] "GET /pentingnya-menyematkan-cta-yang-strategis-di-seluruh-landing-page/feed/ HTTP/1.1" 200 898 "-" "Mozilla/5.0 (compatible; AhrefsBot/7.0; +http://ahrefs.com/robot/)"
32.193.53.179 - - [20/Mar/2026:13:12:22 +0700] "GET /robots.txt HTTP/1.1" 200 181 "-" "Mozilla/5.0 (Macintosh; Intel Mac OS X 10_10_1) AppleWebKit/600.2.5 (KHTML, like Gecko) Version/8.0.2 Safari/600.2.5 (Gort)"
103.82.240.139 - - [20/Mar/2026:13:15:49 +0700] "GET //wp-includes/ID3/license.txt HTTP/1.1" 200 1396 "-" "Mozilla/5.0 (Windows NT 10.0; Win64; x64) AppleWebKit/537.36 (KHTML, like Gecko) Chrome/95.0.4638.69 Safari/537.36"
103.82.240.139 - - [20/Mar/2026:13:15:49 +0700] "GET //feed/ HTTP/1.1" 301 5 "-" "Mozilla/5.0 (Windows NT 10.0; Win64; x64) AppleWebKit/537.36 (KHTML, like Gecko) Chrome/95.0.4638.69 Safari/537.36"
103.82.240.139 - - [20/Mar/2026:13:15:49 +0700] "GET //xmlrpc.php?rsd HTTP/1.1" 403 564 "-" "Mozilla/5.0 (Windows NT 10.0; Win64; x64) AppleWebKit/537.36 (KHTML, like Gecko) Chrome/95.0.4638.69 Safari/537.36"
103.82.240.139 - - [20/Mar/2026:13:15:50 +0700] "GET //blog/wp-includes/wlwmanifest.xml HTTP/1.1" 301 5 "-" "Mozilla/5.0 (Windows NT 10.0; Win64; x64) AppleWebKit/537.36 (KHTML, like Gecko) Chrome/95.0.4638.69 Safari/537.36"
103.82.240.139 - - [20/Mar/2026:13:15:50 +0700] "GET //web/wp-includes/wlwmanifest.xml HTTP/1.1" 301 5 "-" "Mozilla/5.0 (Windows NT 10.0; Win64; x64) AppleWebKit/537.36 (KHTML, like Gecko) Chrome/95.0.4638.69 Safari/537.36"
103.82.240.139 - - [20/Mar/2026:13:15:50 +0700] "GET //wordpress/wp-includes/wlwmanifest.xml HTTP/1.1" 301 5 "-" "Mozilla/5.0 (Windows NT 10.0; Win64; x64) AppleWebKit/537.36 (KHTML, like Gecko) Chrome/95.0.4638.69 Safari/537.36"
103.82.240.139 - - [20/Mar/2026:13:15:50 +0700] "GET //wp/wp-includes/wlwmanifest.xml HTTP/1.1" 301 5 "-" "Mozilla/5.0 (Windows NT 10.0; Win64; x64) AppleWebKit/537.36 (KHTML, like Gecko) Chrome/95.0.4638.69 Safari/537.36"
103.82.240.139 - - [20/Mar/2026:13:15:51 +0700] "GET //2020/wp-includes/wlwmanifest.xml HTTP/1.1" 301 5 "-" "Mozilla/5.0 (Windows NT 10.0; Win64; x64) AppleWebKit/537.36 (KHTML, like Gecko) Chrome/95.0.4638.69 Safari/537.36"
103.82.240.139 - - [20/Mar/2026:13:15:51 +0700] "GET //2019/wp-includes/wlwmanifest.xml HTTP/1.1" 301 5 "-" "Mozilla/5.0 (Windows NT 10.0; Win64; x64) AppleWebKit/537.36 (KHTML, like Gecko) Chrome/95.0.4638.69 Safari/537.36"
103.82.240.139 - - [20/Mar/2026:13:15:51 +0700] "GET //2021/wp-includes/wlwmanifest.xml HTTP/1.1" 301 5 "-" "Mozilla/5.0 (Windows NT 10.0; Win64; x64) AppleWebKit/537.36 (KHTML, like Gecko) Chrome/95.0.4638.69 Safari/537.36"
103.82.240.139 - - [20/Mar/2026:13:15:52 +0700] "GET //shop/wp-includes/wlwmanifest.xml HTTP/1.1" 301 5 "-" "Mozilla/5.0 (Windows NT 10.0; Win64; x64) AppleWebKit/537.36 (KHTML, like Gecko) Chrome/95.0.4638.69 Safari/537.36"
103.82.240.139 - - [20/Mar/2026:13:15:52 +0700] "GET //wp1/wp-includes/wlwmanifest.xml HTTP/1.1" 301 5 "-" "Mozilla/5.0 (Windows NT 10.0; Win64; x64) AppleWebKit/537.36 (KHTML, like Gecko) Chrome/95.0.4638.69 Safari/537.36"
103.82.240.139 - - [20/Mar/2026:13:15:52 +0700] "GET //test/wp-includes/wlwmanifest.xml HTTP/1.1" 301 5 "-" "Mozilla/5.0 (Windows NT 10.0; Win64; x64) AppleWebKit/537.36 (KHTML, like Gecko) Chrome/95.0.4638.69 Safari/537.36"
103.82.240.139 - - [20/Mar/2026:13:15:52 +0700] "GET //site/wp-includes/wlwmanifest.xml HTTP/1.1" 301 5 "-" "Mozilla/5.0 (Windows NT 10.0; Win64; x64) AppleWebKit/537.36 (KHTML, like Gecko) Chrome/95.0.4638.69 Safari/537.36"
103.82.240.139 - - [20/Mar/2026:13:15:53 +0700] "GET //cms/wp-includes/wlwmanifest.xml HTTP/1.1" 301 5 "-" "Mozilla/5.0 (Windows NT 10.0; Win64; x64) AppleWebKit/537.36 (KHTML, like Gecko) Chrome/95.0.4638.69 Safari/537.36"
103.82.240.139 - - [20/Mar/2026:13:15:53 +0700] "" 400 0 "-" "-"
216.75.132.4 - - [20/Mar/2026:13:21:12 +0700] "GET /wp-json/oembed/1.0/embed?url=https%3A%2F%2Fweb.onega.id%2Fpentingnya-desain-menarik-dalam-landing-page%2F&format=xml HTTP/1.1" 200 3123 "-" "Mozilla/5.0 (Macintosh; Intel Mac OS X 10_15_7) AppleWebKit/537.36 (KHTML, like Gecko) Chrome/135.0.0.0 Safari/537.36"
51.195.244.164 - - [20/Mar/2026:13:23:33 +0700] "GET /rahasia-desain-landing-page-yang-meningkatkan-konversi/feed/ HTTP/1.1" 200 865 "-" "Mozilla/5.0 (compatible; AhrefsBot/7.0; +http://ahrefs.com/robot/)"
91.92.243.243 - - [20/Mar/2026:13:25:08 +0700] "POST /wp-login.php HTTP/1.1" 200 6551 "-" "Mozilla/5.0"
103.175.220.74 - - [20/Mar/2026:13:32:05 +0700] "POST /wp-cron.php?doing_wp_cron=1773988325.6528389453887939453125 HTTP/1.1" 200 31 "-" "WordPress/6.9.1; https://web.onega.id"
91.92.243.243 - - [20/Mar/2026:13:32:05 +0700] "POST /wp-login.php HTTP/1.1" 200 6551 "-" "Mozilla/5.0"
52.167.144.142 - - [20/Mar/2026:13:32:49 +0700] "GET /mengapa-copywriting-penting-dalam-landing-page/ HTTP/1.1" 200 29301 "-" "Mozilla/5.0 AppleWebKit/537.36 (KHTML, like Gecko; compatible; bingbot/2.0; +http://www.bing.com/bingbot.htm) Chrome/116.0.1938.76 Safari/537.36"
91.92.243.243 - - [20/Mar/2026:13:38:57 +0700] "POST /wp-login.php HTTP/1.1" 200 6551 "-" "Mozilla/5.0"
198.244.226.242 - - [20/Mar/2026:13:40:14 +0700] "GET /pentingnya-menilai-kinerja-landing-page-secara-teratur/feed/ HTTP/1.1" 200 865 "-" "Mozilla/5.0 (compatible; AhrefsBot/7.0; +http://ahrefs.com/robot/)"
91.92.243.243 - - [20/Mar/2026:13:45:48 +0700] "POST /wp-login.php HTTP/1.1" 200 6551 "-" "Mozilla/5.0"
216.73.216.208 - - [20/Mar/2026:13:46:36 +0700] "GET /robots.txt HTTP/1.1" 200 181 "-" "Mozilla/5.0 AppleWebKit/537.36 (KHTML, like Gecko; compatible; ClaudeBot/1.0; +claudebot@anthropic.com)"
216.73.216.208 - - [20/Mar/2026:13:46:37 +0700] "GET /sitemap_index.xml HTTP/1.1" 200 906 "-" "Mozilla/5.0 AppleWebKit/537.36 (KHTML, like Gecko; compatible; ClaudeBot/1.0; +claudebot@anthropic.com)"
91.92.243.243 - - [20/Mar/2026:13:52:47 +0700] "POST /wp-login.php HTTP/1.1" 200 6551 "-" "Mozilla/5.0"
103.175.220.74 - - [20/Mar/2026:13:56:28 +0700] "POST /wp-cron.php?doing_wp_cron=1773989788.6205170154571533203125 HTTP/1.1" 200 31 "-" "WordPress/6.9.1; https://web.onega.id"
198.244.183.243 - - [20/Mar/2026:13:56:28 +0700] "GET /menyusun-checklist-penting-sebelum-meluncurkan-landing-page/feed/ HTTP/1.1" 200 880 "-" "Mozilla/5.0 (compatible; AhrefsBot/7.0; +http://ahrefs.com/robot/)"
91.92.243.243 - - [20/Mar/2026:13:59:33 +0700] "POST /wp-login.php HTTP/1.1" 200 6551 "-" "Mozilla/5.0"
91.92.243.243 - - [20/Mar/2026:14:06:29 +0700] "POST /wp-login.php HTTP/1.1" 200 6551 "-" "Mozilla/5.0"
54.38.147.153 - - [20/Mar/2026:14:11:05 +0700] "GET /mengapa-setiap-bisnis-membutuhkan-landing-page-yang-efektif/feed/ HTTP/1.1" 200 880 "-" "Mozilla/5.0 (compatible; AhrefsBot/7.0; +http://ahrefs.com/robot/)"
91.92.243.243 - - [20/Mar/2026:14:13:26 +0700] "POST /wp-login.php HTTP/1.1" 200 6551 "-" "Mozilla/5.0"
91.92.243.243 - - [20/Mar/2026:14:20:20 +0700] "POST /wp-login.php HTTP/1.1" 200 6551 "-" "Mozilla/5.0"
103.175.220.74 - - [20/Mar/2026:14:26:44 +0700] "POST /wp-cron.php?doing_wp_cron=1773991604.3750929832458496093750 HTTP/1.1" 200 31 "-" "WordPress/6.9.1; https://web.onega.id"
198.244.242.203 - - [20/Mar/2026:14:26:44 +0700] "GET /menggunakan-landing-page-untuk-memperkenalkan-produk-atau-layanan-baru/feed/ HTTP/1.1" 200 913 "-" "Mozilla/5.0 (compatible; AhrefsBot/7.0; +http://ahrefs.com/robot/)"
91.92.243.243 - - [20/Mar/2026:14:27:09 +0700] "POST /wp-login.php HTTP/1.1" 200 6551 "-" "Mozilla/5.0"
103.175.220.74 - - [20/Mar/2026:14:37:19 +0700] "POST /wp-cron.php?doing_wp_cron=1773992239.7871670722961425781250 HTTP/1.1" 200 31 "-" "WordPress/6.9.1; https://web.onega.id"
91.92.243.243 - - [20/Mar/2026:14:37:19 +0700] "POST /wp-login.php HTTP/1.1" 200 6551 "-" "Mozilla/5.0"
198.244.168.194 - - [20/Mar/2026:14:40:48 +0700] "GET /memilih-gambar-yang-relevan-untuk-landing-page-membangun-kesan-positif-dan-menarik-pengunjung/feed/ HTTP/1.1" 200 984 "-" "Mozilla/5.0 (compatible; AhrefsBot/7.0; +http://ahrefs.com/robot/)"
91.92.243.243 - - [20/Mar/2026:14:44:08 +0700] "POST /wp-login.php HTTP/1.1" 200 6551 "-" "Mozilla/5.0"
91.92.243.243 - - [20/Mar/2026:14:51:09 +0700] "POST /wp-login.php HTTP/1.1" 200 6551 "-" "Mozilla/5.0"
142.93.155.97 - - [20/Mar/2026:14:53:42 +0700] "GET / HTTP/1.1" 200 34047 "-" "Mozilla/5.0 (X11; Linux x86_64) AppleWebKit/537.36 (KHTML, like Gecko) Chrome/142.0.0.0 Safari/537.36"
51.195.244.96 - - [20/Mar/2026:14:54:12 +0700] "GET /emosional-dengan-pengunjung-menjual-melalui-landing-page-teknik-copywriting-yang-efektif/feed/ HTTP/1.1" 200 969 "-" "Mozilla/5.0 (compatible; AhrefsBot/7.0; +http://ahrefs.com/robot/)"
91.92.243.243 - - [20/Mar/2026:14:57:58 +0700] "POST /wp-login.php HTTP/1.1" 200 6551 "-" "Mozilla/5.0"
91.92.243.243 - - [20/Mar/2026:15:04:49 +0700] "POST /wp-login.php HTTP/1.1" 200 6551 "-" "Mozilla/5.0"
103.175.220.74 - - [20/Mar/2026:15:09:47 +0700] "POST /wp-cron.php?doing_wp_cron=1773994185.9591391086578369140625 HTTP/1.1" 200 31 "-" "WordPress/6.9.1; https://web.onega.id"
198.244.226.147 - - [20/Mar/2026:15:09:47 +0700] "GET /pentingnya-landing-page-dalam-pemasaran-digital/feed/ HTTP/1.1" 200 844 "-" "Mozilla/5.0 (compatible; AhrefsBot/7.0; +http://ahrefs.com/robot/)"
91.92.243.243 - - [20/Mar/2026:15:11:48 +0700] "POST /wp-login.php HTTP/1.1" 200 6551 "-" "Mozilla/5.0"
91.92.243.243 - - [20/Mar/2026:15:18:40 +0700] "POST /wp-login.php HTTP/1.1" 200 6551 "-" "Mozilla/5.0"
51.195.215.148 - - [20/Mar/2026:15:24:39 +0700] "GET /bagaimana-landing-page-dapat-meningkatkan-konversi-bisnis-anda/ HTTP/1.1" 200 28785 "-" "Mozilla/5.0 (compatible; AhrefsBot/7.0; +http://ahrefs.com/robot/)"
40.77.167.62 - - [20/Mar/2026:15:25:08 +0700] "GET /mengapa-setiap-bisnis-membutuhkan-landing-page-yang-efektif/ HTTP/1.1" 200 29133 "-" "Mozilla/5.0 AppleWebKit/537.36 (KHTML, like Gecko; compatible; bingbot/2.0; +http://www.bing.com/bingbot.htm) Chrome/116.0.1938.76 Safari/537.36"
103.175.220.74 - - [20/Mar/2026:15:25:33 +0700] "POST /wp-cron.php?doing_wp_cron=1773995132.5099270343780517578125 HTTP/1.1" 200 31 "-" "WordPress/6.9.1; https://web.onega.id"
91.92.243.243 - - [20/Mar/2026:15:25:33 +0700] "POST /wp-login.php HTTP/1.1" 200 6551 "-" "Mozilla/5.0"
74.7.242.11 - - [20/Mar/2026:15:26:16 +0700] "GET /sitemap_index.xml HTTP/1.1" 200 906 "-" "Mozilla/5.0 AppleWebKit/537.36 (KHTML, like Gecko; compatible; GPTBot/1.3; +https://openai.com/gptbot)"
74.7.244.5 - - [20/Mar/2026:15:26:16 +0700] "GET /robots.txt HTTP/1.1" 200 181 "-" "Mozilla/5.0 (Macintosh; Intel Mac OS X 10_15_7) AppleWebKit/537.36 (KHTML, like Gecko) Chrome/131.0.0.0 Safari/537.36; compatible; OAI-SearchBot/1.3; robots.txt; +https://openai.com/searchbot"
103.175.220.74 - - [20/Mar/2026:15:32:32 +0700] "POST /wp-cron.php?doing_wp_cron=1773995552.2286241054534912109375 HTTP/1.1" 200 31 "-" "WordPress/6.9.1; https://web.onega.id"
91.92.243.243 - - [20/Mar/2026:15:32:32 +0700] "POST /wp-login.php HTTP/1.1" 200 6551 "-" "Mozilla/5.0"
91.92.243.243 - - [20/Mar/2026:15:39:22 +0700] "POST /wp-login.php HTTP/1.1" 200 6551 "-" "Mozilla/5.0"
91.92.243.243 - - [20/Mar/2026:15:46:13 +0700] "POST /wp-login.php HTTP/1.1" 200 6551 "-" "Mozilla/5.0"
116.179.32.45 - - [20/Mar/2026:15:47:03 +0700] "GET /menggunakan-animasi-dengan-bijak-dalam-landing-page-meningkatkan-keterlibatan-dan-konversi-dengan-efek-visual-dinamis/ HTTP/1.1" 200 29761 "-" "Mozilla/5.0 (Linux;u;Android 4.2.2;zh-cn;) AppleWebKit/534.46 (KHTML,like Gecko) Version/5.1 Mobile Safari/10600.6.3 (compatible; Baiduspider/2.0; +http://www.baidu.com/search/spider.html)"
220.181.108.146 - - [20/Mar/2026:15:47:04 +0700] "GET /menggunakan-animasi-dengan-bijak-dalam-landing-page-meningkatkan-keterlibatan-dan-konversi-dengan-efek-visual-dinamis/ HTTP/1.1" 200 29761 "-" "Mozilla/5.0 (compatible; Baiduspider/2.0; +http://www.baidu.com/search/spider.html)"
124.117.193.41 - - [20/Mar/2026:15:50:37 +0700] "GET / HTTP/1.1" 200 32369 "-" "Go-http-client/1.1"
91.92.243.243 - - [20/Mar/2026:15:53:08 +0700] "POST /wp-login.php HTTP/1.1" 200 6551 "-" "Mozilla/5.0"
91.92.243.243 - - [20/Mar/2026:15:59:57 +0700] "POST /wp-login.php HTTP/1.1" 200 6551 "-" "Mozilla/5.0"
91.92.243.243 - - [20/Mar/2026:16:06:43 +0700] "POST /wp-login.php HTTP/1.1" 200 6551 "-" "Mozilla/5.0"
103.175.220.74 - - [20/Mar/2026:16:11:58 +0700] "POST /wp-cron.php?doing_wp_cron=1773997916.4741520881652832031250 HTTP/1.1" 200 31 "-" "WordPress/6.9.1; https://web.onega.id"
43.153.74.75 - - [20/Mar/2026:16:11:58 +0700] "GET / HTTP/1.1" 200 34047 "http://web.onega.id" "Mozilla/5.0 (iPhone; CPU iPhone OS 13_2_3 like Mac OS X) AppleWebKit/605.1.15 (KHTML, like Gecko) Version/13.0.3 Mobile/15E148 Safari/604.1"
91.92.243.243 - - [20/Mar/2026:16:13:34 +0700] "POST /wp-login.php HTTP/1.1" 200 6551 "-" "Mozilla/5.0"
91.92.243.243 - - [20/Mar/2026:16:20:25 +0700] "POST /wp-login.php HTTP/1.1" 200 6551 "-" "Mozilla/5.0"
103.175.220.74 - - [20/Mar/2026:16:27:16 +0700] "POST /wp-cron.php?doing_wp_cron=1773998835.4407119750976562500000 HTTP/1.1" 200 31 "-" "WordPress/6.9.1; https://web.onega.id"
91.92.243.243 - - [20/Mar/2026:16:27:16 +0700] "POST /wp-login.php HTTP/1.1" 200 6551 "-" "Mozilla/5.0"
51.195.244.149 - - [20/Mar/2026:16:29:43 +0700] "GET /memahami-psikologi-pengunjung-strategi-untuk-menyesuaikan-landing-page/ HTTP/1.1" 200 28751 "-" "Mozilla/5.0 (compatible; AhrefsBot/7.0; +http://ahrefs.com/robot/)"
91.92.243.243 - - [20/Mar/2026:16:34:10 +0700] "POST /wp-login.php HTTP/1.1" 200 6551 "-" "Mozilla/5.0"
91.92.243.243 - - [20/Mar/2026:16:41:03 +0700] "POST /wp-login.php HTTP/1.1" 200 6551 "-" "Mozilla/5.0"
51.195.215.158 - - [20/Mar/2026:16:45:38 +0700] "GET /tips-desain-terbaik-untuk-membuat-landing-page-yang-memukau-2/ HTTP/1.1" 200 29021 "-" "Mozilla/5.0 (compatible; AhrefsBot/7.0; +http://ahrefs.com/robot/)"
91.92.243.243 - - [20/Mar/2026:16:47:53 +0700] "POST /wp-login.php HTTP/1.1" 200 6551 "-" "Mozilla/5.0"
40.77.167.71 - - [20/Mar/2026:16:50:53 +0700] "GET /lima-kesalahan-umum-dalam-pembuatan-landing-page-dan-cara-menghindarinya/ HTTP/1.1" 200 28261 "-" "Mozilla/5.0 AppleWebKit/537.36 (KHTML, like Gecko; compatible; bingbot/2.0; +http://www.bing.com/bingbot.htm) Chrome/116.0.1938.76 Safari/537.36"
91.92.243.243 - - [20/Mar/2026:16:54:43 +0700] "POST /wp-login.php HTTP/1.1" 200 6551 "-" "Mozilla/5.0"
91.92.243.243 - - [20/Mar/2026:17:01:42 +0700] "POST /wp-login.php HTTP/1.1" 200 6551 "-" "Mozilla/5.0"
198.244.242.224 - - [20/Mar/2026:17:02:27 +0700] "GET /membangun-landing-page-yang-efektif-dengan-anggaran-terbatas/ HTTP/1.1" 200 29085 "-" "Mozilla/5.0 (compatible; AhrefsBot/7.0; +http://ahrefs.com/robot/)"
91.92.243.243 - - [20/Mar/2026:17:08:36 +0700] "POST /wp-login.php HTTP/1.1" 200 6551 "-" "Mozilla/5.0"
91.92.243.243 - - [20/Mar/2026:17:15:28 +0700] "POST /wp-login.php HTTP/1.1" 200 6551 "-" "Mozilla/5.0"
103.175.220.74 - - [20/Mar/2026:17:18:32 +0700] "POST /wp-cron.php?doing_wp_cron=1774001911.3482880592346191406250 HTTP/1.1" 200 31 "-" "WordPress/6.9.1; https://web.onega.id"
198.244.242.214 - - [20/Mar/2026:17:18:32 +0700] "GET /peran-warna-dalam-membangun-identitas-merek-pada-landing-page/ HTTP/1.1" 200 28672 "-" "Mozilla/5.0 (compatible; AhrefsBot/7.0; +http://ahrefs.com/robot/)"
216.73.216.208 - - [20/Mar/2026:17:19:10 +0700] "GET /robots.txt HTTP/1.1" 200 181 "-" "Mozilla/5.0 AppleWebKit/537.36 (KHTML, like Gecko; compatible; ClaudeBot/1.0; +claudebot@anthropic.com)"
216.73.216.208 - - [20/Mar/2026:17:19:10 +0700] "GET /sitemap_index.xml HTTP/1.1" 200 906 "-" "Mozilla/5.0 AppleWebKit/537.36 (KHTML, like Gecko; compatible; ClaudeBot/1.0; +claudebot@anthropic.com)"
57.141.16.83 - - [20/Mar/2026:17:20:38 +0700] "GET /elementor-hf-sitemap.xml HTTP/1.1" 200 1134 "-" "meta-externalagent/1.1 (+https://developers.facebook.com/docs/sharing/webmasters/crawler)"
91.92.243.243 - - [20/Mar/2026:17:22:27 +0700] "POST /wp-login.php HTTP/1.1" 200 6551 "-" "Mozilla/5.0"
103.175.220.74 - - [20/Mar/2026:17:29:11 +0700] "POST /wp-cron.php?doing_wp_cron=1774002551.8054900169372558593750 HTTP/1.1" 200 31 "-" "WordPress/6.9.1; https://web.onega.id"
91.92.243.243 - - [20/Mar/2026:17:29:11 +0700] "POST /wp-login.php HTTP/1.1" 200 6551 "-" "Mozilla/5.0"
69.171.231.23 - - [20/Mar/2026:17:31:47 +0700] "GET /robots.txt HTTP/1.1" 200 181 "-" "facebookexternalhit/1.1 (+http://www.facebook.com/externalhit_uatext.php)"
143.14.6.115 - - [20/Mar/2026:17:33:13 +0700] "GET /wp-json/wp/v2/pages/503 HTTP/1.1" 200 27308 "-" "Mozilla/5.0 (Macintosh; Intel Mac OS X 10_15_7) AppleWebKit/537.36 (KHTML, like Gecko) Chrome/135.0.0.0 Safari/537.36"
91.92.243.243 - - [20/Mar/2026:17:35:58 +0700] "POST /wp-login.php HTTP/1.1" 200 6551 "-" "Mozilla/5.0"
57.141.16.46 - - [20/Mar/2026:17:38:48 +0700] "GET /category-sitemap.xml HTTP/1.1" 200 746 "-" "meta-externalagent/1.1 (+https://developers.facebook.com/docs/sharing/webmasters/crawler)"
57.141.16.1 - - [20/Mar/2026:17:39:13 +0700] "GET /page-sitemap.xml HTTP/1.1" 200 4833 "-" "meta-externalagent/1.1 (+https://developers.facebook.com/docs/sharing/webmasters/crawler)"
57.141.16.12 - - [20/Mar/2026:17:40:35 +0700] "GET /sitemap_index.xml HTTP/1.1" 200 906 "-" "meta-externalagent/1.1 (+https://developers.facebook.com/docs/sharing/webmasters/crawler)"
91.92.243.243 - - [20/Mar/2026:17:42:59 +0700] "POST /wp-login.php HTTP/1.1" 200 6551 "-" "Mozilla/5.0"
91.92.243.243 - - [20/Mar/2026:17:49:55 +0700] "POST /wp-login.php HTTP/1.1" 200 6551 "-" "Mozilla/5.0"
198.244.240.116 - - [20/Mar/2026:17:52:35 +0700] "GET /menggunakan-landing-page-sebagai-alat-pemantauan-hasil-kampanye-pemasaran/feed/ HTTP/1.1" 200 922 "-" "Mozilla/5.0 (compatible; AhrefsBot/7.0; +http://ahrefs.com/robot/)"
91.92.243.243 - - [20/Mar/2026:17:56:59 +0700] "POST /wp-login.php HTTP/1.1" 200 6551 "-" "Mozilla/5.0"
54.84.161.62 - - [20/Mar/2026:18:02:13 +0700] "GET /comments/feed/ HTTP/1.1" 200 715 "-" "Mozilla/5.0 AppleWebKit/537.36 (KHTML, like Gecko; compatible; Amazonbot/0.1; +https://developer.amazon.com/support/amazonbot) Chrome/119.0.6045.214 Safari/537.36"
91.92.243.243 - - [20/Mar/2026:18:04:01 +0700] "POST /wp-login.php HTTP/1.1" 200 6551 "-" "Mozilla/5.0"
91.92.243.243 - - [20/Mar/2026:18:11:44 +0700] "POST /wp-login.php HTTP/1.1" 200 6551 "-" "Mozilla/5.0"
185.191.171.15 - - [20/Mar/2026:18:11:58 +0700] "GET /robots.txt HTTP/1.1" 200 181 "-" "Mozilla/5.0 (compatible; SemrushBot/7~bl; +http://www.semrush.com/bot.html)"
185.191.171.6 - - [20/Mar/2026:18:12:00 +0700] "GET /cara-menggunakan-video-dalam-landing-page-untuk-meningkatkan-keterlibatan-pengunjung/ HTTP/1.1" 200 29138 "-" "Mozilla/5.0 (compatible; SemrushBot/7~bl; +http://www.semrush.com/bot.html)"
91.92.243.243 - - [20/Mar/2026:18:18:38 +0700] "POST /wp-login.php HTTP/1.1" 200 6551 "-" "Mozilla/5.0"
103.175.220.74 - - [20/Mar/2026:18:25:26 +0700] "POST /wp-cron.php?doing_wp_cron=1774005926.8017599582672119140625 HTTP/1.1" 200 31 "-" "WordPress/6.9.1; https://web.onega.id"
91.92.243.243 - - [20/Mar/2026:18:25:26 +0700] "POST /wp-login.php HTTP/1.1" 200 6551 "-" "Mozilla/5.0"
103.175.220.74 - - [20/Mar/2026:18:26:12 +0700] "POST /wp-cron.php?doing_wp_cron=1774005972.8650760650634765625000 HTTP/1.1" 200 31 "-" "WordPress/6.9.1; https://web.onega.id"
198.244.226.147 - - [20/Mar/2026:18:26:12 +0700] "GET /cara-menyusun-cerita-yang-memikat-di-landing-page-anda/feed/ HTTP/1.1" 200 865 "-" "Mozilla/5.0 (compatible; AhrefsBot/7.0; +http://ahrefs.com/robot/)"
103.175.220.74 - - [20/Mar/2026:18:29:11 +0700] "POST /wp-cron.php?doing_wp_cron=1774006151.2203509807586669921875 HTTP/1.1" 200 31 "-" "WordPress/6.9.1; https://web.onega.id"
185.191.171.13 - - [20/Mar/2026:18:29:11 +0700] "GET /menggunakan-landing-page-untuk-memperkenalkan-produk-atau-layanan-baru-2/ HTTP/1.1" 200 29152 "-" "Mozilla/5.0 (compatible; SemrushBot/7~bl; +http://www.semrush.com/bot.html)"
91.92.243.243 - - [20/Mar/2026:18:32:24 +0700] "POST /wp-login.php HTTP/1.1" 200 6551 "-" "Mozilla/5.0"
91.92.243.243 - - [20/Mar/2026:18:39:12 +0700] "POST /wp-login.php HTTP/1.1" 200 6551 "-" "Mozilla/5.0"
35.204.140.171 - - [20/Mar/2026:18:39:58 +0700] "GET / HTTP/1.1" 200 34047 "-" "Scrapy/2.13.4 (+https://scrapy.org)"
91.92.243.243 - - [20/Mar/2026:18:46:04 +0700] "POST /wp-login.php HTTP/1.1" 200 6551 "-" "Mozilla/5.0"
91.92.243.243 - - [20/Mar/2026:18:53:04 +0700] "POST /wp-login.php HTTP/1.1" 200 6551 "-" "Mozilla/5.0"
198.244.168.21 - - [20/Mar/2026:18:59:47 +0700] "GET /mengukur-kinerja-landing-page-anda-metrik-yang-harus-anda-perhatikan/feed/ HTTP/1.1" 200 908 "-" "Mozilla/5.0 (compatible; AhrefsBot/7.0; +http://ahrefs.com/robot/)"
91.92.243.243 - - [20/Mar/2026:18:59:59 +0700] "POST /wp-login.php HTTP/1.1" 200 6551 "-" "Mozilla/5.0"
213.201.198.27 - - [20/Mar/2026:19:05:04 +0700] "GET /tips-desain-terbaik-untuk-membuat-landing-page-yang-memukau-2/ HTTP/1.1" 200 29021 "-" "Mozilla/5.0 (Macintosh; Intel Mac OS X 10_15_7) AppleWebKit/537.36 (KHTML, like Gecko) Chrome/142.0.0.0 Safari/537.36"
23.26.209.213 - - [20/Mar/2026:19:05:09 +0700] "GET /menggunakan-landing-page-sebagai-alat-pemantauan-hasil-kampanye-pemasaran/ HTTP/1.1" 200 29383 "-" "Mozilla/5.0 (Macintosh; Intel Mac OS X 10_15_7) AppleWebKit/537.36 (KHTML, like Gecko) Chrome/142.0.0.0 Safari/537.36"
45.61.64.212 - - [20/Mar/2026:19:05:14 +0700] "GET /membuat-landing-page-yang-cocok-dengan-kampanye-influencer/ HTTP/1.1" 200 29408 "-" "Mozilla/5.0 (Macintosh; Intel Mac OS X 10_15_7) AppleWebKit/537.36 (KHTML, like Gecko) Chrome/142.0.0.0 Safari/537.36"
192.144.91.32 - - [20/Mar/2026:19:05:18 +0700] "GET /mengukur-kesuksesan-landing-page-dengan-kpi-yang-tepat/ HTTP/1.1" 200 29302 "-" "Mozilla/5.0 (Macintosh; Intel Mac OS X 10_15_7) AppleWebKit/537.36 (KHTML, like Gecko) Chrome/142.0.0.0 Safari/537.36"
170.23.3.141 - - [20/Mar/2026:19:05:22 +0700] "GET /bagaimana-landing-page-dapat-meningkatkan-konversi-bisnis-anda/ HTTP/1.1" 200 28785 "-" "Mozilla/5.0 (Macintosh; Intel Mac OS X 10_15_7) AppleWebKit/537.36 (KHTML, like Gecko) Chrome/142.0.0.0 Safari/537.36"
91.92.243.243 - - [20/Mar/2026:19:06:56 +0700] "POST /wp-login.php HTTP/1.1" 200 6551 "-" "Mozilla/5.0"
91.92.243.243 - - [20/Mar/2026:19:13:48 +0700] "POST /wp-login.php HTTP/1.1" 200 6551 "-" "Mozilla/5.0"
91.92.243.243 - - [20/Mar/2026:19:20:44 +0700] "POST /wp-login.php HTTP/1.1" 200 6551 "-" "Mozilla/5.0"
103.81.104.125 - - [20/Mar/2026:19:24:57 +0700] "GET /xmlrpc.php?rsd HTTP/1.1" 403 134 "-" "Mozilla/5.0 (Macintosh; PPC Mac OS X 10_11_6 rv:4.0; ts-ZA) AppleWebKit/532.35.1 (KHTML, like Gecko) Version/4.0.5 Safari/532.35.1"
103.175.220.74 - - [20/Mar/2026:19:27:37 +0700] "POST /wp-cron.php?doing_wp_cron=1774009657.3546741008758544921875 HTTP/1.1" 200 31 "-" "WordPress/6.9.1; https://web.onega.id"
91.92.243.243 - - [20/Mar/2026:19:27:37 +0700] "POST /wp-login.php HTTP/1.1" 200 6551 "-" "Mozilla/5.0"
181.118.49.153 - - [20/Mar/2026:19:30:26 +0700] "GET /wp-json/ HTTP/1.1" 200 231009 "-" "Mozilla/5.0 (Macintosh; Intel Mac OS X 10_11_8; rv:1.9.3.20) Gecko/9116-09-22 10:15:04.303864 Firefox/7.0"
91.92.243.243 - - [20/Mar/2026:19:34:33 +0700] "POST /wp-login.php HTTP/1.1" 200 6551 "-" "Mozilla/5.0"
91.92.243.243 - - [20/Mar/2026:19:41:33 +0700] "POST /wp-login.php HTTP/1.1" 200 6551 "-" "Mozilla/5.0"
91.92.243.243 - - [20/Mar/2026:19:48:27 +0700] "POST /wp-login.php HTTP/1.1" 200 6551 "-" "Mozilla/5.0"
91.92.243.243 - - [20/Mar/2026:19:55:22 +0700] "POST /wp-login.php HTTP/1.1" 200 6551 "-" "Mozilla/5.0"
91.92.243.243 - - [20/Mar/2026:20:02:29 +0700] "POST /wp-login.php HTTP/1.1" 200 6551 "-" "Mozilla/5.0"
103.175.220.74 - - [20/Mar/2026:20:05:22 +0700] "POST /wp-cron.php?doing_wp_cron=1774011921.4187920093536376953125 HTTP/1.1" 200 31 "-" "WordPress/6.9.1; https://web.onega.id"
148.113.128.158 - - [20/Mar/2026:20:05:22 +0700] "GET /robots.txt HTTP/1.1" 200 181 "-" "Mozilla/5.0 (compatible; AhrefsBot/7.0; +http://ahrefs.com/robot/)"
198.244.240.186 - - [20/Mar/2026:20:05:24 +0700] "GET /cara-menggunakan-video-dalam-landing-page-untuk-meningkatkan-keterlibatan-tips-mengurangi-tingkat-bounce-pada-landing-page-anda/feed/ HTTP/1.1" 200 1084 "-" "Mozilla/5.0 (compatible; AhrefsBot/7.0; +http://ahrefs.com/robot/)"
91.92.243.243 - - [20/Mar/2026:20:09:24 +0700] "POST /wp-login.php HTTP/1.1" 200 6551 "-" "Mozilla/5.0"
91.92.243.243 - - [20/Mar/2026:20:16:16 +0700] "POST /wp-login.php HTTP/1.1" 200 6551 "-" "Mozilla/5.0"
52.167.144.227 - - [20/Mar/2026:20:20:05 +0700] "GET /cara-menggunakan-landing-page-untuk-event-dan-promosi-terbatas/ HTTP/1.1" 200 29777 "-" "Mozilla/5.0 AppleWebKit/537.36 (KHTML, like Gecko; compatible; bingbot/2.0; +http://www.bing.com/bingbot.htm) Chrome/116.0.1938.76 Safari/537.36"
52.167.144.227 - - [20/Mar/2026:20:20:12 +0700] "GET /wp-content/uploads/2023/07/ClashDisplay-Bold.otf HTTP/1.1" 200 25276 "-" "Mozilla/5.0 AppleWebKit/537.36 (KHTML, like Gecko; compatible; bingbot/2.0; +http://www.bing.com/bingbot.htm) Chrome/116.0.1938.76 Safari/537.36"
40.77.167.150 - - [20/Mar/2026:20:20:19 +0700] "GET /wp-content/uploads/2023/07/ClashDisplay-Semibold.otf HTTP/1.1" 200 27116 "-" "Mozilla/5.0 AppleWebKit/537.36 (KHTML, like Gecko; compatible; bingbot/2.0; +http://www.bing.com/bingbot.htm) Chrome/116.0.1938.76 Safari/537.36"
91.92.243.243 - - [20/Mar/2026:20:23:17 +0700] "POST /wp-login.php HTTP/1.1" 200 6551 "-" "Mozilla/5.0"
103.175.220.74 - - [20/Mar/2026:20:30:10 +0700] "POST /wp-cron.php?doing_wp_cron=1774013410.1248419284820556640625 HTTP/1.1" 200 31 "-" "WordPress/6.9.1; https://web.onega.id"
91.92.243.243 - - [20/Mar/2026:20:30:10 +0700] "POST /wp-login.php HTTP/1.1" 200 6551 "-" "Mozilla/5.0"
216.73.216.208 - - [20/Mar/2026:20:34:01 +0700] "GET /robots.txt HTTP/1.1" 200 181 "-" "Mozilla/5.0 AppleWebKit/537.36 (KHTML, like Gecko; compatible; ClaudeBot/1.0; +claudebot@anthropic.com)"
216.73.216.208 - - [20/Mar/2026:20:34:02 +0700] "GET /sitemap_index.xml HTTP/1.1" 200 906 "-" "Mozilla/5.0 AppleWebKit/537.36 (KHTML, like Gecko; compatible; ClaudeBot/1.0; +claudebot@anthropic.com)"
54.38.147.78 - - [20/Mar/2026:20:35:51 +0700] "GET /menggunakan-landing-page-sebagai-bagian-dari-strategi-email-marketing/feed/ HTTP/1.1" 200 910 "-" "Mozilla/5.0 (compatible; AhrefsBot/7.0; +http://ahrefs.com/robot/)"
91.92.243.243 - - [20/Mar/2026:20:37:09 +0700] "POST /wp-login.php HTTP/1.1" 200 6551 "-" "Mozilla/5.0"
91.92.243.243 - - [20/Mar/2026:20:44:07 +0700] "POST /wp-login.php HTTP/1.1" 200 6551 "-" "Mozilla/5.0"
91.92.243.243 - - [20/Mar/2026:20:51:07 +0700] "POST /wp-login.php HTTP/1.1" 200 6551 "-" "Mozilla/5.0"
74.7.242.11 - - [20/Mar/2026:20:52:24 +0700] "GET / HTTP/1.1" 200 34047 "-" "Mozilla/5.0 AppleWebKit/537.36 (KHTML, like Gecko; compatible; GPTBot/1.3; +https://openai.com/gptbot)"
91.92.243.243 - - [20/Mar/2026:20:57:57 +0700] "POST /wp-login.php HTTP/1.1" 200 6551 "-" "Mozilla/5.0"
